403Webshell
Server IP : 178.105.222.151  /  Your IP : 216.73.216.38
Web Server : nginx/1.28.3
System : Linux MNK 7.0.0-15-generic #15-Ubuntu SMP PREEMPT_DYNAMIC Wed Apr 22 16:06:43 UTC 2026 x86_64
User : www-data ( 33)
PHP Version : 8.5.4
Disable Function : NONE
MySQL : OFF  |  cURL : ON  |  WGET : ON  |  Perl : ON  |  Python : OFF  |  Sudo : ON  |  Pkexec : OFF
Directory :  /var/log/nginx/

Upload File :
current_dir [ Writeable ] document_root [ Writeable ]

 

Command :


[ Back ]     

Current File : /var/log/nginx/access.log
38.183.11.3 - - [30/Jul/2026:00:32:44 +0000] "GET /2026/07/29/kak-bystro-1win-skachat-na-telefon-bez-problem-2/ HTTP/1.1" 200 12264 "-" "Mozilla/5.0 (Windows NT 10.0; Win64; x64) AppleWebKit/537.36 (KHTML, like Gecko) Chrome/120.0.0.0 Safari/537.36"
38.183.11.3 - - [30/Jul/2026:00:32:50 +0000] "GET /wp-admin/post-new.php HTTP/1.1" 200 199558 "-" "Mozilla/5.0 (Windows NT 10.0; Win64; x64) AppleWebKit/537.36 (KHTML, like Gecko) Chrome/120.0.0.0 Safari/537.36"
178.105.222.151 - - [30/Jul/2026:00:33:06 +0000] "POST /wp-cron.php?doing_wp_cron=1785371586.2614688873291015625000 HTTP/1.1" 200 31 "-" "WordPress/7.0; https://mi-no-ka.studio"
38.183.11.3 - - [30/Jul/2026:00:33:06 +0000] "POST /wp-admin/post.php HTTP/1.1" 302 5 "-" "Mozilla/5.0 (Windows NT 10.0; Win64; x64) AppleWebKit/537.36 (KHTML, like Gecko) Chrome/120.0.0.0 Safari/537.36"
38.183.11.3 - - [30/Jul/2026:00:33:10 +0000] "GET /wp-admin/post.php?post=1313&action=edit&message=1 HTTP/1.1" 200 210643 "-" "Mozilla/5.0 (Windows NT 10.0; Win64; x64) AppleWebKit/537.36 (KHTML, like Gecko) Chrome/120.0.0.0 Safari/537.36"
62.61.176.202 - - [30/Jul/2026:00:33:20 +0000] "GET /?p=1313 HTTP/1.1" 301 5 "-" "Mozilla/5.0 (Windows NT 10.0; Win64; x64) AppleWebKit/537.36 (KHTML, like Gecko) Chrome/120.0.0.0 Safari/537.36"
62.61.176.202 - - [30/Jul/2026:00:33:24 +0000] "GET /2026/07/30/kak-bystro-1win-skachat-na-telefon-bez-problem-3/ HTTP/1.1" 200 12266 "-" "Mozilla/5.0 (Windows NT 10.0; Win64; x64) AppleWebKit/537.36 (KHTML, like Gecko) Chrome/120.0.0.0 Safari/537.36"
62.61.176.202 - - [30/Jul/2026:00:33:31 +0000] "GET /?p=1313 HTTP/1.1" 301 5 "-" "Mozilla/5.0 (Windows NT 10.0; Win64; x64) AppleWebKit/537.36 (KHTML, like Gecko) Chrome/120.0.0.0 Safari/537.36"
62.61.176.202 - - [30/Jul/2026:00:33:35 +0000] "GET /2026/07/30/kak-bystro-1win-skachat-na-telefon-bez-problem-3/ HTTP/1.1" 200 12266 "-" "Mozilla/5.0 (Windows NT 10.0; Win64; x64) AppleWebKit/537.36 (KHTML, like Gecko) Chrome/120.0.0.0 Safari/537.36"
62.61.176.202 - - [30/Jul/2026:00:33:42 +0000] "GET /?p=1313 HTTP/1.1" 301 5 "-" "Mozilla/5.0 (Windows NT 10.0; Win64; x64) AppleWebKit/537.36 (KHTML, like Gecko) Chrome/120.0.0.0 Safari/537.36"
62.61.176.202 - - [30/Jul/2026:00:33:45 +0000] "GET /2026/07/30/kak-bystro-1win-skachat-na-telefon-bez-problem-3/ HTTP/1.1" 200 12266 "-" "Mozilla/5.0 (Windows NT 10.0; Win64; x64) AppleWebKit/537.36 (KHTML, like Gecko) Chrome/120.0.0.0 Safari/537.36"
197.57.41.197 - - [30/Jul/2026:00:34:01 +0000] "GET / HTTP/1.1" 301 178 "-" "Mozilla/5.0 (Windows NT 10.0; Win64; x64) AppleWebKit/537.36 (KHTML, like Gecko) Chrome/120.0.0.0 Safari/537.36"
197.113.156.137 - - [30/Jul/2026:00:34:10 +0000] "GET / HTTP/1.1" 200 12367 "-" "Mozilla/5.0 (Windows NT 10.0; Win64; x64) AppleWebKit/537.36 (KHTML, like Gecko) Chrome/120.0.0.0 Safari/537.36"
197.113.156.137 - - [30/Jul/2026:00:34:15 +0000] "GET /wp-login.php HTTP/1.1" 200 3117 "-" "Mozilla/5.0 (Windows NT 10.0; Win64; x64) AppleWebKit/537.36 (KHTML, like Gecko) Chrome/120.0.0.0 Safari/537.36"
197.113.156.137 - - [30/Jul/2026:00:34:21 +0000] "POST /wp-login.php HTTP/1.1" 302 5 "https://mi-no-ka.studio/wp-login.php" "Mozilla/5.0 (Windows NT 10.0; Win64; x64) AppleWebKit/537.36 (KHTML, like Gecko) Chrome/120.0.0.0 Safari/537.36"
178.105.222.151 - - [30/Jul/2026:00:34:25 +0000] "POST /wp-cron.php?doing_wp_cron=1785371665.5757369995117187500000 HTTP/1.1" 200 31 "-" "WordPress/7.0; https://mi-no-ka.studio"
80.255.230.224 - milan_J4usEI [30/Jul/2026:00:34:25 +0000] "POST /wp-json/wp/v2/posts HTTP/1.1" 201 45716 "-" "Mozilla/5.0 (Macintosh; Intel Mac OS X 10_15_7) AppleWebKit/537.36 (KHTML, like Gecko) Chrome/142.0.0.0 Safari/537.36"
91.108.198.146 - milan_J4usEI [30/Jul/2026:00:34:26 +0000] "GET /wp-json/wp/v2/posts/1315?context=edit HTTP/1.1" 200 45716 "-" "Mozilla/5.0 (Macintosh; Intel Mac OS X 10_15_7) AppleWebKit/537.36 (KHTML, like Gecko) Chrome/142.0.0.0 Safari/537.36"
197.113.156.137 - - [30/Jul/2026:00:34:27 +0000] "GET /wp-admin/ HTTP/1.1" 200 52521 "https://mi-no-ka.studio/wp-login.php" "Mozilla/5.0 (Windows NT 10.0; Win64; x64) AppleWebKit/537.36 (KHTML, like Gecko) Chrome/120.0.0.0 Safari/537.36"
45.224.41.208 - - [30/Jul/2026:00:34:41 +0000] "GET /wp-admin/ HTTP/1.1" 200 52521 "-" "Mozilla/5.0 (Windows NT 10.0; Win64; x64) AppleWebKit/537.36 (KHTML, like Gecko) Chrome/120.0.0.0 Safari/537.36"
45.224.41.208 - - [30/Jul/2026:00:34:48 +0000] "GET /wp-admin/post-new.php HTTP/1.1" 200 199548 "-" "Mozilla/5.0 (Windows NT 10.0; Win64; x64) AppleWebKit/537.36 (KHTML, like Gecko) Chrome/120.0.0.0 Safari/537.36"
45.224.41.208 - - [30/Jul/2026:00:35:01 +0000] "POST /xmlrpc.php HTTP/1.1" 444 0 "-" "WordPress/5.0; https://mi-no-ka.studio"
181.105.143.36 - - [30/Jul/2026:00:35:14 +0000] "GET /wp-admin/admin-ajax.php?action=rest-nonce HTTP/1.1" 200 41 "-" "Mozilla/5.0 (Windows NT 10.0; Win64; x64) AppleWebKit/537.36 (KHTML, like Gecko) Chrome/120.0.0.0 Safari/537.36"
178.105.222.151 - - [30/Jul/2026:00:35:21 +0000] "POST /wp-cron.php?doing_wp_cron=1785371721.4371891021728515625000 HTTP/1.1" 200 31 "-" "WordPress/7.0; https://mi-no-ka.studio"
181.105.143.36 - - [30/Jul/2026:00:35:21 +0000] "POST /wp-json/wp/v2/posts HTTP/1.1" 201 53961 "-" "Mozilla/5.0 (Windows NT 10.0; Win64; x64) AppleWebKit/537.36 (KHTML, like Gecko) Chrome/120.0.0.0 Safari/537.36"
181.105.143.36 - - [30/Jul/2026:00:35:27 +0000] "GET /2026/07/29/kak-bystro-1win-skachat-na-telefon-bez-problem-4/ HTTP/1.1" 200 12263 "-" "Mozilla/5.0 (Windows NT 10.0; Win64; x64) AppleWebKit/537.36 (KHTML, like Gecko) Chrome/120.0.0.0 Safari/537.36"
181.105.143.36 - - [30/Jul/2026:00:35:35 +0000] "GET /2026/07/29/kak-bystro-1win-skachat-na-telefon-bez-problem-4/ HTTP/1.1" 200 12263 "-" "Mozilla/5.0 (Windows NT 10.0; Win64; x64) AppleWebKit/537.36 (KHTML, like Gecko) Chrome/120.0.0.0 Safari/537.36"
178.105.222.151 - - [30/Jul/2026:00:35:58 +0000] "POST /wp-cron.php?doing_wp_cron=1785371758.4609160423278808593750 HTTP/1.1" 200 31 "-" "WordPress/7.0; https://mi-no-ka.studio"
45.230.166.150 - - [30/Jul/2026:00:35:58 +0000] "POST /wp-json/wp/v2/posts HTTP/1.1" 201 53961 "-" "Mozilla/5.0 (Windows NT 10.0; Win64; x64) AppleWebKit/537.36 (KHTML, like Gecko) Chrome/120.0.0.0 Safari/537.36"
45.230.166.150 - - [30/Jul/2026:00:36:05 +0000] "GET /2026/07/29/kak-bystro-1win-skachat-na-telefon-bez-problem-5/ HTTP/1.1" 200 12263 "-" "Mozilla/5.0 (Windows NT 10.0; Win64; x64) AppleWebKit/537.36 (KHTML, like Gecko) Chrome/120.0.0.0 Safari/537.36"
45.230.166.150 - - [30/Jul/2026:00:36:12 +0000] "GET /2026/07/29/kak-bystro-1win-skachat-na-telefon-bez-problem-5/ HTTP/1.1" 200 12263 "-" "Mozilla/5.0 (Windows NT 10.0; Win64; x64) AppleWebKit/537.36 (KHTML, like Gecko) Chrome/120.0.0.0 Safari/537.36"
45.230.166.150 - - [30/Jul/2026:00:36:19 +0000] "GET /2026/07/29/kak-bystro-1win-skachat-na-telefon-bez-problem-5/ HTTP/1.1" 200 12263 "-" "Mozilla/5.0 (Windows NT 10.0; Win64; x64) AppleWebKit/537.36 (KHTML, like Gecko) Chrome/120.0.0.0 Safari/537.36"
45.230.166.150 - - [30/Jul/2026:00:36:24 +0000] "GET /wp-admin/post-new.php HTTP/1.1" 200 199552 "-" "Mozilla/5.0 (Windows NT 10.0; Win64; x64) AppleWebKit/537.36 (KHTML, like Gecko) Chrome/120.0.0.0 Safari/537.36"
178.105.222.151 - - [30/Jul/2026:00:36:39 +0000] "POST /wp-cron.php?doing_wp_cron=1785371799.4675080776214599609375 HTTP/1.1" 200 31 "-" "WordPress/7.0; https://mi-no-ka.studio"
45.230.166.150 - - [30/Jul/2026:00:36:39 +0000] "POST /wp-admin/post.php HTTP/1.1" 302 5 "-" "Mozilla/5.0 (Windows NT 10.0; Win64; x64) AppleWebKit/537.36 (KHTML, like Gecko) Chrome/120.0.0.0 Safari/537.36"
45.230.166.150 - - [30/Jul/2026:00:36:43 +0000] "GET /wp-admin/post.php?post=1319&action=edit&message=1 HTTP/1.1" 200 210446 "-" "Mozilla/5.0 (Windows NT 10.0; Win64; x64) AppleWebKit/537.36 (KHTML, like Gecko) Chrome/120.0.0.0 Safari/537.36"
176.19.135.105 - - [30/Jul/2026:00:36:54 +0000] "GET /?p=1319 HTTP/1.1" 301 5 "-" "Mozilla/5.0 (Windows NT 10.0; Win64; x64) AppleWebKit/537.36 (KHTML, like Gecko) Chrome/120.0.0.0 Safari/537.36"
176.19.135.105 - - [30/Jul/2026:00:36:58 +0000] "GET /2026/07/30/kak-bystro-1win-skachat-na-telefon-bez-problem-6/ HTTP/1.1" 200 12263 "-" "Mozilla/5.0 (Windows NT 10.0; Win64; x64) AppleWebKit/537.36 (KHTML, like Gecko) Chrome/120.0.0.0 Safari/537.36"
176.19.135.105 - - [30/Jul/2026:00:37:04 +0000] "GET /?p=1319 HTTP/1.1" 301 5 "-" "Mozilla/5.0 (Windows NT 10.0; Win64; x64) AppleWebKit/537.36 (KHTML, like Gecko) Chrome/120.0.0.0 Safari/537.36"
176.19.135.105 - - [30/Jul/2026:00:37:08 +0000] "GET /2026/07/30/kak-bystro-1win-skachat-na-telefon-bez-problem-6/ HTTP/1.1" 200 12263 "-" "Mozilla/5.0 (Windows NT 10.0; Win64; x64) AppleWebKit/537.36 (KHTML, like Gecko) Chrome/120.0.0.0 Safari/537.36"
176.19.135.105 - - [30/Jul/2026:00:37:15 +0000] "GET /?p=1319 HTTP/1.1" 301 5 "-" "Mozilla/5.0 (Windows NT 10.0; Win64; x64) AppleWebKit/537.36 (KHTML, like Gecko) Chrome/120.0.0.0 Safari/537.36"
176.19.135.105 - - [30/Jul/2026:00:37:19 +0000] "GET /2026/07/30/kak-bystro-1win-skachat-na-telefon-bez-problem-6/ HTTP/1.1" 200 12263 "-" "Mozilla/5.0 (Windows NT 10.0; Win64; x64) AppleWebKit/537.36 (KHTML, like Gecko) Chrome/120.0.0.0 Safari/537.36"
94.252.74.216 - - [30/Jul/2026:00:37:32 +0000] "GET / HTTP/1.1" 200 12367 "-" "Mozilla/5.0 (Windows NT 10.0; Win64; x64) AppleWebKit/537.36 (KHTML, like Gecko) Chrome/120.0.0.0 Safari/537.36"
169.224.26.88 - - [30/Jul/2026:00:37:38 +0000] "GET / HTTP/1.1" 301 178 "-" "Mozilla/5.0 (Windows NT 10.0; Win64; x64) AppleWebKit/537.36 (KHTML, like Gecko) Chrome/120.0.0.0 Safari/537.36"
223.27.115.102 - - [30/Jul/2026:00:37:49 +0000] "GET / HTTP/1.1" 200 12367 "-" "Mozilla/5.0 (Windows NT 10.0; Win64; x64) AppleWebKit/537.36 (KHTML, like Gecko) Chrome/120.0.0.0 Safari/537.36"
78.176.96.183 - - [30/Jul/2026:00:37:59 +0000] "GET / HTTP/1.1" 301 178 "-" "Mozilla/5.0 (Windows NT 10.0; Win64; x64) AppleWebKit/537.36 (KHTML, like Gecko) Chrome/120.0.0.0 Safari/537.36"
185.229.123.153 - - [30/Jul/2026:00:38:16 +0000] "GET / HTTP/1.1" 200 12367 "-" "Mozilla/5.0 (Windows NT 10.0; Win64; x64) AppleWebKit/537.36 (KHTML, like Gecko) Chrome/120.0.0.0 Safari/537.36"
185.229.123.153 - - [30/Jul/2026:00:38:20 +0000] "GET /wp-login.php HTTP/1.1" 200 3117 "-" "Mozilla/5.0 (Windows NT 10.0; Win64; x64) AppleWebKit/537.36 (KHTML, like Gecko) Chrome/120.0.0.0 Safari/537.36"
185.229.123.153 - - [30/Jul/2026:00:38:27 +0000] "POST /wp-login.php HTTP/1.1" 302 5 "https://mi-no-ka.studio/wp-login.php" "Mozilla/5.0 (Windows NT 10.0; Win64; x64) AppleWebKit/537.36 (KHTML, like Gecko) Chrome/120.0.0.0 Safari/537.36"
85.106.140.246 - - [30/Jul/2026:00:38:57 +0000] "POST /wp-login.php HTTP/1.1" 302 5 "https://mi-no-ka.studio/wp-login.php" "Mozilla/5.0 (Windows NT 10.0; Win64; x64) AppleWebKit/537.36 (KHTML, like Gecko) Chrome/120.0.0.0 Safari/537.36"
85.106.140.246 - - [30/Jul/2026:00:39:01 +0000] "GET /wp-admin/ HTTP/1.1" 200 52435 "https://mi-no-ka.studio/wp-login.php" "Mozilla/5.0 (Windows NT 10.0; Win64; x64) AppleWebKit/537.36 (KHTML, like Gecko) Chrome/120.0.0.0 Safari/537.36"
103.86.56.254 - - [30/Jul/2026:00:39:14 +0000] "GET /wp-admin/ HTTP/1.1" 200 52436 "-" "Mozilla/5.0 (Windows NT 10.0; Win64; x64) AppleWebKit/537.36 (KHTML, like Gecko) Chrome/120.0.0.0 Safari/537.36"
103.86.56.254 - - [30/Jul/2026:00:39:21 +0000] "GET /wp-admin/post-new.php HTTP/1.1" 200 199556 "-" "Mozilla/5.0 (Windows NT 10.0; Win64; x64) AppleWebKit/537.36 (KHTML, like Gecko) Chrome/120.0.0.0 Safari/537.36"
103.86.56.254 - - [30/Jul/2026:00:39:34 +0000] "POST /xmlrpc.php HTTP/1.1" 444 0 "-" "WordPress/5.0; https://mi-no-ka.studio"
27.79.245.160 - - [30/Jul/2026:00:39:35 +0000] "GET / HTTP/1.0" 404 162 "-" "-"
189.216.40.129 - - [30/Jul/2026:00:40:01 +0000] "GET /wp-admin/admin-ajax.php?action=rest-nonce HTTP/1.1" 200 41 "-" "Mozilla/5.0 (Windows NT 10.0; Win64; x64) AppleWebKit/537.36 (KHTML, like Gecko) Chrome/120.0.0.0 Safari/537.36"
178.105.222.151 - - [30/Jul/2026:00:40:07 +0000] "POST /wp-cron.php?doing_wp_cron=1785372007.8075048923492431640625 HTTP/1.1" 200 31 "-" "WordPress/7.0; https://mi-no-ka.studio"
189.216.40.129 - - [30/Jul/2026:00:40:07 +0000] "POST /wp-json/wp/v2/posts HTTP/1.1" 201 53961 "-" "Mozilla/5.0 (Windows NT 10.0; Win64; x64) AppleWebKit/537.36 (KHTML, like Gecko) Chrome/120.0.0.0 Safari/537.36"
189.216.40.129 - - [30/Jul/2026:00:40:15 +0000] "GET /2026/07/29/kak-bystro-1win-skachat-na-telefon-bez-problem-7/ HTTP/1.1" 200 12264 "-" "Mozilla/5.0 (Windows NT 10.0; Win64; x64) AppleWebKit/537.36 (KHTML, like Gecko) Chrome/120.0.0.0 Safari/537.36"
189.216.40.129 - - [30/Jul/2026:00:40:22 +0000] "GET /2026/07/29/kak-bystro-1win-skachat-na-telefon-bez-problem-7/ HTTP/1.1" 200 12264 "-" "Mozilla/5.0 (Windows NT 10.0; Win64; x64) AppleWebKit/537.36 (KHTML, like Gecko) Chrome/120.0.0.0 Safari/537.36"
178.105.222.151 - - [30/Jul/2026:00:40:57 +0000] "POST /wp-cron.php?doing_wp_cron=1785372057.7882199287414550781250 HTTP/1.1" 200 31 "-" "WordPress/7.0; https://mi-no-ka.studio"
189.113.242.156 - - [30/Jul/2026:00:40:57 +0000] "POST /wp-json/wp/v2/posts HTTP/1.1" 201 53961 "-" "Mozilla/5.0 (Windows NT 10.0; Win64; x64) AppleWebKit/537.36 (KHTML, like Gecko) Chrome/120.0.0.0 Safari/537.36"
189.113.242.156 - - [30/Jul/2026:00:41:04 +0000] "GET /2026/07/29/kak-bystro-1win-skachat-na-telefon-bez-problem-8/ HTTP/1.1" 200 12266 "-" "Mozilla/5.0 (Windows NT 10.0; Win64; x64) AppleWebKit/537.36 (KHTML, like Gecko) Chrome/120.0.0.0 Safari/537.36"
189.113.242.156 - - [30/Jul/2026:00:41:11 +0000] "GET /2026/07/29/kak-bystro-1win-skachat-na-telefon-bez-problem-8/ HTTP/1.1" 200 12266 "-" "Mozilla/5.0 (Windows NT 10.0; Win64; x64) AppleWebKit/537.36 (KHTML, like Gecko) Chrome/120.0.0.0 Safari/537.36"
189.113.242.156 - - [30/Jul/2026:00:41:18 +0000] "GET /2026/07/29/kak-bystro-1win-skachat-na-telefon-bez-problem-8/ HTTP/1.1" 200 12266 "-" "Mozilla/5.0 (Windows NT 10.0; Win64; x64) AppleWebKit/537.36 (KHTML, like Gecko) Chrome/120.0.0.0 Safari/537.36"
189.113.242.156 - - [30/Jul/2026:00:41:24 +0000] "GET /wp-admin/post-new.php HTTP/1.1" 200 199548 "-" "Mozilla/5.0 (Windows NT 10.0; Win64; x64) AppleWebKit/537.36 (KHTML, like Gecko) Chrome/120.0.0.0 Safari/537.36"
178.105.222.151 - - [30/Jul/2026:00:41:39 +0000] "POST /wp-cron.php?doing_wp_cron=1785372099.2731640338897705078125 HTTP/1.1" 200 31 "-" "WordPress/7.0; https://mi-no-ka.studio"
189.113.242.156 - - [30/Jul/2026:00:41:39 +0000] "POST /wp-admin/post.php HTTP/1.1" 302 5 "-" "Mozilla/5.0 (Windows NT 10.0; Win64; x64) AppleWebKit/537.36 (KHTML, like Gecko) Chrome/120.0.0.0 Safari/537.36"
189.113.242.156 - - [30/Jul/2026:00:41:43 +0000] "GET /wp-admin/post.php?post=1324&action=edit&message=1 HTTP/1.1" 200 210398 "-" "Mozilla/5.0 (Windows NT 10.0; Win64; x64) AppleWebKit/537.36 (KHTML, like Gecko) Chrome/120.0.0.0 Safari/537.36"
139.190.144.124 - - [30/Jul/2026:00:41:53 +0000] "GET /?p=1324 HTTP/1.1" 301 5 "-" "Mozilla/5.0 (Windows NT 10.0; Win64; x64) AppleWebKit/537.36 (KHTML, like Gecko) Chrome/120.0.0.0 Safari/537.36"
139.190.144.124 - - [30/Jul/2026:00:41:57 +0000] "GET /2026/07/30/kak-bystro-1win-skachat-na-telefon-bez-problem-9/ HTTP/1.1" 200 12265 "-" "Mozilla/5.0 (Windows NT 10.0; Win64; x64) AppleWebKit/537.36 (KHTML, like Gecko) Chrome/120.0.0.0 Safari/537.36"
139.190.144.124 - - [30/Jul/2026:00:42:04 +0000] "GET /?p=1324 HTTP/1.1" 301 5 "-" "Mozilla/5.0 (Windows NT 10.0; Win64; x64) AppleWebKit/537.36 (KHTML, like Gecko) Chrome/120.0.0.0 Safari/537.36"
139.190.144.124 - - [30/Jul/2026:00:42:07 +0000] "GET /2026/07/30/kak-bystro-1win-skachat-na-telefon-bez-problem-9/ HTTP/1.1" 200 12265 "-" "Mozilla/5.0 (Windows NT 10.0; Win64; x64) AppleWebKit/537.36 (KHTML, like Gecko) Chrome/120.0.0.0 Safari/537.36"
139.190.144.124 - - [30/Jul/2026:00:42:14 +0000] "GET /?p=1324 HTTP/1.1" 301 5 "-" "Mozilla/5.0 (Windows NT 10.0; Win64; x64) AppleWebKit/537.36 (KHTML, like Gecko) Chrome/120.0.0.0 Safari/537.36"
139.190.144.124 - - [30/Jul/2026:00:42:18 +0000] "GET /2026/07/30/kak-bystro-1win-skachat-na-telefon-bez-problem-9/ HTTP/1.1" 200 12265 "-" "Mozilla/5.0 (Windows NT 10.0; Win64; x64) AppleWebKit/537.36 (KHTML, like Gecko) Chrome/120.0.0.0 Safari/537.36"
24.42.76.200 - - [30/Jul/2026:00:44:17 +0000] "GET / HTTP/1.1" 200 12367 "-" "Mozilla/5.0 (Windows NT 10.0; Win64; x64) AppleWebKit/537.36 (KHTML, like Gecko) Chrome/120.0.0.0 Safari/537.36"
24.42.76.200 - - [30/Jul/2026:00:44:21 +0000] "GET /wp-login.php HTTP/1.1" 200 3117 "-" "Mozilla/5.0 (Windows NT 10.0; Win64; x64) AppleWebKit/537.36 (KHTML, like Gecko) Chrome/120.0.0.0 Safari/537.36"
24.42.76.200 - - [30/Jul/2026:00:44:26 +0000] "POST /wp-login.php HTTP/1.1" 302 5 "https://mi-no-ka.studio/wp-login.php" "Mozilla/5.0 (Windows NT 10.0; Win64; x64) AppleWebKit/537.36 (KHTML, like Gecko) Chrome/120.0.0.0 Safari/537.36"
24.42.76.200 - - [30/Jul/2026:00:44:30 +0000] "GET /wp-admin/ HTTP/1.1" 200 52433 "https://mi-no-ka.studio/wp-login.php" "Mozilla/5.0 (Windows NT 10.0; Win64; x64) AppleWebKit/537.36 (KHTML, like Gecko) Chrome/120.0.0.0 Safari/537.36"
190.97.245.33 - - [30/Jul/2026:00:44:40 +0000] "GET /wp-admin/ HTTP/1.1" 200 52433 "-" "Mozilla/5.0 (Windows NT 10.0; Win64; x64) AppleWebKit/537.36 (KHTML, like Gecko) Chrome/120.0.0.0 Safari/537.36"
190.97.245.33 - - [30/Jul/2026:00:44:47 +0000] "GET /wp-admin/post-new.php HTTP/1.1" 200 199551 "-" "Mozilla/5.0 (Windows NT 10.0; Win64; x64) AppleWebKit/537.36 (KHTML, like Gecko) Chrome/120.0.0.0 Safari/537.36"
190.97.245.33 - - [30/Jul/2026:00:44:59 +0000] "POST /xmlrpc.php HTTP/1.1" 444 0 "-" "WordPress/5.0; https://mi-no-ka.studio"
188.54.84.19 - - [30/Jul/2026:00:45:16 +0000] "GET /wp-admin/admin-ajax.php?action=rest-nonce HTTP/1.1" 200 41 "-" "Mozilla/5.0 (Windows NT 10.0; Win64; x64) AppleWebKit/537.36 (KHTML, like Gecko) Chrome/120.0.0.0 Safari/537.36"
178.105.222.151 - - [30/Jul/2026:00:45:21 +0000] "POST /wp-cron.php?doing_wp_cron=1785372321.0337109565734863281250 HTTP/1.1" 200 31 "-" "WordPress/7.0; https://mi-no-ka.studio"
188.54.84.19 - - [30/Jul/2026:00:45:21 +0000] "POST /wp-json/wp/v2/posts HTTP/1.1" 201 17450 "-" "Mozilla/5.0 (Windows NT 10.0; Win64; x64) AppleWebKit/537.36 (KHTML, like Gecko) Chrome/120.0.0.0 Safari/537.36"
188.54.84.19 - - [30/Jul/2026:00:45:26 +0000] "GET /2026/07/29/jake-jsou-vyhody-mostbet-promo-code-cz-2025-pro-specialni-nabidky/ HTTP/1.1" 200 12091 "-" "Mozilla/5.0 (Windows NT 10.0; Win64; x64) AppleWebKit/537.36 (KHTML, like Gecko) Chrome/120.0.0.0 Safari/537.36"
188.54.84.19 - - [30/Jul/2026:00:45:33 +0000] "GET /2026/07/29/jake-jsou-vyhody-mostbet-promo-code-cz-2025-pro-specialni-nabidky/ HTTP/1.1" 200 12091 "-" "Mozilla/5.0 (Windows NT 10.0; Win64; x64) AppleWebKit/537.36 (KHTML, like Gecko) Chrome/120.0.0.0 Safari/537.36"
178.105.222.151 - - [30/Jul/2026:00:45:57 +0000] "POST /wp-cron.php?doing_wp_cron=1785372357.4000620841979980468750 HTTP/1.1" 200 31 "-" "WordPress/7.0; https://mi-no-ka.studio"
181.116.56.227 - - [30/Jul/2026:00:45:57 +0000] "POST /wp-json/wp/v2/posts HTTP/1.1" 201 17460 "-" "Mozilla/5.0 (Windows NT 10.0; Win64; x64) AppleWebKit/537.36 (KHTML, like Gecko) Chrome/120.0.0.0 Safari/537.36"
181.116.56.227 - - [30/Jul/2026:00:46:02 +0000] "GET /2026/07/29/jake-jsou-vyhody-mostbet-promo-code-cz-2025-pro-specialni-nabidky-2/ HTTP/1.1" 200 12093 "-" "Mozilla/5.0 (Windows NT 10.0; Win64; x64) AppleWebKit/537.36 (KHTML, like Gecko) Chrome/120.0.0.0 Safari/537.36"
181.116.56.227 - - [30/Jul/2026:00:46:09 +0000] "GET /2026/07/29/jake-jsou-vyhody-mostbet-promo-code-cz-2025-pro-specialni-nabidky-2/ HTTP/1.1" 200 12093 "-" "Mozilla/5.0 (Windows NT 10.0; Win64; x64) AppleWebKit/537.36 (KHTML, like Gecko) Chrome/120.0.0.0 Safari/537.36"
181.116.56.227 - - [30/Jul/2026:00:46:15 +0000] "GET /2026/07/29/jake-jsou-vyhody-mostbet-promo-code-cz-2025-pro-specialni-nabidky-2/ HTTP/1.1" 200 12093 "-" "Mozilla/5.0 (Windows NT 10.0; Win64; x64) AppleWebKit/537.36 (KHTML, like Gecko) Chrome/120.0.0.0 Safari/537.36"
181.116.56.227 - - [30/Jul/2026:00:46:21 +0000] "GET /wp-admin/post-new.php HTTP/1.1" 200 199546 "-" "Mozilla/5.0 (Windows NT 10.0; Win64; x64) AppleWebKit/537.36 (KHTML, like Gecko) Chrome/120.0.0.0 Safari/537.36"
178.105.222.151 - - [30/Jul/2026:00:46:35 +0000] "POST /wp-cron.php?doing_wp_cron=1785372395.2123069763183593750000 HTTP/1.1" 200 31 "-" "WordPress/7.0; https://mi-no-ka.studio"
181.116.56.227 - - [30/Jul/2026:00:46:35 +0000] "POST /wp-admin/post.php HTTP/1.1" 302 5 "-" "Mozilla/5.0 (Windows NT 10.0; Win64; x64) AppleWebKit/537.36 (KHTML, like Gecko) Chrome/120.0.0.0 Safari/537.36"
181.116.56.227 - - [30/Jul/2026:00:46:38 +0000] "GET /wp-admin/post.php?post=1329&action=edit&message=1 HTTP/1.1" 200 203487 "-" "Mozilla/5.0 (Windows NT 10.0; Win64; x64) AppleWebKit/537.36 (KHTML, like Gecko) Chrome/120.0.0.0 Safari/537.36"
102.178.214.231 - - [30/Jul/2026:00:46:50 +0000] "GET /?p=1329 HTTP/1.1" 301 5 "-" "Mozilla/5.0 (Windows NT 10.0; Win64; x64) AppleWebKit/537.36 (KHTML, like Gecko) Chrome/120.0.0.0 Safari/537.36"
102.178.214.231 - - [30/Jul/2026:00:46:55 +0000] "GET /2026/07/30/jake-jsou-vyhody-mostbet-promo-code-cz-2025-pro-specialni-nabidky-3/ HTTP/1.1" 200 12093 "-" "Mozilla/5.0 (Windows NT 10.0; Win64; x64) AppleWebKit/537.36 (KHTML, like Gecko) Chrome/120.0.0.0 Safari/537.36"
102.178.214.231 - - [30/Jul/2026:00:47:01 +0000] "GET /?p=1329 HTTP/1.1" 301 5 "-" "Mozilla/5.0 (Windows NT 10.0; Win64; x64) AppleWebKit/537.36 (KHTML, like Gecko) Chrome/120.0.0.0 Safari/537.36"
102.178.214.231 - - [30/Jul/2026:00:47:05 +0000] "GET /2026/07/30/jake-jsou-vyhody-mostbet-promo-code-cz-2025-pro-specialni-nabidky-3/ HTTP/1.1" 200 12093 "-" "Mozilla/5.0 (Windows NT 10.0; Win64; x64) AppleWebKit/537.36 (KHTML, like Gecko) Chrome/120.0.0.0 Safari/537.36"
102.178.214.231 - - [30/Jul/2026:00:47:12 +0000] "GET /?p=1329 HTTP/1.1" 301 5 "-" "Mozilla/5.0 (Windows NT 10.0; Win64; x64) AppleWebKit/537.36 (KHTML, like Gecko) Chrome/120.0.0.0 Safari/537.36"
102.78.183.231 - - [30/Jul/2026:00:47:28 +0000] "GET /?rest_route=/wp/v2/posts/1329 HTTP/1.1" 200 9487 "-" "Mozilla/5.0 (Windows NT 10.0; Win64; x64) AppleWebKit/537.36 (KHTML, like Gecko) Chrome/120.0.0.0 Safari/537.36"
169.224.21.192 - - [30/Jul/2026:00:47:45 +0000] "GET / HTTP/1.1" 200 12367 "-" "Mozilla/5.0 (Windows NT 10.0; Win64; x64) AppleWebKit/537.36 (KHTML, like Gecko) Chrome/120.0.0.0 Safari/537.36"
169.224.21.192 - - [30/Jul/2026:00:47:50 +0000] "GET /wp-login.php HTTP/1.1" 200 3117 "-" "Mozilla/5.0 (Windows NT 10.0; Win64; x64) AppleWebKit/537.36 (KHTML, like Gecko) Chrome/120.0.0.0 Safari/537.36"
169.224.21.192 - - [30/Jul/2026:00:47:55 +0000] "POST /wp-login.php HTTP/1.1" 302 5 "https://mi-no-ka.studio/wp-login.php" "Mozilla/5.0 (Windows NT 10.0; Win64; x64) AppleWebKit/537.36 (KHTML, like Gecko) Chrome/120.0.0.0 Safari/537.36"
169.224.21.192 - - [30/Jul/2026:00:47:59 +0000] "GET /wp-admin/ HTTP/1.1" 200 52409 "https://mi-no-ka.studio/wp-login.php" "Mozilla/5.0 (Windows NT 10.0; Win64; x64) AppleWebKit/537.36 (KHTML, like Gecko) Chrome/120.0.0.0 Safari/537.36"
170.78.81.34 - - [30/Jul/2026:00:48:09 +0000] "GET /wp-admin/ HTTP/1.1" 200 52409 "-" "Mozilla/5.0 (Windows NT 10.0; Win64; x64) AppleWebKit/537.36 (KHTML, like Gecko) Chrome/120.0.0.0 Safari/537.36"
170.78.81.34 - - [30/Jul/2026:00:48:16 +0000] "GET /wp-admin/post-new.php HTTP/1.1" 200 199548 "-" "Mozilla/5.0 (Windows NT 10.0; Win64; x64) AppleWebKit/537.36 (KHTML, like Gecko) Chrome/120.0.0.0 Safari/537.36"
170.78.81.34 - - [30/Jul/2026:00:48:28 +0000] "POST /xmlrpc.php HTTP/1.1" 444 0 "-" "WordPress/5.0; https://mi-no-ka.studio"
216.73.216.38 - - [30/Jul/2026:00:48:40 +0000] "GET /robots.txt HTTP/1.1" 200 1045 "-" "Mozilla/5.0 AppleWebKit/537.36 (KHTML, like Gecko; compatible; ClaudeBot/1.0; +claudebot@anthropic.com)"
216.73.216.38 - - [30/Jul/2026:00:48:40 +0000] "GET /sitemap-16.xml HTTP/1.1" 404 9475 "-" "Mozilla/5.0 AppleWebKit/537.36 (KHTML, like Gecko; compatible; ClaudeBot/1.0; +claudebot@anthropic.com)"
216.73.216.38 - - [30/Jul/2026:00:48:41 +0000] "GET /sitemap-8.xml HTTP/1.1" 404 9475 "-" "Mozilla/5.0 AppleWebKit/537.36 (KHTML, like Gecko; compatible; ClaudeBot/1.0; +claudebot@anthropic.com)"
149.255.231.28 - - [30/Jul/2026:00:48:45 +0000] "GET /wp-admin/admin-ajax.php?action=rest-nonce HTTP/1.1" 200 41 "-" "Mozilla/5.0 (Windows NT 10.0; Win64; x64) AppleWebKit/537.36 (KHTML, like Gecko) Chrome/120.0.0.0 Safari/537.36"
216.73.216.38 - - [30/Jul/2026:00:48:47 +0000] "GET /sitemap-4.xml HTTP/1.1" 404 9475 "-" "Mozilla/5.0 AppleWebKit/537.36 (KHTML, like Gecko; compatible; ClaudeBot/1.0; +claudebot@anthropic.com)"
216.73.216.38 - - [30/Jul/2026:00:48:48 +0000] "GET /sitemap-1.xml HTTP/1.1" 404 9475 "-" "Mozilla/5.0 AppleWebKit/537.36 (KHTML, like Gecko; compatible; ClaudeBot/1.0; +claudebot@anthropic.com)"
178.105.222.151 - - [30/Jul/2026:00:48:50 +0000] "POST /wp-cron.php?doing_wp_cron=1785372530.7284770011901855468750 HTTP/1.1" 200 31 "-" "WordPress/7.0; https://mi-no-ka.studio"
149.255.231.28 - - [30/Jul/2026:00:48:50 +0000] "POST /wp-json/wp/v2/posts HTTP/1.1" 201 17886 "-" "Mozilla/5.0 (Windows NT 10.0; Win64; x64) AppleWebKit/537.36 (KHTML, like Gecko) Chrome/120.0.0.0 Safari/537.36"
149.255.231.28 - - [30/Jul/2026:00:48:55 +0000] "GET /2026/07/29/finding-the-best-online-casinos-for-high-rollers/ HTTP/1.1" 200 12033 "-" "Mozilla/5.0 (Windows NT 10.0; Win64; x64) AppleWebKit/537.36 (KHTML, like Gecko) Chrome/120.0.0.0 Safari/537.36"
149.255.231.28 - - [30/Jul/2026:00:49:02 +0000] "GET /2026/07/29/finding-the-best-online-casinos-for-high-rollers/ HTTP/1.1" 200 12033 "-" "Mozilla/5.0 (Windows NT 10.0; Win64; x64) AppleWebKit/537.36 (KHTML, like Gecko) Chrome/120.0.0.0 Safari/537.36"
216.73.216.38 - - [30/Jul/2026:00:49:06 +0000] "GET /sitemap-7.xml HTTP/1.1" 404 9475 "-" "Mozilla/5.0 AppleWebKit/537.36 (KHTML, like Gecko; compatible; ClaudeBot/1.0; +claudebot@anthropic.com)"
216.73.216.38 - - [30/Jul/2026:00:49:07 +0000] "GET /sitemap-3.xml HTTP/1.1" 404 9475 "-" "Mozilla/5.0 AppleWebKit/537.36 (KHTML, like Gecko; compatible; ClaudeBot/1.0; +claudebot@anthropic.com)"
216.73.216.38 - - [30/Jul/2026:00:49:07 +0000] "GET /sitemap-15.xml HTTP/1.1" 404 9475 "-" "Mozilla/5.0 AppleWebKit/537.36 (KHTML, like Gecko; compatible; ClaudeBot/1.0; +claudebot@anthropic.com)"
178.105.222.151 - - [30/Jul/2026:00:49:26 +0000] "POST /wp-cron.php?doing_wp_cron=1785372566.6900970935821533203125 HTTP/1.1" 200 31 "-" "WordPress/7.0; https://mi-no-ka.studio"
47.11.113.175 - - [30/Jul/2026:00:49:26 +0000] "POST /wp-json/wp/v2/posts HTTP/1.1" 201 17896 "-" "Mozilla/5.0 (Windows NT 10.0; Win64; x64) AppleWebKit/537.36 (KHTML, like Gecko) Chrome/120.0.0.0 Safari/537.36"
47.11.113.175 - - [30/Jul/2026:00:49:31 +0000] "GET /2026/07/29/finding-the-best-online-casinos-for-high-rollers-2/ HTTP/1.1" 200 12036 "-" "Mozilla/5.0 (Windows NT 10.0; Win64; x64) AppleWebKit/537.36 (KHTML, like Gecko) Chrome/120.0.0.0 Safari/537.36"
47.11.113.175 - - [30/Jul/2026:00:49:39 +0000] "GET /2026/07/29/finding-the-best-online-casinos-for-high-rollers-2/ HTTP/1.1" 200 12036 "-" "Mozilla/5.0 (Windows NT 10.0; Win64; x64) AppleWebKit/537.36 (KHTML, like Gecko) Chrome/120.0.0.0 Safari/537.36"
47.11.113.175 - - [30/Jul/2026:00:49:47 +0000] "GET /2026/07/29/finding-the-best-online-casinos-for-high-rollers-2/ HTTP/1.1" 200 12036 "-" "Mozilla/5.0 (Windows NT 10.0; Win64; x64) AppleWebKit/537.36 (KHTML, like Gecko) Chrome/120.0.0.0 Safari/537.36"
47.11.113.175 - - [30/Jul/2026:00:49:53 +0000] "GET /wp-admin/post-new.php HTTP/1.1" 200 199551 "-" "Mozilla/5.0 (Windows NT 10.0; Win64; x64) AppleWebKit/537.36 (KHTML, like Gecko) Chrome/120.0.0.0 Safari/537.36"
43.166.224.244 - - [30/Jul/2026:00:49:58 +0000] "GET / HTTP/1.1" 301 178 "-" "Mozilla/5.0 (iPhone; CPU iPhone OS 13_2_3 like Mac OS X) AppleWebKit/605.1.15 (KHTML, like Gecko) Version/13.0.3 Mobile/15E148 Safari/604.1"
43.166.224.244 - - [30/Jul/2026:00:49:59 +0000] "GET / HTTP/1.1" 200 12367 "http://mi-no-ka.studio" "Mozilla/5.0 (iPhone; CPU iPhone OS 13_2_3 like Mac OS X) AppleWebKit/605.1.15 (KHTML, like Gecko) Version/13.0.3 Mobile/15E148 Safari/604.1"
178.105.222.151 - - [30/Jul/2026:00:50:07 +0000] "POST /wp-cron.php?doing_wp_cron=1785372607.6601779460906982421875 HTTP/1.1" 200 31 "-" "WordPress/7.0; https://mi-no-ka.studio"
47.11.113.175 - - [30/Jul/2026:00:50:07 +0000] "POST /wp-admin/post.php HTTP/1.1" 302 5 "-" "Mozilla/5.0 (Windows NT 10.0; Win64; x64) AppleWebKit/537.36 (KHTML, like Gecko) Chrome/120.0.0.0 Safari/537.36"
47.11.113.175 - - [30/Jul/2026:00:50:12 +0000] "GET /wp-admin/post.php?post=1334&action=edit&message=1 HTTP/1.1" 200 204005 "-" "Mozilla/5.0 (Windows NT 10.0; Win64; x64) AppleWebKit/537.36 (KHTML, like Gecko) Chrome/120.0.0.0 Safari/537.36"
216.73.216.38 - - [30/Jul/2026:00:50:21 +0000] "GET /sitemap-17.xml HTTP/1.1" 404 9475 "-" "Mozilla/5.0 AppleWebKit/537.36 (KHTML, like Gecko; compatible; ClaudeBot/1.0; +claudebot@anthropic.com)"
167.58.156.148 - - [30/Jul/2026:00:50:21 +0000] "GET /?p=1334 HTTP/1.1" 301 5 "-" "Mozilla/5.0 (Windows NT 10.0; Win64; x64) AppleWebKit/537.36 (KHTML, like Gecko) Chrome/120.0.0.0 Safari/537.36"
167.58.156.148 - - [30/Jul/2026:00:50:26 +0000] "GET /2026/07/30/finding-the-best-online-casinos-for-high-rollers-3/ HTTP/1.1" 200 12037 "-" "Mozilla/5.0 (Windows NT 10.0; Win64; x64) AppleWebKit/537.36 (KHTML, like Gecko) Chrome/120.0.0.0 Safari/537.36"
167.58.156.148 - - [30/Jul/2026:00:50:33 +0000] "GET /?p=1334 HTTP/1.1" 301 5 "-" "Mozilla/5.0 (Windows NT 10.0; Win64; x64) AppleWebKit/537.36 (KHTML, like Gecko) Chrome/120.0.0.0 Safari/537.36"
167.58.156.148 - - [30/Jul/2026:00:50:36 +0000] "GET /2026/07/30/finding-the-best-online-casinos-for-high-rollers-3/ HTTP/1.1" 200 12037 "-" "Mozilla/5.0 (Windows NT 10.0; Win64; x64) AppleWebKit/537.36 (KHTML, like Gecko) Chrome/120.0.0.0 Safari/537.36"
167.58.156.148 - - [30/Jul/2026:00:50:43 +0000] "GET /?p=1334 HTTP/1.1" 301 5 "-" "Mozilla/5.0 (Windows NT 10.0; Win64; x64) AppleWebKit/537.36 (KHTML, like Gecko) Chrome/120.0.0.0 Safari/537.36"
167.58.156.148 - - [30/Jul/2026:00:50:47 +0000] "GET /2026/07/30/finding-the-best-online-casinos-for-high-rollers-3/ HTTP/1.1" 200 12037 "-" "Mozilla/5.0 (Windows NT 10.0; Win64; x64) AppleWebKit/537.36 (KHTML, like Gecko) Chrome/120.0.0.0 Safari/537.36"
216.73.216.38 - - [30/Jul/2026:00:50:54 +0000] "GET /sitemap.xml HTTP/1.1" 301 5 "-" "Mozilla/5.0 AppleWebKit/537.36 (KHTML, like Gecko; compatible; ClaudeBot/1.0; +claudebot@anthropic.com)"
216.73.216.38 - - [30/Jul/2026:00:50:54 +0000] "GET /wp-sitemap.xml HTTP/1.1" 200 631 "https://mi-no-ka.studio/sitemap.xml" "Mozilla/5.0 AppleWebKit/537.36 (KHTML, like Gecko; compatible; ClaudeBot/1.0; +claudebot@anthropic.com)"
179.33.62.121 - - [30/Jul/2026:00:50:58 +0000] "GET / HTTP/1.1" 200 12367 "-" "Mozilla/5.0 (Windows NT 10.0; Win64; x64) AppleWebKit/537.36 (KHTML, like Gecko) Chrome/120.0.0.0 Safari/537.36"
179.33.62.121 - - [30/Jul/2026:00:51:02 +0000] "GET /wp-login.php HTTP/1.1" 200 3117 "-" "Mozilla/5.0 (Windows NT 10.0; Win64; x64) AppleWebKit/537.36 (KHTML, like Gecko) Chrome/120.0.0.0 Safari/537.36"
179.33.62.121 - - [30/Jul/2026:00:51:07 +0000] "POST /wp-login.php HTTP/1.1" 302 5 "https://mi-no-ka.studio/wp-login.php" "Mozilla/5.0 (Windows NT 10.0; Win64; x64) AppleWebKit/537.36 (KHTML, like Gecko) Chrome/120.0.0.0 Safari/537.36"
179.33.62.121 - - [30/Jul/2026:00:51:11 +0000] "GET /wp-admin/ HTTP/1.1" 200 52388 "https://mi-no-ka.studio/wp-login.php" "Mozilla/5.0 (Windows NT 10.0; Win64; x64) AppleWebKit/537.36 (KHTML, like Gecko) Chrome/120.0.0.0 Safari/537.36"
196.229.141.29 - - [30/Jul/2026:00:51:22 +0000] "GET /wp-admin/ HTTP/1.1" 200 52388 "-" "Mozilla/5.0 (Windows NT 10.0; Win64; x64) AppleWebKit/537.36 (KHTML, like Gecko) Chrome/120.0.0.0 Safari/537.36"
196.229.141.29 - - [30/Jul/2026:00:51:28 +0000] "GET /wp-admin/post-new.php HTTP/1.1" 200 199555 "-" "Mozilla/5.0 (Windows NT 10.0; Win64; x64) AppleWebKit/537.36 (KHTML, like Gecko) Chrome/120.0.0.0 Safari/537.36"
216.73.216.38 - - [30/Jul/2026:00:51:39 +0000] "GET /sitemap-19.xml HTTP/1.1" 404 9475 "-" "Mozilla/5.0 AppleWebKit/537.36 (KHTML, like Gecko; compatible; ClaudeBot/1.0; +claudebot@anthropic.com)"
196.229.141.29 - - [30/Jul/2026:00:51:41 +0000] "POST /xmlrpc.php HTTP/1.1" 444 0 "-" "WordPress/5.0; https://mi-no-ka.studio"
216.73.216.38 - - [30/Jul/2026:00:51:48 +0000] "GET /sitemap-9.xml HTTP/1.1" 404 9475 "-" "Mozilla/5.0 AppleWebKit/537.36 (KHTML, like Gecko; compatible; ClaudeBot/1.0; +claudebot@anthropic.com)"
216.73.216.38 - - [30/Jul/2026:00:51:49 +0000] "GET /sitemap-11.xml HTTP/1.1" 404 9475 "-" "Mozilla/5.0 AppleWebKit/537.36 (KHTML, like Gecko; compatible; ClaudeBot/1.0; +claudebot@anthropic.com)"
94.99.159.99 - - [30/Jul/2026:00:51:56 +0000] "GET /wp-admin/admin-ajax.php?action=rest-nonce HTTP/1.1" 200 41 "-" "Mozilla/5.0 (Windows NT 10.0; Win64; x64) AppleWebKit/537.36 (KHTML, like Gecko) Chrome/120.0.0.0 Safari/537.36"
178.105.222.151 - - [30/Jul/2026:00:52:02 +0000] "POST /wp-cron.php?doing_wp_cron=1785372722.4319069385528564453125 HTTP/1.1" 200 31 "-" "WordPress/7.0; https://mi-no-ka.studio"
94.99.159.99 - - [30/Jul/2026:00:52:02 +0000] "POST /wp-json/wp/v2/posts HTTP/1.1" 201 17896 "-" "Mozilla/5.0 (Windows NT 10.0; Win64; x64) AppleWebKit/537.36 (KHTML, like Gecko) Chrome/120.0.0.0 Safari/537.36"
216.73.216.38 - - [30/Jul/2026:00:52:04 +0000] "GET /sitemap-10.xml HTTP/1.1" 404 9475 "-" "Mozilla/5.0 AppleWebKit/537.36 (KHTML, like Gecko; compatible; ClaudeBot/1.0; +claudebot@anthropic.com)"
216.73.216.38 - - [30/Jul/2026:00:52:04 +0000] "GET /sitemap-14.xml HTTP/1.1" 404 9475 "-" "Mozilla/5.0 AppleWebKit/537.36 (KHTML, like Gecko; compatible; ClaudeBot/1.0; +claudebot@anthropic.com)"
94.99.159.99 - - [30/Jul/2026:00:52:07 +0000] "GET /2026/07/29/finding-the-best-online-casinos-for-high-rollers-4/ HTTP/1.1" 200 12035 "-" "Mozilla/5.0 (Windows NT 10.0; Win64; x64) AppleWebKit/537.36 (KHTML, like Gecko) Chrome/120.0.0.0 Safari/537.36"
172.237.121.57 - - [30/Jul/2026:00:52:14 +0000] "GET / HTTP/1.1" 200 12367 "-" "Mozilla/5.0 (Windows NT 10.0; Win64; x64) AppleWebKit/537.36 (KHTML, like Gecko) Chrome/120.0.0.0 Safari/537.36"
94.99.159.99 - - [30/Jul/2026:00:52:14 +0000] "GET /2026/07/29/finding-the-best-online-casinos-for-high-rollers-4/ HTTP/1.1" 200 12035 "-" "Mozilla/5.0 (Windows NT 10.0; Win64; x64) AppleWebKit/537.36 (KHTML, like Gecko) Chrome/120.0.0.0 Safari/537.36"
94.99.159.99 - - [30/Jul/2026:00:52:21 +0000] "GET /2026/07/29/finding-the-best-online-casinos-for-high-rollers-4/ HTTP/1.1" 200 12035 "-" "Mozilla/5.0 (Windows NT 10.0; Win64; x64) AppleWebKit/537.36 (KHTML, like Gecko) Chrome/120.0.0.0 Safari/537.36"
178.105.222.151 - - [30/Jul/2026:00:52:27 +0000] "POST /wp-cron.php?doing_wp_cron=1785372747.5618400573730468750000 HTTP/1.1" 200 31 "-" "WordPress/7.0; https://mi-no-ka.studio"
94.99.159.99 - - [30/Jul/2026:00:52:27 +0000] "POST /wp-json/wp/v2/posts HTTP/1.1" 201 17896 "-" "Mozilla/5.0 (Windows NT 10.0; Win64; x64) AppleWebKit/537.36 (KHTML, like Gecko) Chrome/120.0.0.0 Safari/537.36"
94.99.159.99 - - [30/Jul/2026:00:52:32 +0000] "GET /2026/07/29/finding-the-best-online-casinos-for-high-rollers-5/ HTTP/1.1" 200 12036 "-" "Mozilla/5.0 (Windows NT 10.0; Win64; x64) AppleWebKit/537.36 (KHTML, like Gecko) Chrome/120.0.0.0 Safari/537.36"
94.99.159.99 - - [30/Jul/2026:00:52:39 +0000] "GET /2026/07/29/finding-the-best-online-casinos-for-high-rollers-5/ HTTP/1.1" 200 12036 "-" "Mozilla/5.0 (Windows NT 10.0; Win64; x64) AppleWebKit/537.36 (KHTML, like Gecko) Chrome/120.0.0.0 Safari/537.36"
43.157.22.109 - - [30/Jul/2026:00:52:42 +0000] "GET /xmlrpc.php?rsd HTTP/1.1" 444 0 "-" "Mozilla/5.0 (iPhone; CPU iPhone OS 13_2_3 like Mac OS X) AppleWebKit/605.1.15 (KHTML, like Gecko) Version/13.0.3 Mobile/15E148 Safari/604.1"
94.99.159.99 - - [30/Jul/2026:00:52:46 +0000] "GET /2026/07/29/finding-the-best-online-casinos-for-high-rollers-5/ HTTP/1.1" 200 12036 "-" "Mozilla/5.0 (Windows NT 10.0; Win64; x64) AppleWebKit/537.36 (KHTML, like Gecko) Chrome/120.0.0.0 Safari/537.36"
94.99.159.99 - - [30/Jul/2026:00:52:51 +0000] "GET /wp-admin/post-new.php HTTP/1.1" 200 199553 "-" "Mozilla/5.0 (Windows NT 10.0; Win64; x64) AppleWebKit/537.36 (KHTML, like Gecko) Chrome/120.0.0.0 Safari/537.36"
181.120.178.125 - - [30/Jul/2026:00:53:23 +0000] "GET / HTTP/1.1" 200 12367 "-" "Mozilla/5.0 (Windows NT 10.0; Win64; x64) AppleWebKit/537.36 (KHTML, like Gecko) Chrome/120.0.0.0 Safari/537.36"
66.132.172.137 - - [30/Jul/2026:00:53:28 +0000] "GET /robots.txt HTTP/1.1" 200 1045 "-" "Mozilla/5.0 (compatible; CensysInspect/1.1; +https://about.censys.io/)"
181.120.178.125 - - [30/Jul/2026:00:53:28 +0000] "GET /wp-login.php HTTP/1.1" 200 3117 "-" "Mozilla/5.0 (Windows NT 10.0; Win64; x64) AppleWebKit/537.36 (KHTML, like Gecko) Chrome/120.0.0.0 Safari/537.36"
66.132.172.137 - - [30/Jul/2026:00:53:28 +0000] "GET /favicon.ico HTTP/1.1" 404 134 "-" "Mozilla/5.0 (compatible; CensysInspect/1.1; +https://about.censys.io/)"
66.132.172.137 - - [30/Jul/2026:00:53:29 +0000] "GET /_krzmgfd70r6_e8w HTTP/1.1" 404 9475 "-" "Mozilla/5.0 (compatible; CensysInspect/1.1; +https://about.censys.io/)"
66.132.195.119 - - [30/Jul/2026:00:53:30 +0000] "GET / HTTP/1.1" 200 12367 "-" "Mozilla/5.0 (compatible; CensysInspect/1.1; +https://about.censys.io/)"
181.120.178.125 - - [30/Jul/2026:00:53:33 +0000] "POST /wp-login.php HTTP/1.1" 302 5 "https://mi-no-ka.studio/wp-login.php" "Mozilla/5.0 (Windows NT 10.0; Win64; x64) AppleWebKit/537.36 (KHTML, like Gecko) Chrome/120.0.0.0 Safari/537.36"
66.132.195.119 - - [30/Jul/2026:00:53:35 +0000] "GET /wp-content/themes/mi-no-ka-theme/assets/thumbnail.png HTTP/1.1" 200 128980 "-" "Mozilla/5.0 (compatible; CensysInspect/1.1; +https://about.censys.io/)"
181.120.178.125 - - [30/Jul/2026:00:53:37 +0000] "GET /wp-admin/ HTTP/1.1" 200 52382 "https://mi-no-ka.studio/wp-login.php" "Mozilla/5.0 (Windows NT 10.0; Win64; x64) AppleWebKit/537.36 (KHTML, like Gecko) Chrome/120.0.0.0 Safari/537.36"
66.132.195.119 - - [30/Jul/2026:00:53:41 +0000] "GET /wp-content/themes/mi-no-ka-theme/assets/thumbnail.webp HTTP/1.1" 200 33250 "-" "Mozilla/5.0 (compatible; CensysInspect/1.1; +https://about.censys.io/)"
66.132.195.119 - - [30/Jul/2026:00:53:47 +0000] "GET /favicon.ico HTTP/1.1" 404 134 "-" "Mozilla/5.0 (compatible; CensysInspect/1.1; +https://about.censys.io/)"
186.249.128.18 - - [30/Jul/2026:00:53:48 +0000] "GET /wp-admin/ HTTP/1.1" 200 52382 "-" "Mozilla/5.0 (Windows NT 10.0; Win64; x64) AppleWebKit/537.36 (KHTML, like Gecko) Chrome/120.0.0.0 Safari/537.36"
216.73.216.38 - - [30/Jul/2026:00:53:51 +0000] "GET /sitemap-12.xml HTTP/1.1" 404 9475 "-" "Mozilla/5.0 AppleWebKit/537.36 (KHTML, like Gecko; compatible; ClaudeBot/1.0; +claudebot@anthropic.com)"
186.249.128.18 - - [30/Jul/2026:00:53:55 +0000] "GET /wp-admin/post-new.php HTTP/1.1" 200 199543 "-" "Mozilla/5.0 (Windows NT 10.0; Win64; x64) AppleWebKit/537.36 (KHTML, like Gecko) Chrome/120.0.0.0 Safari/537.36"
216.73.216.38 - - [30/Jul/2026:00:54:01 +0000] "GET /sitemap-2.xml HTTP/1.1" 404 9475 "-" "Mozilla/5.0 AppleWebKit/537.36 (KHTML, like Gecko; compatible; ClaudeBot/1.0; +claudebot@anthropic.com)"
186.249.128.18 - - [30/Jul/2026:00:54:07 +0000] "POST /xmlrpc.php HTTP/1.1" 444 0 "-" "WordPress/5.0; https://mi-no-ka.studio"
190.212.216.37 - - [30/Jul/2026:00:54:21 +0000] "GET /wp-admin/admin-ajax.php?action=rest-nonce HTTP/1.1" 200 41 "-" "Mozilla/5.0 (Windows NT 10.0; Win64; x64) AppleWebKit/537.36 (KHTML, like Gecko) Chrome/120.0.0.0 Safari/537.36"
178.105.222.151 - - [30/Jul/2026:00:54:26 +0000] "POST /wp-cron.php?doing_wp_cron=1785372866.2420980930328369140625 HTTP/1.1" 200 31 "-" "WordPress/7.0; https://mi-no-ka.studio"
190.212.216.37 - - [30/Jul/2026:00:54:26 +0000] "POST /wp-json/wp/v2/posts HTTP/1.1" 201 17896 "-" "Mozilla/5.0 (Windows NT 10.0; Win64; x64) AppleWebKit/537.36 (KHTML, like Gecko) Chrome/120.0.0.0 Safari/537.36"
190.212.216.37 - - [30/Jul/2026:00:54:30 +0000] "GET /2026/07/29/finding-the-best-online-casinos-for-high-rollers-6/ HTTP/1.1" 200 12036 "-" "Mozilla/5.0 (Windows NT 10.0; Win64; x64) AppleWebKit/537.36 (KHTML, like Gecko) Chrome/120.0.0.0 Safari/537.36"
190.212.216.37 - - [30/Jul/2026:00:54:37 +0000] "GET /2026/07/29/finding-the-best-online-casinos-for-high-rollers-6/ HTTP/1.1" 200 12036 "-" "Mozilla/5.0 (Windows NT 10.0; Win64; x64) AppleWebKit/537.36 (KHTML, like Gecko) Chrome/120.0.0.0 Safari/537.36"
216.73.216.38 - - [30/Jul/2026:00:54:40 +0000] "GET /sitemap-6.xml HTTP/1.1" 404 9475 "-" "Mozilla/5.0 AppleWebKit/537.36 (KHTML, like Gecko; compatible; ClaudeBot/1.0; +claudebot@anthropic.com)"
216.73.216.38 - - [30/Jul/2026:00:54:40 +0000] "GET /sitemap-5.xml HTTP/1.1" 404 9475 "-" "Mozilla/5.0 AppleWebKit/537.36 (KHTML, like Gecko; compatible; ClaudeBot/1.0; +claudebot@anthropic.com)"
190.212.216.37 - - [30/Jul/2026:00:54:44 +0000] "GET /2026/07/29/finding-the-best-online-casinos-for-high-rollers-6/ HTTP/1.1" 200 12036 "-" "Mozilla/5.0 (Windows NT 10.0; Win64; x64) AppleWebKit/537.36 (KHTML, like Gecko) Chrome/120.0.0.0 Safari/537.36"
178.105.222.151 - - [30/Jul/2026:00:54:50 +0000] "POST /wp-cron.php?doing_wp_cron=1785372890.1395759582519531250000 HTTP/1.1" 200 31 "-" "WordPress/7.0; https://mi-no-ka.studio"
190.212.216.37 - - [30/Jul/2026:00:54:50 +0000] "POST /wp-json/wp/v2/posts HTTP/1.1" 201 17896 "-" "Mozilla/5.0 (Windows NT 10.0; Win64; x64) AppleWebKit/537.36 (KHTML, like Gecko) Chrome/120.0.0.0 Safari/537.36"
190.212.216.37 - - [30/Jul/2026:00:54:54 +0000] "GET /2026/07/29/finding-the-best-online-casinos-for-high-rollers-7/ HTTP/1.1" 200 12035 "-" "Mozilla/5.0 (Windows NT 10.0; Win64; x64) AppleWebKit/537.36 (KHTML, like Gecko) Chrome/120.0.0.0 Safari/537.36"
216.73.216.38 - - [30/Jul/2026:00:54:56 +0000] "GET /sitemap-13.xml HTTP/1.1" 404 9475 "-" "Mozilla/5.0 AppleWebKit/537.36 (KHTML, like Gecko; compatible; ClaudeBot/1.0; +claudebot@anthropic.com)"
66.132.195.119 - - [30/Jul/2026:00:54:58 +0000] "GET /wp-json/?_fields=name,description,home,gmt_offset,timezone_string,namespaces HTTP/1.1" 200 239 "-" "Mozilla/5.0 (compatible; CensysInspect/1.1; +https://about.censys.io/)"
190.212.216.37 - - [30/Jul/2026:00:55:01 +0000] "GET /2026/07/29/finding-the-best-online-casinos-for-high-rollers-7/ HTTP/1.1" 200 12035 "-" "Mozilla/5.0 (Windows NT 10.0; Win64; x64) AppleWebKit/537.36 (KHTML, like Gecko) Chrome/120.0.0.0 Safari/537.36"
216.73.216.38 - - [30/Jul/2026:00:55:05 +0000] "GET /sitemap-20.xml HTTP/1.1" 404 9475 "-" "Mozilla/5.0 AppleWebKit/537.36 (KHTML, like Gecko; compatible; ClaudeBot/1.0; +claudebot@anthropic.com)"
190.212.216.37 - - [30/Jul/2026:00:55:08 +0000] "GET /2026/07/29/finding-the-best-online-casinos-for-high-rollers-7/ HTTP/1.1" 200 12035 "-" "Mozilla/5.0 (Windows NT 10.0; Win64; x64) AppleWebKit/537.36 (KHTML, like Gecko) Chrome/120.0.0.0 Safari/537.36"
190.212.216.37 - - [30/Jul/2026:00:55:13 +0000] "GET /wp-admin/post-new.php HTTP/1.1" 200 199546 "-" "Mozilla/5.0 (Windows NT 10.0; Win64; x64) AppleWebKit/537.36 (KHTML, like Gecko) Chrome/120.0.0.0 Safari/537.36"
178.105.222.151 - - [30/Jul/2026:00:55:27 +0000] "POST /wp-cron.php?doing_wp_cron=1785372927.2569270133972167968750 HTTP/1.1" 200 31 "-" "WordPress/7.0; https://mi-no-ka.studio"
190.212.216.37 - - [30/Jul/2026:00:55:27 +0000] "POST /wp-admin/post.php HTTP/1.1" 302 5 "-" "Mozilla/5.0 (Windows NT 10.0; Win64; x64) AppleWebKit/537.36 (KHTML, like Gecko) Chrome/120.0.0.0 Safari/537.36"
190.212.216.37 - - [30/Jul/2026:00:55:30 +0000] "GET /wp-admin/post.php?post=1343&action=edit&message=1 HTTP/1.1" 200 204003 "-" "Mozilla/5.0 (Windows NT 10.0; Win64; x64) AppleWebKit/537.36 (KHTML, like Gecko) Chrome/120.0.0.0 Safari/537.36"
94.187.21.188 - - [30/Jul/2026:00:55:41 +0000] "GET /?p=1343 HTTP/1.1" 301 5 "-" "Mozilla/5.0 (Windows NT 10.0; Win64; x64) AppleWebKit/537.36 (KHTML, like Gecko) Chrome/120.0.0.0 Safari/537.36"
94.187.21.188 - - [30/Jul/2026:00:55:44 +0000] "GET /2026/07/30/finding-the-best-online-casinos-for-high-rollers-8/ HTTP/1.1" 200 12037 "-" "Mozilla/5.0 (Windows NT 10.0; Win64; x64) AppleWebKit/537.36 (KHTML, like Gecko) Chrome/120.0.0.0 Safari/537.36"
66.132.195.119 - - [30/Jul/2026:00:55:49 +0000] "GET /wiki HTTP/1.1" 404 9475 "-" "Mozilla/5.0 (compatible; CensysInspect/1.1; +https://about.censys.io/)"
94.187.21.188 - - [30/Jul/2026:00:55:50 +0000] "GET /?p=1343 HTTP/1.1" 301 5 "-" "Mozilla/5.0 (Windows NT 10.0; Win64; x64) AppleWebKit/537.36 (KHTML, like Gecko) Chrome/120.0.0.0 Safari/537.36"
94.187.21.188 - - [30/Jul/2026:00:55:53 +0000] "GET /2026/07/30/finding-the-best-online-casinos-for-high-rollers-8/ HTTP/1.1" 200 12037 "-" "Mozilla/5.0 (Windows NT 10.0; Win64; x64) AppleWebKit/537.36 (KHTML, like Gecko) Chrome/120.0.0.0 Safari/537.36"
216.73.216.38 - - [30/Jul/2026:00:55:53 +0000] "GET /sitemap-21.xml HTTP/1.1" 404 9475 "-" "Mozilla/5.0 AppleWebKit/537.36 (KHTML, like Gecko; compatible; ClaudeBot/1.0; +claudebot@anthropic.com)"
216.73.216.38 - - [30/Jul/2026:00:55:55 +0000] "GET /sitemap-18.xml HTTP/1.1" 404 9475 "-" "Mozilla/5.0 AppleWebKit/537.36 (KHTML, like Gecko; compatible; ClaudeBot/1.0; +claudebot@anthropic.com)"
94.187.21.188 - - [30/Jul/2026:00:56:00 +0000] "GET /?p=1343 HTTP/1.1" 301 5 "-" "Mozilla/5.0 (Windows NT 10.0; Win64; x64) AppleWebKit/537.36 (KHTML, like Gecko) Chrome/120.0.0.0 Safari/537.36"
94.187.21.188 - - [30/Jul/2026:00:56:03 +0000] "GET /2026/07/30/finding-the-best-online-casinos-for-high-rollers-8/ HTTP/1.1" 200 12037 "-" "Mozilla/5.0 (Windows NT 10.0; Win64; x64) AppleWebKit/537.36 (KHTML, like Gecko) Chrome/120.0.0.0 Safari/537.36"
171.251.237.111 - - [30/Jul/2026:00:56:13 +0000] "GET / HTTP/1.1" 301 178 "-" "Mozilla/5.0 (Windows NT 10.0; Win64; x64) AppleWebKit/537.36 (KHTML, like Gecko) Chrome/120.0.0.0 Safari/537.36"
94.162.47.17 - - [30/Jul/2026:00:56:28 +0000] "GET / HTTP/1.1" 200 12367 "-" "Mozilla/5.0 (Windows NT 10.0; Win64; x64) AppleWebKit/537.36 (KHTML, like Gecko) Chrome/120.0.0.0 Safari/537.36"
94.162.47.17 - - [30/Jul/2026:00:56:32 +0000] "GET /wp-login.php HTTP/1.1" 200 3117 "-" "Mozilla/5.0 (Windows NT 10.0; Win64; x64) AppleWebKit/537.36 (KHTML, like Gecko) Chrome/120.0.0.0 Safari/537.36"
94.162.47.17 - - [30/Jul/2026:00:56:38 +0000] "POST /wp-login.php HTTP/1.1" 302 5 "https://mi-no-ka.studio/wp-login.php" "Mozilla/5.0 (Windows NT 10.0; Win64; x64) AppleWebKit/537.36 (KHTML, like Gecko) Chrome/120.0.0.0 Safari/537.36"
94.162.47.17 - - [30/Jul/2026:00:56:41 +0000] "GET /wp-admin/ HTTP/1.1" 200 52365 "https://mi-no-ka.studio/wp-login.php" "Mozilla/5.0 (Windows NT 10.0; Win64; x64) AppleWebKit/537.36 (KHTML, like Gecko) Chrome/120.0.0.0 Safari/537.36"
51.36.233.111 - - [30/Jul/2026:00:56:50 +0000] "GET /wp-admin/ HTTP/1.1" 200 52361 "-" "Mozilla/5.0 (Windows NT 10.0; Win64; x64) AppleWebKit/537.36 (KHTML, like Gecko) Chrome/120.0.0.0 Safari/537.36"
51.36.233.111 - - [30/Jul/2026:00:56:56 +0000] "GET /wp-admin/post-new.php HTTP/1.1" 200 199546 "-" "Mozilla/5.0 (Windows NT 10.0; Win64; x64) AppleWebKit/537.36 (KHTML, like Gecko) Chrome/120.0.0.0 Safari/537.36"
51.36.233.111 - - [30/Jul/2026:00:57:08 +0000] "POST /xmlrpc.php HTTP/1.1" 444 0 "-" "WordPress/5.0; https://mi-no-ka.studio"
66.132.186.161 - - [30/Jul/2026:00:57:19 +0000] "GET /wp-json/?_fields=name,description,home,gmt_offset,timezone_string,namespaces HTTP/1.1" 200 239 "-" "Mozilla/5.0 (compatible; CensysInspect/1.1; +https://about.censys.io/)"
103.66.143.125 - - [30/Jul/2026:00:57:34 +0000] "GET /wp-admin/admin-ajax.php?action=rest-nonce HTTP/1.1" 200 41 "-" "Mozilla/5.0 (Windows NT 10.0; Win64; x64) AppleWebKit/537.36 (KHTML, like Gecko) Chrome/120.0.0.0 Safari/537.36"
178.105.222.151 - - [30/Jul/2026:00:57:40 +0000] "POST /wp-cron.php?doing_wp_cron=1785373060.0588889122009277343750 HTTP/1.1" 200 31 "-" "WordPress/7.0; https://mi-no-ka.studio"
103.66.143.125 - - [30/Jul/2026:00:57:40 +0000] "POST /wp-json/wp/v2/posts HTTP/1.1" 201 17896 "-" "Mozilla/5.0 (Windows NT 10.0; Win64; x64) AppleWebKit/537.36 (KHTML, like Gecko) Chrome/120.0.0.0 Safari/537.36"
103.66.143.125 - - [30/Jul/2026:00:57:44 +0000] "GET /2026/07/29/finding-the-best-online-casinos-for-high-rollers-9/ HTTP/1.1" 200 12033 "-" "Mozilla/5.0 (Windows NT 10.0; Win64; x64) AppleWebKit/537.36 (KHTML, like Gecko) Chrome/120.0.0.0 Safari/537.36"
103.66.143.125 - - [30/Jul/2026:00:57:50 +0000] "GET /2026/07/29/finding-the-best-online-casinos-for-high-rollers-9/ HTTP/1.1" 200 12033 "-" "Mozilla/5.0 (Windows NT 10.0; Win64; x64) AppleWebKit/537.36 (KHTML, like Gecko) Chrome/120.0.0.0 Safari/537.36"
103.66.143.125 - - [30/Jul/2026:00:57:56 +0000] "GET /2026/07/29/finding-the-best-online-casinos-for-high-rollers-9/ HTTP/1.1" 200 12033 "-" "Mozilla/5.0 (Windows NT 10.0; Win64; x64) AppleWebKit/537.36 (KHTML, like Gecko) Chrome/120.0.0.0 Safari/537.36"
178.105.222.151 - - [30/Jul/2026:00:58:02 +0000] "POST /wp-cron.php?doing_wp_cron=1785373082.7982940673828125000000 HTTP/1.1" 200 31 "-" "WordPress/7.0; https://mi-no-ka.studio"
103.66.143.125 - - [30/Jul/2026:00:58:02 +0000] "POST /wp-json/wp/v2/posts HTTP/1.1" 201 17901 "-" "Mozilla/5.0 (Windows NT 10.0; Win64; x64) AppleWebKit/537.36 (KHTML, like Gecko) Chrome/120.0.0.0 Safari/537.36"
103.66.143.125 - - [30/Jul/2026:00:58:07 +0000] "GET /2026/07/29/finding-the-best-online-casinos-for-high-rollers-10/ HTTP/1.1" 200 12035 "-" "Mozilla/5.0 (Windows NT 10.0; Win64; x64) AppleWebKit/537.36 (KHTML, like Gecko) Chrome/120.0.0.0 Safari/537.36"
