103.66.143.125 - - [30/Jul/2026:00:58:13 +0000] "GET /2026/07/29/finding-the-best-online-casinos-for-high-rollers-10/ HTTP/1.1" 200 12035 "-" "Mozilla/5.0 (Windows NT 10.0; Win64; x64) AppleWebKit/537.36 (KHTML, like Gecko) Chrome/120.0.0.0 Safari/537.36"
103.66.143.125 - - [30/Jul/2026:00:58:20 +0000] "GET /2026/07/29/finding-the-best-online-casinos-for-high-rollers-10/ HTTP/1.1" 200 12035 "-" "Mozilla/5.0 (Windows NT 10.0; Win64; x64) AppleWebKit/537.36 (KHTML, like Gecko) Chrome/120.0.0.0 Safari/537.36"
103.66.143.125 - - [30/Jul/2026:00:58:25 +0000] "GET /wp-admin/post-new.php HTTP/1.1" 200 199547 "-" "Mozilla/5.0 (Windows NT 10.0; Win64; x64) AppleWebKit/537.36 (KHTML, like Gecko) Chrome/120.0.0.0 Safari/537.36"
178.105.222.151 - - [30/Jul/2026:00:58:38 +0000] "POST /wp-cron.php?doing_wp_cron=1785373118.0359671115875244140625 HTTP/1.1" 200 31 "-" "WordPress/7.0; https://mi-no-ka.studio"
103.66.143.125 - - [30/Jul/2026:00:58:38 +0000] "POST /wp-admin/post.php HTTP/1.1" 302 5 "-" "Mozilla/5.0 (Windows NT 10.0; Win64; x64) AppleWebKit/537.36 (KHTML, like Gecko) Chrome/120.0.0.0 Safari/537.36"
103.66.143.125 - - [30/Jul/2026:00:58:40 +0000] "GET /wp-admin/post.php?post=1348&action=edit&message=1 HTTP/1.1" 200 204007 "-" "Mozilla/5.0 (Windows NT 10.0; Win64; x64) AppleWebKit/537.36 (KHTML, like Gecko) Chrome/120.0.0.0 Safari/537.36"
138.186.20.11 - - [30/Jul/2026:00:58:51 +0000] "GET /?p=1348 HTTP/1.1" 301 5 "-" "Mozilla/5.0 (Windows NT 10.0; Win64; x64) AppleWebKit/537.36 (KHTML, like Gecko) Chrome/120.0.0.0 Safari/537.36"
138.186.20.11 - - [30/Jul/2026:00:58:54 +0000] "GET /2026/07/30/finding-the-best-online-casinos-for-high-rollers-11/ HTTP/1.1" 200 12036 "-" "Mozilla/5.0 (Windows NT 10.0; Win64; x64) AppleWebKit/537.36 (KHTML, like Gecko) Chrome/120.0.0.0 Safari/537.36"
138.186.20.11 - - [30/Jul/2026:00:59:01 +0000] "GET /?p=1348 HTTP/1.1" 301 5 "-" "Mozilla/5.0 (Windows NT 10.0; Win64; x64) AppleWebKit/537.36 (KHTML, like Gecko) Chrome/120.0.0.0 Safari/537.36"
138.186.20.11 - - [30/Jul/2026:00:59:04 +0000] "GET /2026/07/30/finding-the-best-online-casinos-for-high-rollers-11/ HTTP/1.1" 200 12036 "-" "Mozilla/5.0 (Windows NT 10.0; Win64; x64) AppleWebKit/537.36 (KHTML, like Gecko) Chrome/120.0.0.0 Safari/537.36"
138.186.20.11 - - [30/Jul/2026:00:59:10 +0000] "GET /?p=1348 HTTP/1.1" 301 5 "-" "Mozilla/5.0 (Windows NT 10.0; Win64; x64) AppleWebKit/537.36 (KHTML, like Gecko) Chrome/120.0.0.0 Safari/537.36"
138.186.20.11 - - [30/Jul/2026:00:59:13 +0000] "GET /2026/07/30/finding-the-best-online-casinos-for-high-rollers-11/ HTTP/1.1" 200 12036 "-" "Mozilla/5.0 (Windows NT 10.0; Win64; x64) AppleWebKit/537.36 (KHTML, like Gecko) Chrome/120.0.0.0 Safari/537.36"
191.98.10.23 - - [30/Jul/2026:00:59:28 +0000] "GET / HTTP/1.1" 200 12367 "-" "Mozilla/5.0 (Windows NT 10.0; Win64; x64) AppleWebKit/537.36 (KHTML, like Gecko) Chrome/120.0.0.0 Safari/537.36"
191.98.10.23 - - [30/Jul/2026:00:59:32 +0000] "GET /wp-login.php HTTP/1.1" 200 3117 "-" "Mozilla/5.0 (Windows NT 10.0; Win64; x64) AppleWebKit/537.36 (KHTML, like Gecko) Chrome/120.0.0.0 Safari/537.36"
191.98.10.23 - - [30/Jul/2026:00:59:37 +0000] "POST /wp-login.php HTTP/1.1" 302 5 "https://mi-no-ka.studio/wp-login.php" "Mozilla/5.0 (Windows NT 10.0; Win64; x64) AppleWebKit/537.36 (KHTML, like Gecko) Chrome/120.0.0.0 Safari/537.36"
191.98.10.23 - - [30/Jul/2026:00:59:42 +0000] "GET /wp-admin/ HTTP/1.1" 200 52374 "https://mi-no-ka.studio/wp-login.php" "Mozilla/5.0 (Windows NT 10.0; Win64; x64) AppleWebKit/537.36 (KHTML, like Gecko) Chrome/120.0.0.0 Safari/537.36"
176.29.226.229 - - [30/Jul/2026:00:59:51 +0000] "GET /wp-admin/ HTTP/1.1" 200 52374 "-" "Mozilla/5.0 (Windows NT 10.0; Win64; x64) AppleWebKit/537.36 (KHTML, like Gecko) Chrome/120.0.0.0 Safari/537.36"
176.29.226.229 - - [30/Jul/2026:00:59:56 +0000] "GET /wp-admin/post-new.php HTTP/1.1" 200 199543 "-" "Mozilla/5.0 (Windows NT 10.0; Win64; x64) AppleWebKit/537.36 (KHTML, like Gecko) Chrome/120.0.0.0 Safari/537.36"
176.29.226.229 - - [30/Jul/2026:01:00:07 +0000] "POST /xmlrpc.php HTTP/1.1" 444 0 "-" "WordPress/5.0; https://mi-no-ka.studio"
186.157.74.95 - - [30/Jul/2026:01:00:27 +0000] "GET /wp-admin/admin-ajax.php?action=rest-nonce HTTP/1.1" 200 41 "-" "Mozilla/5.0 (Windows NT 10.0; Win64; x64) AppleWebKit/537.36 (KHTML, like Gecko) Chrome/120.0.0.0 Safari/537.36"
178.105.222.151 - - [30/Jul/2026:01:00:32 +0000] "POST /wp-cron.php?doing_wp_cron=1785373232.7556478977203369140625 HTTP/1.1" 200 31 "-" "WordPress/7.0; https://mi-no-ka.studio"
186.157.74.95 - - [30/Jul/2026:01:00:32 +0000] "POST /wp-json/wp/v2/posts HTTP/1.1" 201 17841 "-" "Mozilla/5.0 (Windows NT 10.0; Win64; x64) AppleWebKit/537.36 (KHTML, like Gecko) Chrome/120.0.0.0 Safari/537.36"
186.157.74.95 - - [30/Jul/2026:01:00:37 +0000] "GET /2026/07/29/best-casino-online-canada-for-scratch-cards-and-instant-wins-your-ultimate-guide/ HTTP/1.1" 200 12034 "-" "Mozilla/5.0 (Windows NT 10.0; Win64; x64) AppleWebKit/537.36 (KHTML, like Gecko) Chrome/120.0.0.0 Safari/537.36"
186.157.74.95 - - [30/Jul/2026:01:00:43 +0000] "GET /2026/07/29/best-casino-online-canada-for-scratch-cards-and-instant-wins-your-ultimate-guide/ HTTP/1.1" 200 12034 "-" "Mozilla/5.0 (Windows NT 10.0; Win64; x64) AppleWebKit/537.36 (KHTML, like Gecko) Chrome/120.0.0.0 Safari/537.36"
186.157.74.95 - - [30/Jul/2026:01:00:50 +0000] "GET /2026/07/29/best-casino-online-canada-for-scratch-cards-and-instant-wins-your-ultimate-guide/ HTTP/1.1" 200 12034 "-" "Mozilla/5.0 (Windows NT 10.0; Win64; x64) AppleWebKit/537.36 (KHTML, like Gecko) Chrome/120.0.0.0 Safari/537.36"
178.105.222.151 - - [30/Jul/2026:01:00:55 +0000] "POST /wp-cron.php?doing_wp_cron=1785373255.8415660858154296875000 HTTP/1.1" 200 31 "-" "WordPress/7.0; https://mi-no-ka.studio"
186.157.74.95 - - [30/Jul/2026:01:00:55 +0000] "POST /wp-json/wp/v2/posts HTTP/1.1" 201 17851 "-" "Mozilla/5.0 (Windows NT 10.0; Win64; x64) AppleWebKit/537.36 (KHTML, like Gecko) Chrome/120.0.0.0 Safari/537.36"
186.157.74.95 - - [30/Jul/2026:01:01:00 +0000] "GET /2026/07/29/best-casino-online-canada-for-scratch-cards-and-instant-wins-your-ultimate-guide-2/ HTTP/1.1" 200 12034 "-" "Mozilla/5.0 (Windows NT 10.0; Win64; x64) AppleWebKit/537.36 (KHTML, like Gecko) Chrome/120.0.0.0 Safari/537.36"
64.227.97.99 - - [30/Jul/2026:01:01:05 +0000] "GET / HTTP/1.1" 404 134 "-" "Mozilla/5.0 (X11; Linux x86_64; rv:142.0) Gecko/20100101 Firefox/142.0"
64.227.97.99 - - [30/Jul/2026:01:01:06 +0000] "GET /favicon.ico HTTP/1.1" 404 134 "http://178.105.222.151/" "Mozilla/5.0 (X11; Linux x86_64; rv:142.0) Gecko/20100101 Firefox/142.0"
186.157.74.95 - - [30/Jul/2026:01:01:06 +0000] "GET /2026/07/29/best-casino-online-canada-for-scratch-cards-and-instant-wins-your-ultimate-guide-2/ HTTP/1.1" 200 12034 "-" "Mozilla/5.0 (Windows NT 10.0; Win64; x64) AppleWebKit/537.36 (KHTML, like Gecko) Chrome/120.0.0.0 Safari/537.36"
186.157.74.95 - - [30/Jul/2026:01:01:12 +0000] "GET /2026/07/29/best-casino-online-canada-for-scratch-cards-and-instant-wins-your-ultimate-guide-2/ HTTP/1.1" 200 12034 "-" "Mozilla/5.0 (Windows NT 10.0; Win64; x64) AppleWebKit/537.36 (KHTML, like Gecko) Chrome/120.0.0.0 Safari/537.36"
186.157.74.95 - - [30/Jul/2026:01:01:18 +0000] "GET /wp-admin/post-new.php HTTP/1.1" 200 199542 "-" "Mozilla/5.0 (Windows NT 10.0; Win64; x64) AppleWebKit/537.36 (KHTML, like Gecko) Chrome/120.0.0.0 Safari/537.36"
178.105.222.151 - - [30/Jul/2026:01:01:29 +0000] "POST /wp-cron.php?doing_wp_cron=1785373289.8111178874969482421875 HTTP/1.1" 200 31 "-" "WordPress/7.0; https://mi-no-ka.studio"
186.157.74.95 - - [30/Jul/2026:01:01:29 +0000] "POST /wp-admin/post.php HTTP/1.1" 302 5 "-" "Mozilla/5.0 (Windows NT 10.0; Win64; x64) AppleWebKit/537.36 (KHTML, like Gecko) Chrome/120.0.0.0 Safari/537.36"
186.157.74.95 - - [30/Jul/2026:01:01:33 +0000] "GET /wp-admin/post.php?post=1353&action=edit&message=1 HTTP/1.1" 200 203923 "-" "Mozilla/5.0 (Windows NT 10.0; Win64; x64) AppleWebKit/537.36 (KHTML, like Gecko) Chrome/120.0.0.0 Safari/537.36"
74.244.163.130 - - [30/Jul/2026:01:01:44 +0000] "GET /?p=1353 HTTP/1.1" 301 5 "-" "Mozilla/5.0 (Windows NT 10.0; Win64; x64) AppleWebKit/537.36 (KHTML, like Gecko) Chrome/120.0.0.0 Safari/537.36"
74.244.163.130 - - [30/Jul/2026:01:01:47 +0000] "GET /2026/07/30/best-casino-online-canada-for-scratch-cards-and-instant-wins-your-ultimate-guide-3/ HTTP/1.1" 200 12036 "-" "Mozilla/5.0 (Windows NT 10.0; Win64; x64) AppleWebKit/537.36 (KHTML, like Gecko) Chrome/120.0.0.0 Safari/537.36"
74.244.163.130 - - [30/Jul/2026:01:01:53 +0000] "GET /?p=1353 HTTP/1.1" 301 5 "-" "Mozilla/5.0 (Windows NT 10.0; Win64; x64) AppleWebKit/537.36 (KHTML, like Gecko) Chrome/120.0.0.0 Safari/537.36"
74.244.163.130 - - [30/Jul/2026:01:01:56 +0000] "GET /2026/07/30/best-casino-online-canada-for-scratch-cards-and-instant-wins-your-ultimate-guide-3/ HTTP/1.1" 200 12036 "-" "Mozilla/5.0 (Windows NT 10.0; Win64; x64) AppleWebKit/537.36 (KHTML, like Gecko) Chrome/120.0.0.0 Safari/537.36"
74.244.163.130 - - [30/Jul/2026:01:02:03 +0000] "GET /?p=1353 HTTP/1.1" 301 5 "-" "Mozilla/5.0 (Windows NT 10.0; Win64; x64) AppleWebKit/537.36 (KHTML, like Gecko) Chrome/120.0.0.0 Safari/537.36"
74.244.163.130 - - [30/Jul/2026:01:02:06 +0000] "GET /2026/07/30/best-casino-online-canada-for-scratch-cards-and-instant-wins-your-ultimate-guide-3/ HTTP/1.1" 200 12036 "-" "Mozilla/5.0 (Windows NT 10.0; Win64; x64) AppleWebKit/537.36 (KHTML, like Gecko) Chrome/120.0.0.0 Safari/537.36"
201.139.174.134 - - [30/Jul/2026:01:02:16 +0000] "GET / HTTP/1.1" 200 12367 "-" "Mozilla/5.0 (Windows NT 10.0; Win64; x64) AppleWebKit/537.36 (KHTML, like Gecko) Chrome/120.0.0.0 Safari/537.36"
201.139.174.134 - - [30/Jul/2026:01:02:20 +0000] "GET /wp-login.php HTTP/1.1" 200 3117 "-" "Mozilla/5.0 (Windows NT 10.0; Win64; x64) AppleWebKit/537.36 (KHTML, like Gecko) Chrome/120.0.0.0 Safari/537.36"
201.139.174.134 - - [30/Jul/2026:01:02:26 +0000] "POST /wp-login.php HTTP/1.1" 302 5 "https://mi-no-ka.studio/wp-login.php" "Mozilla/5.0 (Windows NT 10.0; Win64; x64) AppleWebKit/537.36 (KHTML, like Gecko) Chrome/120.0.0.0 Safari/537.36"
201.139.174.134 - - [30/Jul/2026:01:02:29 +0000] "GET /wp-admin/ HTTP/1.1" 200 52313 "https://mi-no-ka.studio/wp-login.php" "Mozilla/5.0 (Windows NT 10.0; Win64; x64) AppleWebKit/537.36 (KHTML, like Gecko) Chrome/120.0.0.0 Safari/537.36"
190.89.105.226 - - [30/Jul/2026:01:02:39 +0000] "GET /wp-admin/ HTTP/1.1" 200 52314 "-" "Mozilla/5.0 (Windows NT 10.0; Win64; x64) AppleWebKit/537.36 (KHTML, like Gecko) Chrome/120.0.0.0 Safari/537.36"
190.89.105.226 - - [30/Jul/2026:01:02:45 +0000] "GET /wp-admin/post-new.php HTTP/1.1" 200 199558 "-" "Mozilla/5.0 (Windows NT 10.0; Win64; x64) AppleWebKit/537.36 (KHTML, like Gecko) Chrome/120.0.0.0 Safari/537.36"
190.89.105.226 - - [30/Jul/2026:01:02:55 +0000] "POST /xmlrpc.php HTTP/1.1" 444 0 "-" "WordPress/5.0; https://mi-no-ka.studio"
102.219.42.137 - - [30/Jul/2026:01:03:09 +0000] "GET /wp-admin/admin-ajax.php?action=rest-nonce HTTP/1.1" 200 41 "-" "Mozilla/5.0 (Windows NT 10.0; Win64; x64) AppleWebKit/537.36 (KHTML, like Gecko) Chrome/120.0.0.0 Safari/537.36"
178.105.222.151 - - [30/Jul/2026:01:03:14 +0000] "POST /wp-cron.php?doing_wp_cron=1785373394.0918729305267333984375 HTTP/1.1" 200 31 "-" "WordPress/7.0; https://mi-no-ka.studio"
102.219.42.137 - - [30/Jul/2026:01:03:14 +0000] "POST /wp-json/wp/v2/posts HTTP/1.1" 201 17851 "-" "Mozilla/5.0 (Windows NT 10.0; Win64; x64) AppleWebKit/537.36 (KHTML, like Gecko) Chrome/120.0.0.0 Safari/537.36"
102.219.42.137 - - [30/Jul/2026:01:03:18 +0000] "GET /2026/07/29/best-casino-online-canada-for-scratch-cards-and-instant-wins-your-ultimate-guide-4/ HTTP/1.1" 200 12033 "-" "Mozilla/5.0 (Windows NT 10.0; Win64; x64) AppleWebKit/537.36 (KHTML, like Gecko) Chrome/120.0.0.0 Safari/537.36"
102.219.42.137 - - [30/Jul/2026:01:03:25 +0000] "GET /2026/07/29/best-casino-online-canada-for-scratch-cards-and-instant-wins-your-ultimate-guide-4/ HTTP/1.1" 200 12033 "-" "Mozilla/5.0 (Windows NT 10.0; Win64; x64) AppleWebKit/537.36 (KHTML, like Gecko) Chrome/120.0.0.0 Safari/537.36"
102.219.42.137 - - [30/Jul/2026:01:03:31 +0000] "GET /2026/07/29/best-casino-online-canada-for-scratch-cards-and-instant-wins-your-ultimate-guide-4/ HTTP/1.1" 200 12033 "-" "Mozilla/5.0 (Windows NT 10.0; Win64; x64) AppleWebKit/537.36 (KHTML, like Gecko) Chrome/120.0.0.0 Safari/537.36"
178.105.222.151 - - [30/Jul/2026:01:03:37 +0000] "POST /wp-cron.php?doing_wp_cron=1785373417.3828959465026855468750 HTTP/1.1" 200 31 "-" "WordPress/7.0; https://mi-no-ka.studio"
102.219.42.137 - - [30/Jul/2026:01:03:37 +0000] "POST /wp-json/wp/v2/posts HTTP/1.1" 201 17851 "-" "Mozilla/5.0 (Windows NT 10.0; Win64; x64) AppleWebKit/537.36 (KHTML, like Gecko) Chrome/120.0.0.0 Safari/537.36"
102.219.42.137 - - [30/Jul/2026:01:03:41 +0000] "GET /2026/07/29/best-casino-online-canada-for-scratch-cards-and-instant-wins-your-ultimate-guide-5/ HTTP/1.1" 200 12034 "-" "Mozilla/5.0 (Windows NT 10.0; Win64; x64) AppleWebKit/537.36 (KHTML, like Gecko) Chrome/120.0.0.0 Safari/537.36"
102.219.42.137 - - [30/Jul/2026:01:03:47 +0000] "GET /2026/07/29/best-casino-online-canada-for-scratch-cards-and-instant-wins-your-ultimate-guide-5/ HTTP/1.1" 200 12034 "-" "Mozilla/5.0 (Windows NT 10.0; Win64; x64) AppleWebKit/537.36 (KHTML, like Gecko) Chrome/120.0.0.0 Safari/537.36"
102.219.42.137 - - [30/Jul/2026:01:03:53 +0000] "GET /2026/07/29/best-casino-online-canada-for-scratch-cards-and-instant-wins-your-ultimate-guide-5/ HTTP/1.1" 200 12034 "-" "Mozilla/5.0 (Windows NT 10.0; Win64; x64) AppleWebKit/537.36 (KHTML, like Gecko) Chrome/120.0.0.0 Safari/537.36"
102.219.42.137 - - [30/Jul/2026:01:03:58 +0000] "GET /wp-admin/post-new.php HTTP/1.1" 200 199547 "-" "Mozilla/5.0 (Windows NT 10.0; Win64; x64) AppleWebKit/537.36 (KHTML, like Gecko) Chrome/120.0.0.0 Safari/537.36"
178.105.222.151 - - [30/Jul/2026:01:04:09 +0000] "POST /wp-cron.php?doing_wp_cron=1785373449.1703259944915771484375 HTTP/1.1" 200 31 "-" "WordPress/7.0; https://mi-no-ka.studio"
102.219.42.137 - - [30/Jul/2026:01:04:09 +0000] "POST /wp-admin/post.php HTTP/1.1" 302 5 "-" "Mozilla/5.0 (Windows NT 10.0; Win64; x64) AppleWebKit/537.36 (KHTML, like Gecko) Chrome/120.0.0.0 Safari/537.36"
102.219.42.137 - - [30/Jul/2026:01:04:12 +0000] "GET /wp-admin/post.php?post=1358&action=edit&message=1 HTTP/1.1" 200 203931 "-" "Mozilla/5.0 (Windows NT 10.0; Win64; x64) AppleWebKit/537.36 (KHTML, like Gecko) Chrome/120.0.0.0 Safari/537.36"
142.181.240.163 - - [30/Jul/2026:01:04:30 +0000] "GET /?p=1358 HTTP/1.1" 301 5 "-" "Mozilla/5.0 (Windows NT 10.0; Win64; x64) AppleWebKit/537.36 (KHTML, like Gecko) Chrome/120.0.0.0 Safari/537.36"
142.181.240.163 - - [30/Jul/2026:01:04:32 +0000] "GET /2026/07/30/best-casino-online-canada-for-scratch-cards-and-instant-wins-your-ultimate-guide-6/ HTTP/1.1" 200 12035 "-" "Mozilla/5.0 (Windows NT 10.0; Win64; x64) AppleWebKit/537.36 (KHTML, like Gecko) Chrome/120.0.0.0 Safari/537.36"
142.181.240.163 - - [30/Jul/2026:01:04:38 +0000] "GET /?p=1358 HTTP/1.1" 301 5 "-" "Mozilla/5.0 (Windows NT 10.0; Win64; x64) AppleWebKit/537.36 (KHTML, like Gecko) Chrome/120.0.0.0 Safari/537.36"
142.181.240.163 - - [30/Jul/2026:01:04:41 +0000] "GET /2026/07/30/best-casino-online-canada-for-scratch-cards-and-instant-wins-your-ultimate-guide-6/ HTTP/1.1" 200 12035 "-" "Mozilla/5.0 (Windows NT 10.0; Win64; x64) AppleWebKit/537.36 (KHTML, like Gecko) Chrome/120.0.0.0 Safari/537.36"
185.185.173.185 - - [30/Jul/2026:01:04:50 +0000] "GET / HTTP/1.1" 200 12367 "-" "Mozilla/5.0 (Windows NT 10.0; Win64; x64) AppleWebKit/537.36 (KHTML, like Gecko) Chrome/120.0.0.0 Safari/537.36"
185.185.173.185 - - [30/Jul/2026:01:04:54 +0000] "GET /wp-login.php HTTP/1.1" 200 3117 "-" "Mozilla/5.0 (Windows NT 10.0; Win64; x64) AppleWebKit/537.36 (KHTML, like Gecko) Chrome/120.0.0.0 Safari/537.36"
185.185.173.185 - - [30/Jul/2026:01:04:59 +0000] "POST /wp-login.php HTTP/1.1" 302 5 "https://mi-no-ka.studio/wp-login.php" "Mozilla/5.0 (Windows NT 10.0; Win64; x64) AppleWebKit/537.36 (KHTML, like Gecko) Chrome/120.0.0.0 Safari/537.36"
185.185.173.185 - - [30/Jul/2026:01:05:03 +0000] "GET /wp-admin/ HTTP/1.1" 200 52258 "https://mi-no-ka.studio/wp-login.php" "Mozilla/5.0 (Windows NT 10.0; Win64; x64) AppleWebKit/537.36 (KHTML, like Gecko) Chrome/120.0.0.0 Safari/537.36"
86.108.22.246 - - [30/Jul/2026:01:05:12 +0000] "GET /wp-admin/ HTTP/1.1" 200 52257 "-" "Mozilla/5.0 (Windows NT 10.0; Win64; x64) AppleWebKit/537.36 (KHTML, like Gecko) Chrome/120.0.0.0 Safari/537.36"
86.108.22.246 - - [30/Jul/2026:01:05:17 +0000] "GET /wp-admin/post-new.php HTTP/1.1" 200 199549 "-" "Mozilla/5.0 (Windows NT 10.0; Win64; x64) AppleWebKit/537.36 (KHTML, like Gecko) Chrome/120.0.0.0 Safari/537.36"
86.108.22.246 - - [30/Jul/2026:01:05:26 +0000] "POST /xmlrpc.php HTTP/1.1" 444 0 "-" "WordPress/5.0; https://mi-no-ka.studio"
201.219.236.251 - - [30/Jul/2026:01:05:41 +0000] "GET /wp-admin/admin-ajax.php?action=rest-nonce HTTP/1.1" 200 41 "-" "Mozilla/5.0 (Windows NT 10.0; Win64; x64) AppleWebKit/537.36 (KHTML, like Gecko) Chrome/120.0.0.0 Safari/537.36"
178.105.222.151 - - [30/Jul/2026:01:05:43 +0000] "POST /wp-cron.php?doing_wp_cron=1785373543.8456399440765380859375 HTTP/1.1" 200 31 "-" "WordPress/7.0; https://mi-no-ka.studio"
201.219.236.251 - - [30/Jul/2026:01:05:43 +0000] "POST /wp-json/wp/v2/posts HTTP/1.1" 201 17851 "-" "Mozilla/5.0 (Windows NT 10.0; Win64; x64) AppleWebKit/537.36 (KHTML, like Gecko) Chrome/120.0.0.0 Safari/537.36"
201.219.236.251 - - [30/Jul/2026:01:05:47 +0000] "GET /2026/07/29/best-casino-online-canada-for-scratch-cards-and-instant-wins-your-ultimate-guide-7/ HTTP/1.1" 200 12036 "-" "Mozilla/5.0 (Windows NT 10.0; Win64; x64) AppleWebKit/537.36 (KHTML, like Gecko) Chrome/120.0.0.0 Safari/537.36"
201.219.236.251 - - [30/Jul/2026:01:05:53 +0000] "GET /2026/07/29/best-casino-online-canada-for-scratch-cards-and-instant-wins-your-ultimate-guide-7/ HTTP/1.1" 200 12036 "-" "Mozilla/5.0 (Windows NT 10.0; Win64; x64) AppleWebKit/537.36 (KHTML, like Gecko) Chrome/120.0.0.0 Safari/537.36"
45.198.224.26 - - [30/Jul/2026:01:05:58 +0000] "GET /login HTTP/1.1" 404 134 "-" "Go-http-client/1.1"
201.219.236.251 - - [30/Jul/2026:01:05:59 +0000] "GET /2026/07/29/best-casino-online-canada-for-scratch-cards-and-instant-wins-your-ultimate-guide-7/ HTTP/1.1" 200 12036 "-" "Mozilla/5.0 (Windows NT 10.0; Win64; x64) AppleWebKit/537.36 (KHTML, like Gecko) Chrome/120.0.0.0 Safari/537.36"
178.105.222.151 - - [30/Jul/2026:01:06:04 +0000] "POST /wp-cron.php?doing_wp_cron=1785373564.0334808826446533203125 HTTP/1.1" 200 31 "-" "WordPress/7.0; https://mi-no-ka.studio"
201.219.236.251 - - [30/Jul/2026:01:06:04 +0000] "POST /wp-json/wp/v2/posts HTTP/1.1" 201 17851 "-" "Mozilla/5.0 (Windows NT 10.0; Win64; x64) AppleWebKit/537.36 (KHTML, like Gecko) Chrome/120.0.0.0 Safari/537.36"
201.219.236.251 - - [30/Jul/2026:01:06:07 +0000] "GET /2026/07/29/best-casino-online-canada-for-scratch-cards-and-instant-wins-your-ultimate-guide-8/ HTTP/1.1" 200 12035 "-" "Mozilla/5.0 (Windows NT 10.0; Win64; x64) AppleWebKit/537.36 (KHTML, like Gecko) Chrome/120.0.0.0 Safari/537.36"
201.219.236.251 - - [30/Jul/2026:01:06:13 +0000] "GET /2026/07/29/best-casino-online-canada-for-scratch-cards-and-instant-wins-your-ultimate-guide-8/ HTTP/1.1" 200 12035 "-" "Mozilla/5.0 (Windows NT 10.0; Win64; x64) AppleWebKit/537.36 (KHTML, like Gecko) Chrome/120.0.0.0 Safari/537.36"
201.219.236.251 - - [30/Jul/2026:01:06:19 +0000] "GET /2026/07/29/best-casino-online-canada-for-scratch-cards-and-instant-wins-your-ultimate-guide-8/ HTTP/1.1" 200 12035 "-" "Mozilla/5.0 (Windows NT 10.0; Win64; x64) AppleWebKit/537.36 (KHTML, like Gecko) Chrome/120.0.0.0 Safari/537.36"
78.180.24.92 - - [30/Jul/2026:01:06:31 +0000] "GET /wp-admin/post-new.php HTTP/1.1" 200 199546 "-" "Mozilla/5.0 (Windows NT 10.0; Win64; x64) AppleWebKit/537.36 (KHTML, like Gecko) Chrome/120.0.0.0 Safari/537.36"
178.105.222.151 - - [30/Jul/2026:01:06:40 +0000] "POST /wp-cron.php?doing_wp_cron=1785373600.8931889533996582031250 HTTP/1.1" 200 31 "-" "WordPress/7.0; https://mi-no-ka.studio"
78.180.24.92 - - [30/Jul/2026:01:06:40 +0000] "POST /wp-admin/post.php HTTP/1.1" 302 5 "-" "Mozilla/5.0 (Windows NT 10.0; Win64; x64) AppleWebKit/537.36 (KHTML, like Gecko) Chrome/120.0.0.0 Safari/537.36"
78.180.24.92 - - [30/Jul/2026:01:06:43 +0000] "GET /wp-admin/post.php?post=1363&action=edit&message=1 HTTP/1.1" 200 203920 "-" "Mozilla/5.0 (Windows NT 10.0; Win64; x64) AppleWebKit/537.36 (KHTML, like Gecko) Chrome/120.0.0.0 Safari/537.36"
167.249.35.175 - - [30/Jul/2026:01:06:50 +0000] "GET /?p=1363 HTTP/1.1" 301 5 "-" "Mozilla/5.0 (Windows NT 10.0; Win64; x64) AppleWebKit/537.36 (KHTML, like Gecko) Chrome/120.0.0.0 Safari/537.36"
167.249.35.175 - - [30/Jul/2026:01:06:54 +0000] "GET /2026/07/30/best-casino-online-canada-for-scratch-cards-and-instant-wins-your-ultimate-guide-9/ HTTP/1.1" 200 12036 "-" "Mozilla/5.0 (Windows NT 10.0; Win64; x64) AppleWebKit/537.36 (KHTML, like Gecko) Chrome/120.0.0.0 Safari/537.36"
167.249.35.175 - - [30/Jul/2026:01:07:00 +0000] "GET /?p=1363 HTTP/1.1" 301 5 "-" "Mozilla/5.0 (Windows NT 10.0; Win64; x64) AppleWebKit/537.36 (KHTML, like Gecko) Chrome/120.0.0.0 Safari/537.36"
14.248.123.144 - - [30/Jul/2026:01:07:14 +0000] "GET /?p=1363 HTTP/1.1" 301 5 "-" "Mozilla/5.0 (Windows NT 10.0; Win64; x64) AppleWebKit/537.36 (KHTML, like Gecko) Chrome/120.0.0.0 Safari/537.36"
14.248.123.144 - - [30/Jul/2026:01:07:16 +0000] "GET /2026/07/30/best-casino-online-canada-for-scratch-cards-and-instant-wins-your-ultimate-guide-9/ HTTP/1.1" 200 12036 "-" "Mozilla/5.0 (Windows NT 10.0; Win64; x64) AppleWebKit/537.36 (KHTML, like Gecko) Chrome/120.0.0.0 Safari/537.36"
190.60.32.146 - - [30/Jul/2026:01:07:25 +0000] "GET / HTTP/1.1" 200 12367 "-" "Mozilla/5.0 (Windows NT 10.0; Win64; x64) AppleWebKit/537.36 (KHTML, like Gecko) Chrome/120.0.0.0 Safari/537.36"
190.60.32.146 - - [30/Jul/2026:01:07:29 +0000] "GET /wp-login.php HTTP/1.1" 200 3117 "-" "Mozilla/5.0 (Windows NT 10.0; Win64; x64) AppleWebKit/537.36 (KHTML, like Gecko) Chrome/120.0.0.0 Safari/537.36"
193.34.77.216 - - [30/Jul/2026:01:07:31 +0000] "GET / HTTP/1.1" 200 12367 "-" "DomainChecker/0.1 (single-page technology inventory)"
190.60.32.146 - - [30/Jul/2026:01:07:33 +0000] "POST /wp-login.php HTTP/1.1" 302 5 "https://mi-no-ka.studio/wp-login.php" "Mozilla/5.0 (Windows NT 10.0; Win64; x64) AppleWebKit/537.36 (KHTML, like Gecko) Chrome/120.0.0.0 Safari/537.36"
190.60.32.146 - - [30/Jul/2026:01:07:36 +0000] "GET /wp-admin/ HTTP/1.1" 200 52252 "https://mi-no-ka.studio/wp-login.php" "Mozilla/5.0 (Windows NT 10.0; Win64; x64) AppleWebKit/537.36 (KHTML, like Gecko) Chrome/120.0.0.0 Safari/537.36"
185.181.108.210 - - [30/Jul/2026:01:07:44 +0000] "GET /wp-admin/ HTTP/1.1" 200 52252 "-" "Mozilla/5.0 (Windows NT 10.0; Win64; x64) AppleWebKit/537.36 (KHTML, like Gecko) Chrome/120.0.0.0 Safari/537.36"
185.181.108.210 - - [30/Jul/2026:01:07:49 +0000] "GET /wp-admin/post-new.php HTTP/1.1" 200 199562 "-" "Mozilla/5.0 (Windows NT 10.0; Win64; x64) AppleWebKit/537.36 (KHTML, like Gecko) Chrome/120.0.0.0 Safari/537.36"
185.181.108.210 - - [30/Jul/2026:01:07:58 +0000] "POST /xmlrpc.php HTTP/1.1" 444 0 "-" "WordPress/5.0; https://mi-no-ka.studio"
156.174.8.96 - - [30/Jul/2026:01:08:08 +0000] "GET /wp-admin/admin-ajax.php?action=rest-nonce HTTP/1.1" 200 41 "-" "Mozilla/5.0 (Windows NT 10.0; Win64; x64) AppleWebKit/537.36 (KHTML, like Gecko) Chrome/120.0.0.0 Safari/537.36"
178.105.222.151 - - [30/Jul/2026:01:08:11 +0000] "POST /wp-cron.php?doing_wp_cron=1785373691.7142570018768310546875 HTTP/1.1" 200 31 "-" "WordPress/7.0; https://mi-no-ka.studio"
156.174.8.96 - - [30/Jul/2026:01:08:11 +0000] "POST /wp-json/wp/v2/posts HTTP/1.1" 201 17856 "-" "Mozilla/5.0 (Windows NT 10.0; Win64; x64) AppleWebKit/537.36 (KHTML, like Gecko) Chrome/120.0.0.0 Safari/537.36"
156.174.8.96 - - [30/Jul/2026:01:08:15 +0000] "GET /2026/07/29/best-casino-online-canada-for-scratch-cards-and-instant-wins-your-ultimate-guide-10/ HTTP/1.1" 200 12034 "-" "Mozilla/5.0 (Windows NT 10.0; Win64; x64) AppleWebKit/537.36 (KHTML, like Gecko) Chrome/120.0.0.0 Safari/537.36"
156.174.8.96 - - [30/Jul/2026:01:08:20 +0000] "GET /2026/07/29/best-casino-online-canada-for-scratch-cards-and-instant-wins-your-ultimate-guide-10/ HTTP/1.1" 200 12034 "-" "Mozilla/5.0 (Windows NT 10.0; Win64; x64) AppleWebKit/537.36 (KHTML, like Gecko) Chrome/120.0.0.0 Safari/537.36"
156.174.8.96 - - [30/Jul/2026:01:08:26 +0000] "GET /2026/07/29/best-casino-online-canada-for-scratch-cards-and-instant-wins-your-ultimate-guide-10/ HTTP/1.1" 200 12034 "-" "Mozilla/5.0 (Windows NT 10.0; Win64; x64) AppleWebKit/537.36 (KHTML, like Gecko) Chrome/120.0.0.0 Safari/537.36"
178.105.222.151 - - [30/Jul/2026:01:08:30 +0000] "POST /wp-cron.php?doing_wp_cron=1785373710.7519419193267822265625 HTTP/1.1" 200 31 "-" "WordPress/7.0; https://mi-no-ka.studio"
156.174.8.96 - - [30/Jul/2026:01:08:30 +0000] "POST /wp-json/wp/v2/posts HTTP/1.1" 201 17856 "-" "Mozilla/5.0 (Windows NT 10.0; Win64; x64) AppleWebKit/537.36 (KHTML, like Gecko) Chrome/120.0.0.0 Safari/537.36"
156.174.8.96 - - [30/Jul/2026:01:08:34 +0000] "GET /2026/07/29/best-casino-online-canada-for-scratch-cards-and-instant-wins-your-ultimate-guide-11/ HTTP/1.1" 200 12036 "-" "Mozilla/5.0 (Windows NT 10.0; Win64; x64) AppleWebKit/537.36 (KHTML, like Gecko) Chrome/120.0.0.0 Safari/537.36"
156.174.8.96 - - [30/Jul/2026:01:08:39 +0000] "GET /2026/07/29/best-casino-online-canada-for-scratch-cards-and-instant-wins-your-ultimate-guide-11/ HTTP/1.1" 200 12036 "-" "Mozilla/5.0 (Windows NT 10.0; Win64; x64) AppleWebKit/537.36 (KHTML, like Gecko) Chrome/120.0.0.0 Safari/537.36"
156.174.8.96 - - [30/Jul/2026:01:08:46 +0000] "GET /2026/07/29/best-casino-online-canada-for-scratch-cards-and-instant-wins-your-ultimate-guide-11/ HTTP/1.1" 200 12036 "-" "Mozilla/5.0 (Windows NT 10.0; Win64; x64) AppleWebKit/537.36 (KHTML, like Gecko) Chrome/120.0.0.0 Safari/537.36"
156.174.8.96 - - [30/Jul/2026:01:08:50 +0000] "GET /wp-admin/post-new.php HTTP/1.1" 200 199552 "-" "Mozilla/5.0 (Windows NT 10.0; Win64; x64) AppleWebKit/537.36 (KHTML, like Gecko) Chrome/120.0.0.0 Safari/537.36"
178.105.222.151 - - [30/Jul/2026:01:09:00 +0000] "POST /wp-cron.php?doing_wp_cron=1785373740.6921019554138183593750 HTTP/1.1" 200 31 "-" "WordPress/7.0; https://mi-no-ka.studio"
156.174.8.96 - - [30/Jul/2026:01:09:00 +0000] "POST /wp-admin/post.php HTTP/1.1" 302 5 "-" "Mozilla/5.0 (Windows NT 10.0; Win64; x64) AppleWebKit/537.36 (KHTML, like Gecko) Chrome/120.0.0.0 Safari/537.36"
156.174.8.96 - - [30/Jul/2026:01:09:03 +0000] "GET /wp-admin/post.php?post=1368&action=edit&message=1 HTTP/1.1" 200 203926 "-" "Mozilla/5.0 (Windows NT 10.0; Win64; x64) AppleWebKit/537.36 (KHTML, like Gecko) Chrome/120.0.0.0 Safari/537.36"
153.51.238.196 - - [30/Jul/2026:01:09:11 +0000] "GET /?p=1368 HTTP/1.1" 301 5 "-" "Mozilla/5.0 (Windows NT 10.0; Win64; x64) AppleWebKit/537.36 (KHTML, like Gecko) Chrome/120.0.0.0 Safari/537.36"
153.51.238.196 - - [30/Jul/2026:01:09:14 +0000] "GET /2026/07/30/best-casino-online-canada-for-scratch-cards-and-instant-wins-your-ultimate-guide-12/ HTTP/1.1" 200 12036 "-" "Mozilla/5.0 (Windows NT 10.0; Win64; x64) AppleWebKit/537.36 (KHTML, like Gecko) Chrome/120.0.0.0 Safari/537.36"
113.168.175.26 - - [30/Jul/2026:01:09:24 +0000] "GET /?p=1368 HTTP/1.1" 301 5 "-" "Mozilla/5.0 (Windows NT 10.0; Win64; x64) AppleWebKit/537.36 (KHTML, like Gecko) Chrome/120.0.0.0 Safari/537.36"
113.168.175.26 - - [30/Jul/2026:01:09:26 +0000] "GET /2026/07/30/best-casino-online-canada-for-scratch-cards-and-instant-wins-your-ultimate-guide-12/ HTTP/1.1" 200 12036 "-" "Mozilla/5.0 (Windows NT 10.0; Win64; x64) AppleWebKit/537.36 (KHTML, like Gecko) Chrome/120.0.0.0 Safari/537.36"
113.168.175.26 - - [30/Jul/2026:01:09:32 +0000] "GET /?p=1368 HTTP/1.1" 301 5 "-" "Mozilla/5.0 (Windows NT 10.0; Win64; x64) AppleWebKit/537.36 (KHTML, like Gecko) Chrome/120.0.0.0 Safari/537.36"
113.168.175.26 - - [30/Jul/2026:01:09:34 +0000] "GET /2026/07/30/best-casino-online-canada-for-scratch-cards-and-instant-wins-your-ultimate-guide-12/ HTTP/1.1" 200 12036 "-" "Mozilla/5.0 (Windows NT 10.0; Win64; x64) AppleWebKit/537.36 (KHTML, like Gecko) Chrome/120.0.0.0 Safari/537.36"
186.146.249.119 - - [30/Jul/2026:01:09:44 +0000] "GET / HTTP/1.1" 301 178 "-" "Mozilla/5.0 (Windows NT 10.0; Win64; x64) AppleWebKit/537.36 (KHTML, like Gecko) Chrome/120.0.0.0 Safari/537.36"
181.119.66.212 - - [30/Jul/2026:01:09:52 +0000] "GET / HTTP/1.1" 200 12367 "-" "Mozilla/5.0 (Windows NT 10.0; Win64; x64) AppleWebKit/537.36 (KHTML, like Gecko) Chrome/120.0.0.0 Safari/537.36"
85.217.149.52 - - [30/Jul/2026:01:13:39 +0000] "GET / HTTP/1.1" 404 134 "-" "Mozilla/5.0 (compatible; ModatScanner/1.2; +https://modat.io/)"
178.105.222.151 - - [30/Jul/2026:01:21:55 +0000] "POST /wp-cron.php?doing_wp_cron=1785374515.9188220500946044921875 HTTP/1.1" 200 31 "-" "WordPress/7.0; https://mi-no-ka.studio"
188.132.206.122 - - [30/Jul/2026:01:21:55 +0000] "GET / HTTP/1.1" 200 12367 "-" "Mozilla/5.0 (Windows NT 10.0; Win64; x64) AppleWebKit/537.36 (KHTML, like Gecko) Chrome/120.0.0.0 Safari/537.36"
188.132.206.122 - - [30/Jul/2026:01:21:59 +0000] "GET /wp-login.php HTTP/1.1" 200 3117 "-" "Mozilla/5.0 (Windows NT 10.0; Win64; x64) AppleWebKit/537.36 (KHTML, like Gecko) Chrome/120.0.0.0 Safari/537.36"
188.132.206.122 - - [30/Jul/2026:01:22:03 +0000] "POST /wp-login.php HTTP/1.1" 302 5 "https://mi-no-ka.studio/wp-login.php" "Mozilla/5.0 (Windows NT 10.0; Win64; x64) AppleWebKit/537.36 (KHTML, like Gecko) Chrome/120.0.0.0 Safari/537.36"
134.209.159.31 - - [30/Jul/2026:01:22:06 +0000] "GET / HTTP/1.1" 301 178 "-" "Mozilla/5.0 (X11; Linux x86_64) AppleWebKit/537.36 (KHTML, like Gecko) Chrome/142.0.0.0 Safari/537.36"
188.132.206.122 - - [30/Jul/2026:01:22:06 +0000] "GET /wp-admin/ HTTP/1.1" 200 52247 "https://mi-no-ka.studio/wp-login.php" "Mozilla/5.0 (Windows NT 10.0; Win64; x64) AppleWebKit/537.36 (KHTML, like Gecko) Chrome/120.0.0.0 Safari/537.36"
134.209.159.31 - - [30/Jul/2026:01:22:06 +0000] "GET /favicon.ico HTTP/1.1" 301 178 "http://www.mi-no-ka.studio/" "Mozilla/5.0 (X11; Linux x86_64) AppleWebKit/537.36 (KHTML, like Gecko) Chrome/142.0.0.0 Safari/537.36"
134.209.159.31 - - [30/Jul/2026:01:22:06 +0000] "GET / HTTP/1.1" 301 5 "-" "Mozilla/5.0 (X11; Linux x86_64) AppleWebKit/537.36 (KHTML, like Gecko) Chrome/142.0.0.0 Safari/537.36"
134.209.159.31 - - [30/Jul/2026:01:22:10 +0000] "GET /favicon.ico HTTP/1.1" 404 197 "https://www.mi-no-ka.studio/" "Mozilla/5.0 (X11; Linux x86_64) AppleWebKit/537.36 (KHTML, like Gecko) Chrome/142.0.0.0 Safari/537.36"
103.181.111.108 - - [30/Jul/2026:01:22:15 +0000] "GET /wp-admin/ HTTP/1.1" 200 52247 "-" "Mozilla/5.0 (Windows NT 10.0; Win64; x64) AppleWebKit/537.36 (KHTML, like Gecko) Chrome/120.0.0.0 Safari/537.36"
103.181.111.108 - - [30/Jul/2026:01:22:19 +0000] "GET /wp-admin/post-new.php HTTP/1.1" 200 199548 "-" "Mozilla/5.0 (Windows NT 10.0; Win64; x64) AppleWebKit/537.36 (KHTML, like Gecko) Chrome/120.0.0.0 Safari/537.36"
103.181.111.108 - - [30/Jul/2026:01:22:26 +0000] "POST /xmlrpc.php HTTP/1.1" 444 0 "-" "WordPress/5.0; https://mi-no-ka.studio"
181.191.224.139 - - [30/Jul/2026:01:22:41 +0000] "GET /wp-admin/admin-ajax.php?action=rest-nonce HTTP/1.1" 200 41 "-" "Mozilla/5.0 (Windows NT 10.0; Win64; x64) AppleWebKit/537.36 (KHTML, like Gecko) Chrome/120.0.0.0 Safari/537.36"
178.105.222.151 - - [30/Jul/2026:01:22:45 +0000] "POST /wp-cron.php?doing_wp_cron=1785374565.0963621139526367187500 HTTP/1.1" 200 31 "-" "WordPress/7.0; https://mi-no-ka.studio"
181.191.224.139 - - [30/Jul/2026:01:22:45 +0000] "POST /wp-json/wp/v2/posts HTTP/1.1" 201 15847 "-" "Mozilla/5.0 (Windows NT 10.0; Win64; x64) AppleWebKit/537.36 (KHTML, like Gecko) Chrome/120.0.0.0 Safari/537.36"
181.191.224.139 - - [30/Jul/2026:01:22:48 +0000] "GET /2026/07/29/jakie-promocje-czekaja-w-kasyno-mostbet-po-rejestracji/ HTTP/1.1" 200 12100 "-" "Mozilla/5.0 (Windows NT 10.0; Win64; x64) AppleWebKit/537.36 (KHTML, like Gecko) Chrome/120.0.0.0 Safari/537.36"
181.191.224.139 - - [30/Jul/2026:01:22:53 +0000] "GET /2026/07/29/jakie-promocje-czekaja-w-kasyno-mostbet-po-rejestracji/ HTTP/1.1" 200 12100 "-" "Mozilla/5.0 (Windows NT 10.0; Win64; x64) AppleWebKit/537.36 (KHTML, like Gecko) Chrome/120.0.0.0 Safari/537.36"
181.191.224.139 - - [30/Jul/2026:01:22:59 +0000] "GET /2026/07/29/jakie-promocje-czekaja-w-kasyno-mostbet-po-rejestracji/ HTTP/1.1" 200 12100 "-" "Mozilla/5.0 (Windows NT 10.0; Win64; x64) AppleWebKit/537.36 (KHTML, like Gecko) Chrome/120.0.0.0 Safari/537.36"
178.105.222.151 - - [30/Jul/2026:01:23:03 +0000] "POST /wp-cron.php?doing_wp_cron=1785374583.2509551048278808593750 HTTP/1.1" 200 31 "-" "WordPress/7.0; https://mi-no-ka.studio"
181.191.224.139 - - [30/Jul/2026:01:23:03 +0000] "POST /wp-json/wp/v2/posts HTTP/1.1" 201 15857 "-" "Mozilla/5.0 (Windows NT 10.0; Win64; x64) AppleWebKit/537.36 (KHTML, like Gecko) Chrome/120.0.0.0 Safari/537.36"
181.191.224.139 - - [30/Jul/2026:01:23:06 +0000] "GET /2026/07/29/jakie-promocje-czekaja-w-kasyno-mostbet-po-rejestracji-2/ HTTP/1.1" 200 12101 "-" "Mozilla/5.0 (Windows NT 10.0; Win64; x64) AppleWebKit/537.36 (KHTML, like Gecko) Chrome/120.0.0.0 Safari/537.36"
181.191.224.139 - - [30/Jul/2026:01:23:11 +0000] "GET /2026/07/29/jakie-promocje-czekaja-w-kasyno-mostbet-po-rejestracji-2/ HTTP/1.1" 200 12101 "-" "Mozilla/5.0 (Windows NT 10.0; Win64; x64) AppleWebKit/537.36 (KHTML, like Gecko) Chrome/120.0.0.0 Safari/537.36"
45.148.10.120 - - [30/Jul/2026:01:23:12 +0000] "GET / HTTP/1.1" 200 12367 "-" "Mozilla/5.0 (Macintosh; Intel Mac OS X 10_15_7) AppleWebKit/605.1.15 (KHTML, like Gecko) Version/18.4 Safari/605.1.15"
181.191.224.139 - - [30/Jul/2026:01:23:16 +0000] "GET /2026/07/29/jakie-promocje-czekaja-w-kasyno-mostbet-po-rejestracji-2/ HTTP/1.1" 200 12101 "-" "Mozilla/5.0 (Windows NT 10.0; Win64; x64) AppleWebKit/537.36 (KHTML, like Gecko) Chrome/120.0.0.0 Safari/537.36"
181.191.224.139 - - [30/Jul/2026:01:23:21 +0000] "GET /wp-admin/post-new.php HTTP/1.1" 200 199547 "-" "Mozilla/5.0 (Windows NT 10.0; Win64; x64) AppleWebKit/537.36 (KHTML, like Gecko) Chrome/120.0.0.0 Safari/537.36"
178.105.222.151 - - [30/Jul/2026:01:23:31 +0000] "POST /wp-cron.php?doing_wp_cron=1785374611.5451231002807617187500 HTTP/1.1" 200 31 "-" "WordPress/7.0; https://mi-no-ka.studio"
181.191.224.139 - - [30/Jul/2026:01:23:31 +0000] "POST /wp-admin/post.php HTTP/1.1" 302 5 "-" "Mozilla/5.0 (Windows NT 10.0; Win64; x64) AppleWebKit/537.36 (KHTML, like Gecko) Chrome/120.0.0.0 Safari/537.36"
181.191.224.139 - - [30/Jul/2026:01:23:36 +0000] "GET /wp-admin/post.php?post=1373&action=edit&message=1 HTTP/1.1" 200 203365 "-" "Mozilla/5.0 (Windows NT 10.0; Win64; x64) AppleWebKit/537.36 (KHTML, like Gecko) Chrome/120.0.0.0 Safari/537.36"
146.120.69.144 - - [30/Jul/2026:01:23:41 +0000] "GET /?p=1373 HTTP/1.1" 301 5 "-" "Mozilla/5.0 (Windows NT 10.0; Win64; x64) AppleWebKit/537.36 (KHTML, like Gecko) Chrome/120.0.0.0 Safari/537.36"
146.120.69.144 - - [30/Jul/2026:01:23:43 +0000] "GET /2026/07/30/jakie-promocje-czekaja-w-kasyno-mostbet-po-rejestracji-3/ HTTP/1.1" 200 12102 "-" "Mozilla/5.0 (Windows NT 10.0; Win64; x64) AppleWebKit/537.36 (KHTML, like Gecko) Chrome/120.0.0.0 Safari/537.36"
146.120.69.144 - - [30/Jul/2026:01:23:49 +0000] "GET /?p=1373 HTTP/1.1" 301 5 "-" "Mozilla/5.0 (Windows NT 10.0; Win64; x64) AppleWebKit/537.36 (KHTML, like Gecko) Chrome/120.0.0.0 Safari/537.36"
146.120.69.144 - - [30/Jul/2026:01:23:51 +0000] "GET /2026/07/30/jakie-promocje-czekaja-w-kasyno-mostbet-po-rejestracji-3/ HTTP/1.1" 200 12102 "-" "Mozilla/5.0 (Windows NT 10.0; Win64; x64) AppleWebKit/537.36 (KHTML, like Gecko) Chrome/120.0.0.0 Safari/537.36"
38.166.77.97 - - [30/Jul/2026:01:24:07 +0000] "GET /?p=1373 HTTP/1.1" 301 5 "-" "Mozilla/5.0 (Windows NT 10.0; Win64; x64) AppleWebKit/537.36 (KHTML, like Gecko) Chrome/120.0.0.0 Safari/537.36"
38.166.77.97 - - [30/Jul/2026:01:24:09 +0000] "GET /2026/07/30/jakie-promocje-czekaja-w-kasyno-mostbet-po-rejestracji-3/ HTTP/1.1" 200 12102 "-" "Mozilla/5.0 (Windows NT 10.0; Win64; x64) AppleWebKit/537.36 (KHTML, like Gecko) Chrome/120.0.0.0 Safari/537.36"
170.239.111.159 - - [30/Jul/2026:01:24:17 +0000] "GET / HTTP/1.1" 200 12367 "-" "Mozilla/5.0 (Windows NT 10.0; Win64; x64) AppleWebKit/537.36 (KHTML, like Gecko) Chrome/120.0.0.0 Safari/537.36"
170.239.111.159 - - [30/Jul/2026:01:24:19 +0000] "GET /wp-login.php HTTP/1.1" 200 3117 "-" "Mozilla/5.0 (Windows NT 10.0; Win64; x64) AppleWebKit/537.36 (KHTML, like Gecko) Chrome/120.0.0.0 Safari/537.36"
170.239.111.159 - - [30/Jul/2026:01:24:25 +0000] "POST /wp-login.php HTTP/1.1" 302 5 "https://mi-no-ka.studio/wp-login.php" "Mozilla/5.0 (Windows NT 10.0; Win64; x64) AppleWebKit/537.36 (KHTML, like Gecko) Chrome/120.0.0.0 Safari/537.36"
170.239.111.159 - - [30/Jul/2026:01:24:27 +0000] "GET /wp-admin/ HTTP/1.1" 200 52296 "https://mi-no-ka.studio/wp-login.php" "Mozilla/5.0 (Windows NT 10.0; Win64; x64) AppleWebKit/537.36 (KHTML, like Gecko) Chrome/120.0.0.0 Safari/537.36"
38.246.182.62 - - [30/Jul/2026:01:24:35 +0000] "GET /wp-admin/ HTTP/1.1" 200 52296 "-" "Mozilla/5.0 (Windows NT 10.0; Win64; x64) AppleWebKit/537.36 (KHTML, like Gecko) Chrome/120.0.0.0 Safari/537.36"
38.246.182.62 - - [30/Jul/2026:01:24:39 +0000] "GET /wp-admin/post-new.php HTTP/1.1" 200 199560 "-" "Mozilla/5.0 (Windows NT 10.0; Win64; x64) AppleWebKit/537.36 (KHTML, like Gecko) Chrome/120.0.0.0 Safari/537.36"
38.246.182.62 - - [30/Jul/2026:01:24:46 +0000] "POST /xmlrpc.php HTTP/1.1" 444 0 "-" "WordPress/5.0; https://mi-no-ka.studio"
38.191.254.136 - - [30/Jul/2026:01:25:00 +0000] "GET /wp-admin/admin-ajax.php?action=rest-nonce HTTP/1.1" 200 41 "-" "Mozilla/5.0 (Windows NT 10.0; Win64; x64) AppleWebKit/537.36 (KHTML, like Gecko) Chrome/120.0.0.0 Safari/537.36"
178.105.222.151 - - [30/Jul/2026:01:25:04 +0000] "POST /wp-cron.php?doing_wp_cron=1785374704.0684580802917480468750 HTTP/1.1" 200 31 "-" "WordPress/7.0; https://mi-no-ka.studio"
38.191.254.136 - - [30/Jul/2026:01:25:04 +0000] "POST /wp-json/wp/v2/posts HTTP/1.1" 201 15857 "-" "Mozilla/5.0 (Windows NT 10.0; Win64; x64) AppleWebKit/537.36 (KHTML, like Gecko) Chrome/120.0.0.0 Safari/537.36"
38.191.254.136 - - [30/Jul/2026:01:25:06 +0000] "GET /2026/07/29/jakie-promocje-czekaja-w-kasyno-mostbet-po-rejestracji-4/ HTTP/1.1" 200 12099 "-" "Mozilla/5.0 (Windows NT 10.0; Win64; x64) AppleWebKit/537.36 (KHTML, like Gecko) Chrome/120.0.0.0 Safari/537.36"
38.191.254.136 - - [30/Jul/2026:01:25:11 +0000] "GET /2026/07/29/jakie-promocje-czekaja-w-kasyno-mostbet-po-rejestracji-4/ HTTP/1.1" 200 12099 "-" "Mozilla/5.0 (Windows NT 10.0; Win64; x64) AppleWebKit/537.36 (KHTML, like Gecko) Chrome/120.0.0.0 Safari/537.36"
38.191.254.136 - - [30/Jul/2026:01:25:16 +0000] "GET /2026/07/29/jakie-promocje-czekaja-w-kasyno-mostbet-po-rejestracji-4/ HTTP/1.1" 200 12099 "-" "Mozilla/5.0 (Windows NT 10.0; Win64; x64) AppleWebKit/537.36 (KHTML, like Gecko) Chrome/120.0.0.0 Safari/537.36"
178.105.222.151 - - [30/Jul/2026:01:25:21 +0000] "POST /wp-cron.php?doing_wp_cron=1785374721.6194529533386230468750 HTTP/1.1" 200 31 "-" "WordPress/7.0; https://mi-no-ka.studio"
38.191.254.136 - - [30/Jul/2026:01:25:21 +0000] "POST /wp-json/wp/v2/posts HTTP/1.1" 201 15857 "-" "Mozilla/5.0 (Windows NT 10.0; Win64; x64) AppleWebKit/537.36 (KHTML, like Gecko) Chrome/120.0.0.0 Safari/537.36"
38.191.254.136 - - [30/Jul/2026:01:25:24 +0000] "GET /2026/07/29/jakie-promocje-czekaja-w-kasyno-mostbet-po-rejestracji-5/ HTTP/1.1" 200 12100 "-" "Mozilla/5.0 (Windows NT 10.0; Win64; x64) AppleWebKit/537.36 (KHTML, like Gecko) Chrome/120.0.0.0 Safari/537.36"
38.191.254.136 - - [30/Jul/2026:01:25:29 +0000] "GET /2026/07/29/jakie-promocje-czekaja-w-kasyno-mostbet-po-rejestracji-5/ HTTP/1.1" 200 12100 "-" "Mozilla/5.0 (Windows NT 10.0; Win64; x64) AppleWebKit/537.36 (KHTML, like Gecko) Chrome/120.0.0.0 Safari/537.36"
38.191.254.136 - - [30/Jul/2026:01:25:34 +0000] "GET /2026/07/29/jakie-promocje-czekaja-w-kasyno-mostbet-po-rejestracji-5/ HTTP/1.1" 200 12100 "-" "Mozilla/5.0 (Windows NT 10.0; Win64; x64) AppleWebKit/537.36 (KHTML, like Gecko) Chrome/120.0.0.0 Safari/537.36"
38.191.254.136 - - [30/Jul/2026:01:25:37 +0000] "GET /wp-admin/post-new.php HTTP/1.1" 200 199560 "-" "Mozilla/5.0 (Windows NT 10.0; Win64; x64) AppleWebKit/537.36 (KHTML, like Gecko) Chrome/120.0.0.0 Safari/537.36"
178.105.222.151 - - [30/Jul/2026:01:25:45 +0000] "POST /wp-cron.php?doing_wp_cron=1785374745.5963370800018310546875 HTTP/1.1" 200 31 "-" "WordPress/7.0; https://mi-no-ka.studio"
38.191.254.136 - - [30/Jul/2026:01:25:45 +0000] "POST /wp-admin/post.php HTTP/1.1" 302 5 "-" "Mozilla/5.0 (Windows NT 10.0; Win64; x64) AppleWebKit/537.36 (KHTML, like Gecko) Chrome/120.0.0.0 Safari/537.36"
38.191.254.136 - - [30/Jul/2026:01:25:47 +0000] "GET /wp-admin/post.php?post=1378&action=edit&message=1 HTTP/1.1" 200 203374 "-" "Mozilla/5.0 (Windows NT 10.0; Win64; x64) AppleWebKit/537.36 (KHTML, like Gecko) Chrome/120.0.0.0 Safari/537.36"
105.190.193.98 - - [30/Jul/2026:01:25:56 +0000] "GET /?p=1378 HTTP/1.1" 301 5 "-" "Mozilla/5.0 (Windows NT 10.0; Win64; x64) AppleWebKit/537.36 (KHTML, like Gecko) Chrome/120.0.0.0 Safari/537.36"
105.190.193.98 - - [30/Jul/2026:01:25:59 +0000] "GET /2026/07/30/jakie-promocje-czekaja-w-kasyno-mostbet-po-rejestracji-6/ HTTP/1.1" 200 12101 "-" "Mozilla/5.0 (Windows NT 10.0; Win64; x64) AppleWebKit/537.36 (KHTML, like Gecko) Chrome/120.0.0.0 Safari/537.36"
105.190.193.98 - - [30/Jul/2026:01:26:05 +0000] "GET /?p=1378 HTTP/1.1" 301 5 "-" "Mozilla/5.0 (Windows NT 10.0; Win64; x64) AppleWebKit/537.36 (KHTML, like Gecko) Chrome/120.0.0.0 Safari/537.36"
105.190.193.98 - - [30/Jul/2026:01:26:08 +0000] "GET /2026/07/30/jakie-promocje-czekaja-w-kasyno-mostbet-po-rejestracji-6/ HTTP/1.1" 200 12101 "-" "Mozilla/5.0 (Windows NT 10.0; Win64; x64) AppleWebKit/537.36 (KHTML, like Gecko) Chrome/120.0.0.0 Safari/537.36"
105.190.193.98 - - [30/Jul/2026:01:26:19 +0000] "GET /?p=1378 HTTP/1.1" 301 5 "-" "Mozilla/5.0 (Windows NT 10.0; Win64; x64) AppleWebKit/537.36 (KHTML, like Gecko) Chrome/120.0.0.0 Safari/537.36"
105.190.193.98 - - [30/Jul/2026:01:26:21 +0000] "GET /2026/07/30/jakie-promocje-czekaja-w-kasyno-mostbet-po-rejestracji-6/ HTTP/1.1" 200 12101 "-" "Mozilla/5.0 (Windows NT 10.0; Win64; x64) AppleWebKit/537.36 (KHTML, like Gecko) Chrome/120.0.0.0 Safari/537.36"
94.139.31.1 - - [30/Jul/2026:01:26:31 +0000] "GET / HTTP/1.1" 200 12367 "-" "Mozilla/5.0 (Windows NT 10.0; Win64; x64) AppleWebKit/537.36 (KHTML, like Gecko) Chrome/120.0.0.0 Safari/537.36"
94.139.31.1 - - [30/Jul/2026:01:26:34 +0000] "GET /wp-login.php HTTP/1.1" 200 3117 "-" "Mozilla/5.0 (Windows NT 10.0; Win64; x64) AppleWebKit/537.36 (KHTML, like Gecko) Chrome/120.0.0.0 Safari/537.36"
94.139.31.1 - - [30/Jul/2026:01:26:37 +0000] "POST /wp-login.php HTTP/1.1" 302 5 "https://mi-no-ka.studio/wp-login.php" "Mozilla/5.0 (Windows NT 10.0; Win64; x64) AppleWebKit/537.36 (KHTML, like Gecko) Chrome/120.0.0.0 Safari/537.36"
94.139.31.1 - - [30/Jul/2026:01:26:39 +0000] "GET /wp-admin/ HTTP/1.1" 200 52298 "https://mi-no-ka.studio/wp-login.php" "Mozilla/5.0 (Windows NT 10.0; Win64; x64) AppleWebKit/537.36 (KHTML, like Gecko) Chrome/120.0.0.0 Safari/537.36"
124.253.80.49 - - [30/Jul/2026:01:26:47 +0000] "GET /wp-admin/ HTTP/1.1" 200 52298 "-" "Mozilla/5.0 (Windows NT 10.0; Win64; x64) AppleWebKit/537.36 (KHTML, like Gecko) Chrome/120.0.0.0 Safari/537.36"
115.84.178.56 - - [30/Jul/2026:01:26:47 +0000] "POST /cgi-bin/ViewLog.asp HTTP/1.1" 404 134 "-" "r00ts3c-owned-you"
115.84.178.56 - - [30/Jul/2026:01:26:47 +0000] "t=Save" 400 166 "-" "-"
124.253.80.49 - - [30/Jul/2026:01:26:51 +0000] "GET /wp-admin/post-new.php HTTP/1.1" 200 199551 "-" "Mozilla/5.0 (Windows NT 10.0; Win64; x64) AppleWebKit/537.36 (KHTML, like Gecko) Chrome/120.0.0.0 Safari/537.36"
124.253.80.49 - - [30/Jul/2026:01:26:58 +0000] "POST /xmlrpc.php HTTP/1.1" 444 0 "-" "WordPress/5.0; https://mi-no-ka.studio"
83.46.80.71 - - [30/Jul/2026:01:27:09 +0000] "GET /wp-admin/admin-ajax.php?action=rest-nonce HTTP/1.1" 200 41 "-" "Mozilla/5.0 (Windows NT 10.0; Win64; x64) AppleWebKit/537.36 (KHTML, like Gecko) Chrome/120.0.0.0 Safari/537.36"
178.105.222.151 - - [30/Jul/2026:01:27:12 +0000] "POST /wp-cron.php?doing_wp_cron=1785374832.5188770294189453125000 HTTP/1.1" 200 31 "-" "WordPress/7.0; https://mi-no-ka.studio"
83.46.80.71 - - [30/Jul/2026:01:27:12 +0000] "POST /wp-json/wp/v2/posts HTTP/1.1" 201 15857 "-" "Mozilla/5.0 (Windows NT 10.0; Win64; x64) AppleWebKit/537.36 (KHTML, like Gecko) Chrome/120.0.0.0 Safari/537.36"
83.46.80.71 - - [30/Jul/2026:01:27:15 +0000] "GET /2026/07/29/jakie-promocje-czekaja-w-kasyno-mostbet-po-rejestracji-7/ HTTP/1.1" 200 12101 "-" "Mozilla/5.0 (Windows NT 10.0; Win64; x64) AppleWebKit/537.36 (KHTML, like Gecko) Chrome/120.0.0.0 Safari/537.36"
83.46.80.71 - - [30/Jul/2026:01:27:20 +0000] "GET /2026/07/29/jakie-promocje-czekaja-w-kasyno-mostbet-po-rejestracji-7/ HTTP/1.1" 200 12101 "-" "Mozilla/5.0 (Windows NT 10.0; Win64; x64) AppleWebKit/537.36 (KHTML, like Gecko) Chrome/120.0.0.0 Safari/537.36"
83.46.80.71 - - [30/Jul/2026:01:27:25 +0000] "GET /2026/07/29/jakie-promocje-czekaja-w-kasyno-mostbet-po-rejestracji-7/ HTTP/1.1" 200 12101 "-" "Mozilla/5.0 (Windows NT 10.0; Win64; x64) AppleWebKit/537.36 (KHTML, like Gecko) Chrome/120.0.0.0 Safari/537.36"
178.105.222.151 - - [30/Jul/2026:01:27:29 +0000] "POST /wp-cron.php?doing_wp_cron=1785374849.8471119403839111328125 HTTP/1.1" 200 31 "-" "WordPress/7.0; https://mi-no-ka.studio"
83.46.80.71 - - [30/Jul/2026:01:27:29 +0000] "POST /wp-json/wp/v2/posts HTTP/1.1" 201 15857 "-" "Mozilla/5.0 (Windows NT 10.0; Win64; x64) AppleWebKit/537.36 (KHTML, like Gecko) Chrome/120.0.0.0 Safari/537.36"
83.46.80.71 - - [30/Jul/2026:01:27:32 +0000] "GET /2026/07/29/jakie-promocje-czekaja-w-kasyno-mostbet-po-rejestracji-8/ HTTP/1.1" 200 12101 "-" "Mozilla/5.0 (Windows NT 10.0; Win64; x64) AppleWebKit/537.36 (KHTML, like Gecko) Chrome/120.0.0.0 Safari/537.36"
83.46.80.71 - - [30/Jul/2026:01:27:37 +0000] "GET /2026/07/29/jakie-promocje-czekaja-w-kasyno-mostbet-po-rejestracji-8/ HTTP/1.1" 200 12101 "-" "Mozilla/5.0 (Windows NT 10.0; Win64; x64) AppleWebKit/537.36 (KHTML, like Gecko) Chrome/120.0.0.0 Safari/537.36"
83.46.80.71 - - [30/Jul/2026:01:27:42 +0000] "GET /2026/07/29/jakie-promocje-czekaja-w-kasyno-mostbet-po-rejestracji-8/ HTTP/1.1" 200 12101 "-" "Mozilla/5.0 (Windows NT 10.0; Win64; x64) AppleWebKit/537.36 (KHTML, like Gecko) Chrome/120.0.0.0 Safari/537.36"
83.46.80.71 - - [30/Jul/2026:01:27:45 +0000] "GET /wp-admin/post-new.php HTTP/1.1" 200 199552 "-" "Mozilla/5.0 (Windows NT 10.0; Win64; x64) AppleWebKit/537.36 (KHTML, like Gecko) Chrome/120.0.0.0 Safari/537.36"
178.105.222.151 - - [30/Jul/2026:01:27:53 +0000] "POST /wp-cron.php?doing_wp_cron=1785374873.5973889827728271484375 HTTP/1.1" 200 31 "-" "WordPress/7.0; https://mi-no-ka.studio"
83.46.80.71 - - [30/Jul/2026:01:27:53 +0000] "POST /wp-admin/post.php HTTP/1.1" 302 5 "-" "Mozilla/5.0 (Windows NT 10.0; Win64; x64) AppleWebKit/537.36 (KHTML, like Gecko) Chrome/120.0.0.0 Safari/537.36"
83.46.80.71 - - [30/Jul/2026:01:27:56 +0000] "GET /wp-admin/post.php?post=1383&action=edit&message=1 HTTP/1.1" 200 203375 "-" "Mozilla/5.0 (Windows NT 10.0; Win64; x64) AppleWebKit/537.36 (KHTML, like Gecko) Chrome/120.0.0.0 Safari/537.36"
99.239.115.9 - - [30/Jul/2026:01:28:03 +0000] "GET /?p=1383 HTTP/1.1" 301 5 "-" "Mozilla/5.0 (Windows NT 10.0; Win64; x64) AppleWebKit/537.36 (KHTML, like Gecko) Chrome/120.0.0.0 Safari/537.36"
99.239.115.9 - - [30/Jul/2026:01:28:05 +0000] "GET /2026/07/30/jakie-promocje-czekaja-w-kasyno-mostbet-po-rejestracji-9/ HTTP/1.1" 200 12102 "-" "Mozilla/5.0 (Windows NT 10.0; Win64; x64) AppleWebKit/537.36 (KHTML, like Gecko) Chrome/120.0.0.0 Safari/537.36"
99.239.115.9 - - [30/Jul/2026:01:28:09 +0000] "GET /?p=1383 HTTP/1.1" 301 5 "-" "Mozilla/5.0 (Windows NT 10.0; Win64; x64) AppleWebKit/537.36 (KHTML, like Gecko) Chrome/120.0.0.0 Safari/537.36"
99.239.115.9 - - [30/Jul/2026:01:28:11 +0000] "GET /2026/07/30/jakie-promocje-czekaja-w-kasyno-mostbet-po-rejestracji-9/ HTTP/1.1" 200 12102 "-" "Mozilla/5.0 (Windows NT 10.0; Win64; x64) AppleWebKit/537.36 (KHTML, like Gecko) Chrome/120.0.0.0 Safari/537.36"
99.239.115.9 - - [30/Jul/2026:01:28:16 +0000] "GET /?p=1383 HTTP/1.1" 301 5 "-" "Mozilla/5.0 (Windows NT 10.0; Win64; x64) AppleWebKit/537.36 (KHTML, like Gecko) Chrome/120.0.0.0 Safari/537.36"
99.239.115.9 - - [30/Jul/2026:01:28:18 +0000] "GET /2026/07/30/jakie-promocje-czekaja-w-kasyno-mostbet-po-rejestracji-9/ HTTP/1.1" 200 12102 "-" "Mozilla/5.0 (Windows NT 10.0; Win64; x64) AppleWebKit/537.36 (KHTML, like Gecko) Chrome/120.0.0.0 Safari/537.36"
84.242.62.227 - - [30/Jul/2026:01:28:25 +0000] "GET / HTTP/1.1" 200 12367 "-" "Mozilla/5.0 (Windows NT 10.0; Win64; x64) AppleWebKit/537.36 (KHTML, like Gecko) Chrome/120.0.0.0 Safari/537.36"
84.242.62.227 - - [30/Jul/2026:01:28:28 +0000] "GET /wp-login.php HTTP/1.1" 200 3117 "-" "Mozilla/5.0 (Windows NT 10.0; Win64; x64) AppleWebKit/537.36 (KHTML, like Gecko) Chrome/120.0.0.0 Safari/537.36"
84.242.62.227 - - [30/Jul/2026:01:28:31 +0000] "POST /wp-login.php HTTP/1.1" 302 5 "https://mi-no-ka.studio/wp-login.php" "Mozilla/5.0 (Windows NT 10.0; Win64; x64) AppleWebKit/537.36 (KHTML, like Gecko) Chrome/120.0.0.0 Safari/537.36"
84.242.62.227 - - [30/Jul/2026:01:28:33 +0000] "GET /wp-admin/ HTTP/1.1" 200 52300 "https://mi-no-ka.studio/wp-login.php" "Mozilla/5.0 (Windows NT 10.0; Win64; x64) AppleWebKit/537.36 (KHTML, like Gecko) Chrome/120.0.0.0 Safari/537.36"
170.80.54.197 - - [30/Jul/2026:01:28:41 +0000] "GET /wp-admin/ HTTP/1.1" 200 52299 "-" "Mozilla/5.0 (Windows NT 10.0; Win64; x64) AppleWebKit/537.36 (KHTML, like Gecko) Chrome/120.0.0.0 Safari/537.36"
216.10.217.1 - - [30/Jul/2026:01:28:56 +0000] "POST /xmlrpc.php HTTP/1.1" 444 0 "-" "WordPress/5.0; https://mi-no-ka.studio"
