149.100.146.82 - - [30/Jul/2026:01:29:05 +0000] "GET / HTTP/1.1" 200 12367 "-" "Mozilla/5.0 (Windows NT 10.0; Win64; x64) AppleWebKit/537.36 (KHTML, like Gecko) Chrome/120.0.0.0 Safari/537.36"
149.100.146.82 - - [30/Jul/2026:01:29:08 +0000] "GET /wp-login.php HTTP/1.1" 200 3117 "-" "Mozilla/5.0 (Windows NT 10.0; Win64; x64) AppleWebKit/537.36 (KHTML, like Gecko) Chrome/120.0.0.0 Safari/537.36"
149.100.146.82 - - [30/Jul/2026:01:29:11 +0000] "POST /wp-login.php HTTP/1.1" 302 5 "https://mi-no-ka.studio/wp-login.php" "Mozilla/5.0 (Windows NT 10.0; Win64; x64) AppleWebKit/537.36 (KHTML, like Gecko) Chrome/120.0.0.0 Safari/537.36"
149.100.146.82 - - [30/Jul/2026:01:29:13 +0000] "GET /wp-admin/ HTTP/1.1" 200 52299 "https://mi-no-ka.studio/wp-login.php" "Mozilla/5.0 (Windows NT 10.0; Win64; x64) AppleWebKit/537.36 (KHTML, like Gecko) Chrome/120.0.0.0 Safari/537.36"
170.80.54.197 - - [30/Jul/2026:01:29:19 +0000] "GET /wp-admin/post-new.php HTTP/1.1" 200 179780 "-" "Mozilla/5.0 (Windows NT 10.0; Win64; x64) AppleWebKit/537.36 (KHTML, like Gecko) Chrome/120.0.0.0 Safari/537.36"
128.201.102.83 - - [30/Jul/2026:01:29:28 +0000] "GET /wp-admin/post-new.php HTTP/1.1" 200 199559 "-" "Mozilla/5.0 (Windows NT 10.0; Win64; x64) AppleWebKit/537.36 (KHTML, like Gecko) Chrome/120.0.0.0 Safari/537.36"
151.255.76.79 - - [30/Jul/2026:01:29:36 +0000] "POST /xmlrpc.php HTTP/1.1" 444 0 "-" "WordPress/5.0; https://mi-no-ka.studio"
71.17.135.58 - - [30/Jul/2026:01:30:26 +0000] "GET / HTTP/1.1" 200 12367 "-" "Mozilla/5.0 (Windows NT 10.0; Win64; x64) AppleWebKit/537.36 (KHTML, like Gecko) Chrome/120.0.0.0 Safari/537.36"
71.17.135.58 - - [30/Jul/2026:01:30:29 +0000] "GET /wp-login.php HTTP/1.1" 200 3117 "-" "Mozilla/5.0 (Windows NT 10.0; Win64; x64) AppleWebKit/537.36 (KHTML, like Gecko) Chrome/120.0.0.0 Safari/537.36"
71.17.135.58 - - [30/Jul/2026:01:30:32 +0000] "POST /wp-login.php HTTP/1.1" 302 5 "https://mi-no-ka.studio/wp-login.php" "Mozilla/5.0 (Windows NT 10.0; Win64; x64) AppleWebKit/537.36 (KHTML, like Gecko) Chrome/120.0.0.0 Safari/537.36"
71.17.135.58 - - [30/Jul/2026:01:30:33 +0000] "GET /wp-admin/ HTTP/1.1" 200 52312 "https://mi-no-ka.studio/wp-login.php" "Mozilla/5.0 (Windows NT 10.0; Win64; x64) AppleWebKit/537.36 (KHTML, like Gecko) Chrome/120.0.0.0 Safari/537.36"
105.157.56.113 - - [30/Jul/2026:01:30:50 +0000] "GET /wp-admin/post-new.php HTTP/1.1" 200 199558 "-" "Mozilla/5.0 (Windows NT 10.0; Win64; x64) AppleWebKit/537.36 (KHTML, like Gecko) Chrome/120.0.0.0 Safari/537.36"
105.157.56.113 - - [30/Jul/2026:01:30:57 +0000] "POST /xmlrpc.php HTTP/1.1" 444 0 "-" "WordPress/5.0; https://mi-no-ka.studio"
38.194.251.2 - - [30/Jul/2026:01:31:11 +0000] "GET /wp-admin/admin-ajax.php?action=rest-nonce HTTP/1.1" 200 41 "-" "Mozilla/5.0 (Windows NT 10.0; Win64; x64) AppleWebKit/537.36 (KHTML, like Gecko) Chrome/120.0.0.0 Safari/537.36"
178.105.222.151 - - [30/Jul/2026:01:31:14 +0000] "POST /wp-cron.php?doing_wp_cron=1785375074.3247580528259277343750 HTTP/1.1" 200 31 "-" "WordPress/7.0; https://mi-no-ka.studio"
38.194.251.2 - - [30/Jul/2026:01:31:14 +0000] "POST /wp-json/wp/v2/posts HTTP/1.1" 201 16654 "-" "Mozilla/5.0 (Windows NT 10.0; Win64; x64) AppleWebKit/537.36 (KHTML, like Gecko) Chrome/120.0.0.0 Safari/537.36"
38.194.251.2 - - [30/Jul/2026:01:31:16 +0000] "GET /2026/07/29/best-new-online-casino-strategies-for-maximizing-your-wins/ HTTP/1.1" 200 12027 "-" "Mozilla/5.0 (Windows NT 10.0; Win64; x64) AppleWebKit/537.36 (KHTML, like Gecko) Chrome/120.0.0.0 Safari/537.36"
38.194.251.2 - - [30/Jul/2026:01:31:21 +0000] "GET /2026/07/29/best-new-online-casino-strategies-for-maximizing-your-wins/ HTTP/1.1" 200 12027 "-" "Mozilla/5.0 (Windows NT 10.0; Win64; x64) AppleWebKit/537.36 (KHTML, like Gecko) Chrome/120.0.0.0 Safari/537.36"
38.194.251.2 - - [30/Jul/2026:01:31:25 +0000] "GET /2026/07/29/best-new-online-casino-strategies-for-maximizing-your-wins/ HTTP/1.1" 200 12027 "-" "Mozilla/5.0 (Windows NT 10.0; Win64; x64) AppleWebKit/537.36 (KHTML, like Gecko) Chrome/120.0.0.0 Safari/537.36"
178.105.222.151 - - [30/Jul/2026:01:31:29 +0000] "POST /wp-cron.php?doing_wp_cron=1785375089.2870221138000488281250 HTTP/1.1" 200 31 "-" "WordPress/7.0; https://mi-no-ka.studio"
38.194.251.2 - - [30/Jul/2026:01:31:29 +0000] "POST /wp-json/wp/v2/posts HTTP/1.1" 201 16664 "-" "Mozilla/5.0 (Windows NT 10.0; Win64; x64) AppleWebKit/537.36 (KHTML, like Gecko) Chrome/120.0.0.0 Safari/537.36"
38.194.251.2 - - [30/Jul/2026:01:31:31 +0000] "GET /2026/07/29/best-new-online-casino-strategies-for-maximizing-your-wins-2/ HTTP/1.1" 200 12029 "-" "Mozilla/5.0 (Windows NT 10.0; Win64; x64) AppleWebKit/537.36 (KHTML, like Gecko) Chrome/120.0.0.0 Safari/537.36"
38.194.251.2 - - [30/Jul/2026:01:31:36 +0000] "GET /2026/07/29/best-new-online-casino-strategies-for-maximizing-your-wins-2/ HTTP/1.1" 200 12029 "-" "Mozilla/5.0 (Windows NT 10.0; Win64; x64) AppleWebKit/537.36 (KHTML, like Gecko) Chrome/120.0.0.0 Safari/537.36"
38.194.251.2 - - [30/Jul/2026:01:31:40 +0000] "GET /2026/07/29/best-new-online-casino-strategies-for-maximizing-your-wins-2/ HTTP/1.1" 200 12029 "-" "Mozilla/5.0 (Windows NT 10.0; Win64; x64) AppleWebKit/537.36 (KHTML, like Gecko) Chrome/120.0.0.0 Safari/537.36"
38.194.251.2 - - [30/Jul/2026:01:31:43 +0000] "GET /wp-admin/post-new.php HTTP/1.1" 200 199552 "-" "Mozilla/5.0 (Windows NT 10.0; Win64; x64) AppleWebKit/537.36 (KHTML, like Gecko) Chrome/120.0.0.0 Safari/537.36"
178.105.222.151 - - [30/Jul/2026:01:31:50 +0000] "POST /wp-cron.php?doing_wp_cron=1785375110.7816879749298095703125 HTTP/1.1" 200 31 "-" "WordPress/7.0; https://mi-no-ka.studio"
38.194.251.2 - - [30/Jul/2026:01:31:50 +0000] "POST /wp-admin/post.php HTTP/1.1" 302 5 "-" "Mozilla/5.0 (Windows NT 10.0; Win64; x64) AppleWebKit/537.36 (KHTML, like Gecko) Chrome/120.0.0.0 Safari/537.36"
195.40.70.190 - - [30/Jul/2026:01:31:52 +0000] "GET /wp-login.php HTTP/1.1" 200 3117 "-" "Mozilla/5.0 (Windows NT 10.0; Win64; x64) AppleWebKit/537.36 (KHTML, like Gecko) Chrome/145.0.0.0 Safari/537.36"
38.194.251.2 - - [30/Jul/2026:01:31:52 +0000] "GET /wp-admin/post.php?post=1390&action=edit&message=1 HTTP/1.1" 200 203731 "-" "Mozilla/5.0 (Windows NT 10.0; Win64; x64) AppleWebKit/537.36 (KHTML, like Gecko) Chrome/120.0.0.0 Safari/537.36"
195.40.70.190 - - [30/Jul/2026:01:31:53 +0000] "POST /wp-login.php HTTP/1.1" 302 5 "https://mi-no-ka.studio/wp-login.php" "Mozilla/5.0 (Windows NT 10.0; Win64; x64) AppleWebKit/537.36 (KHTML, like Gecko) Chrome/145.0.0.0 Safari/537.36"
195.40.70.190 - - [30/Jul/2026:01:31:55 +0000] "GET /wp-admin/ HTTP/1.1" 200 52355 "https://mi-no-ka.studio/wp-login.php" "Mozilla/5.0 (Windows NT 10.0; Win64; x64) AppleWebKit/537.36 (KHTML, like Gecko) Chrome/145.0.0.0 Safari/537.36"
45.219.143.239 - - [30/Jul/2026:01:31:55 +0000] "GET / HTTP/1.1" 200 12367 "-" "Mozilla/5.0 (Windows NT 10.0; Win64; x64) AppleWebKit/537.36 (KHTML, like Gecko) Chrome/120.0.0.0 Safari/537.36"
45.219.143.239 - - [30/Jul/2026:01:31:58 +0000] "GET /wp-login.php HTTP/1.1" 200 3117 "-" "Mozilla/5.0 (Windows NT 10.0; Win64; x64) AppleWebKit/537.36 (KHTML, like Gecko) Chrome/120.0.0.0 Safari/537.36"
102.216.1.169 - - [30/Jul/2026:01:31:59 +0000] "GET /?p=1390 HTTP/1.1" 301 5 "-" "Mozilla/5.0 (Windows NT 10.0; Win64; x64) AppleWebKit/537.36 (KHTML, like Gecko) Chrome/120.0.0.0 Safari/537.36"
195.40.70.190 - - [30/Jul/2026:01:32:01 +0000] "GET /wp-admin/user-new.php HTTP/1.1" 200 50864 "https://mi-no-ka.studio/wp-login.php" "Mozilla/5.0 (Windows NT 10.0; Win64; x64) AppleWebKit/537.36 (KHTML, like Gecko) Chrome/145.0.0.0 Safari/537.36"
102.216.1.169 - - [30/Jul/2026:01:32:01 +0000] "GET /2026/07/30/best-new-online-casino-strategies-for-maximizing-your-wins-3/ HTTP/1.1" 200 12030 "-" "Mozilla/5.0 (Windows NT 10.0; Win64; x64) AppleWebKit/537.36 (KHTML, like Gecko) Chrome/120.0.0.0 Safari/537.36"
45.219.143.239 - - [30/Jul/2026:01:32:02 +0000] "POST /wp-login.php HTTP/1.1" 302 5 "https://mi-no-ka.studio/wp-login.php" "Mozilla/5.0 (Windows NT 10.0; Win64; x64) AppleWebKit/537.36 (KHTML, like Gecko) Chrome/120.0.0.0 Safari/537.36"
45.219.143.239 - - [30/Jul/2026:01:32:05 +0000] "GET /wp-admin/ HTTP/1.1" 200 52344 "https://mi-no-ka.studio/wp-login.php" "Mozilla/5.0 (Windows NT 10.0; Win64; x64) AppleWebKit/537.36 (KHTML, like Gecko) Chrome/120.0.0.0 Safari/537.36"
102.216.1.169 - - [30/Jul/2026:01:32:06 +0000] "GET /?p=1390 HTTP/1.1" 301 5 "-" "Mozilla/5.0 (Windows NT 10.0; Win64; x64) AppleWebKit/537.36 (KHTML, like Gecko) Chrome/120.0.0.0 Safari/537.36"
195.40.70.190 - - [30/Jul/2026:01:32:07 +0000] "POST /wp-admin/user-new.php HTTP/1.1" 302 5 "https://mi-no-ka.studio/wp-login.php" "Mozilla/5.0 (Windows NT 10.0; Win64; x64) AppleWebKit/537.36 (KHTML, like Gecko) Chrome/145.0.0.0 Safari/537.36"
102.216.1.169 - - [30/Jul/2026:01:32:08 +0000] "GET /2026/07/30/best-new-online-casino-strategies-for-maximizing-your-wins-3/ HTTP/1.1" 200 12030 "-" "Mozilla/5.0 (Windows NT 10.0; Win64; x64) AppleWebKit/537.36 (KHTML, like Gecko) Chrome/120.0.0.0 Safari/537.36"
195.40.70.190 - - [30/Jul/2026:01:32:08 +0000] "GET /wp-admin/users.php?update=add&id=40 HTTP/1.1" 200 47586 "https://mi-no-ka.studio/wp-login.php" "Mozilla/5.0 (Windows NT 10.0; Win64; x64) AppleWebKit/537.36 (KHTML, like Gecko) Chrome/145.0.0.0 Safari/537.36"
195.40.70.190 - - [30/Jul/2026:01:32:12 +0000] "GET /wp-admin/plugins.php?plugin_status=all&paged=1&s HTTP/1.1" 200 49771 "https://mi-no-ka.studio/wp-login.php" "Mozilla/5.0 (Windows NT 10.0; Win64; x64) AppleWebKit/537.36 (KHTML, like Gecko) Chrome/145.0.0.0 Safari/537.36"
200.88.232.88 - - [30/Jul/2026:01:32:12 +0000] "GET /wp-admin/ HTTP/1.1" 200 52343 "-" "Mozilla/5.0 (Windows NT 10.0; Win64; x64) AppleWebKit/537.36 (KHTML, like Gecko) Chrome/120.0.0.0 Safari/537.36"
102.216.1.169 - - [30/Jul/2026:01:32:13 +0000] "GET /?p=1390 HTTP/1.1" 301 5 "-" "Mozilla/5.0 (Windows NT 10.0; Win64; x64) AppleWebKit/537.36 (KHTML, like Gecko) Chrome/120.0.0.0 Safari/537.36"
102.216.1.169 - - [30/Jul/2026:01:32:15 +0000] "GET /2026/07/30/best-new-online-casino-strategies-for-maximizing-your-wins-3/ HTTP/1.1" 200 12030 "-" "Mozilla/5.0 (Windows NT 10.0; Win64; x64) AppleWebKit/537.36 (KHTML, like Gecko) Chrome/120.0.0.0 Safari/537.36"
195.40.70.190 - - [30/Jul/2026:01:32:15 +0000] "GET /wp-admin/plugins.php HTTP/1.1" 200 49684 "https://mi-no-ka.studio/wp-login.php" "Mozilla/5.0 (Windows NT 10.0; Win64; x64) AppleWebKit/537.36 (KHTML, like Gecko) Chrome/145.0.0.0 Safari/537.36"
200.88.232.88 - - [30/Jul/2026:01:32:16 +0000] "GET /wp-admin/post-new.php HTTP/1.1" 200 199545 "-" "Mozilla/5.0 (Windows NT 10.0; Win64; x64) AppleWebKit/537.36 (KHTML, like Gecko) Chrome/120.0.0.0 Safari/537.36"
200.88.232.88 - - [30/Jul/2026:01:32:22 +0000] "POST /xmlrpc.php HTTP/1.1" 444 0 "-" "WordPress/5.0; https://mi-no-ka.studio"
66.9.160.15 - - [30/Jul/2026:01:32:22 +0000] "GET / HTTP/1.1" 200 12367 "-" "Mozilla/5.0 (Windows NT 10.0; Win64; x64) AppleWebKit/537.36 (KHTML, like Gecko) Chrome/120.0.0.0 Safari/537.36"
195.40.70.190 - - [30/Jul/2026:01:32:22 +0000] "GET /wp-admin/plugin-install.php HTTP/1.1" 200 51684 "https://mi-no-ka.studio/wp-login.php" "Mozilla/5.0 (Windows NT 10.0; Win64; x64) AppleWebKit/537.36 (KHTML, like Gecko) Chrome/145.0.0.0 Safari/537.36"
66.9.160.15 - - [30/Jul/2026:01:32:24 +0000] "GET /wp-login.php HTTP/1.1" 200 3117 "-" "Mozilla/5.0 (Windows NT 10.0; Win64; x64) AppleWebKit/537.36 (KHTML, like Gecko) Chrome/120.0.0.0 Safari/537.36"
66.9.160.15 - - [30/Jul/2026:01:32:28 +0000] "POST /wp-login.php HTTP/1.1" 302 5 "https://mi-no-ka.studio/wp-login.php" "Mozilla/5.0 (Windows NT 10.0; Win64; x64) AppleWebKit/537.36 (KHTML, like Gecko) Chrome/120.0.0.0 Safari/537.36"
195.40.70.190 - - [30/Jul/2026:01:32:29 +0000] "POST /wp-admin/admin-ajax.php HTTP/1.1" 200 310 "https://mi-no-ka.studio/wp-login.php" "Mozilla/5.0 (Windows NT 10.0; Win64; x64) AppleWebKit/537.36 (KHTML, like Gecko) Chrome/145.0.0.0 Safari/537.36"
66.9.160.15 - - [30/Jul/2026:01:32:30 +0000] "GET /wp-admin/ HTTP/1.1" 200 52336 "https://mi-no-ka.studio/wp-login.php" "Mozilla/5.0 (Windows NT 10.0; Win64; x64) AppleWebKit/537.36 (KHTML, like Gecko) Chrome/120.0.0.0 Safari/537.36"
195.40.70.190 - - [30/Jul/2026:01:32:33 +0000] "POST /wp-admin/admin-ajax.php HTTP/1.1" 200 280 "https://mi-no-ka.studio/wp-login.php" "Mozilla/5.0 (Windows NT 10.0; Win64; x64) AppleWebKit/537.36 (KHTML, like Gecko) Chrome/145.0.0.0 Safari/537.36"
195.40.70.190 - - [30/Jul/2026:01:32:37 +0000] "GET /wp-admin/plugins.php?plugin_status=all&paged=1&s HTTP/1.1" 200 49773 "https://mi-no-ka.studio/wp-login.php" "Mozilla/5.0 (Windows NT 10.0; Win64; x64) AppleWebKit/537.36 (KHTML, like Gecko) Chrome/145.0.0.0 Safari/537.36"
171.250.162.39 - - [30/Jul/2026:01:32:37 +0000] "GET /wp-admin/ HTTP/1.1" 200 52341 "-" "Mozilla/5.0 (Windows NT 10.0; Win64; x64) AppleWebKit/537.36 (KHTML, like Gecko) Chrome/120.0.0.0 Safari/537.36"
201.137.207.29 - - [30/Jul/2026:01:32:41 +0000] "GET /wp-admin/admin-ajax.php?action=rest-nonce HTTP/1.1" 200 41 "-" "Mozilla/5.0 (Windows NT 10.0; Win64; x64) AppleWebKit/537.36 (KHTML, like Gecko) Chrome/120.0.0.0 Safari/537.36"
171.250.162.39 - - [30/Jul/2026:01:32:41 +0000] "GET /wp-admin/post-new.php HTTP/1.1" 200 199559 "-" "Mozilla/5.0 (Windows NT 10.0; Win64; x64) AppleWebKit/537.36 (KHTML, like Gecko) Chrome/120.0.0.0 Safari/537.36"
201.137.207.29 - - [30/Jul/2026:01:32:43 +0000] "GET /wp-json/wp/v2/plugins HTTP/1.1" 200 4569 "-" "Mozilla/5.0 (Windows NT 10.0; Win64; x64) AppleWebKit/537.36 (KHTML, like Gecko) Chrome/120.0.0.0 Safari/537.36"
201.137.207.29 - - [30/Jul/2026:01:32:45 +0000] "GET / HTTP/1.1" 200 14225 "-" "Mozilla/5.0 (Windows NT 10.0; Win64; x64) AppleWebKit/537.36 (KHTML, like Gecko) Chrome/120.0.0.0 Safari/537.36"
201.137.207.29 - - [30/Jul/2026:01:32:48 +0000] "GET /wp-json/wp/v2/settings HTTP/1.1" 200 507 "-" "Mozilla/5.0 (Windows NT 10.0; Win64; x64) AppleWebKit/537.36 (KHTML, like Gecko) Chrome/120.0.0.0 Safari/537.36"
171.250.162.39 - - [30/Jul/2026:01:32:48 +0000] "POST /xmlrpc.php HTTP/1.1" 444 0 "-" "WordPress/5.0; https://mi-no-ka.studio"
201.137.207.29 - - [30/Jul/2026:01:32:50 +0000] "GET /wp-json/wp/v2/pages?per_page=100&page=1&orderby=menu_order&order=asc&_fields=id,link,content HTTP/1.1" 200 1064 "-" "Mozilla/5.0 (Windows NT 10.0; Win64; x64) AppleWebKit/537.36 (KHTML, like Gecko) Chrome/120.0.0.0 Safari/537.36"
190.232.219.246 - - [30/Jul/2026:01:32:58 +0000] "GET / HTTP/1.1" 200 12367 "-" "Mozilla/5.0 (Windows NT 10.0; Win64; x64) AppleWebKit/537.36 (KHTML, like Gecko) Chrome/120.0.0.0 Safari/537.36"
190.232.219.246 - - [30/Jul/2026:01:33:01 +0000] "GET /wp-login.php HTTP/1.1" 200 3117 "-" "Mozilla/5.0 (Windows NT 10.0; Win64; x64) AppleWebKit/537.36 (KHTML, like Gecko) Chrome/120.0.0.0 Safari/537.36"
190.5.41.155 - - [30/Jul/2026:01:33:01 +0000] "GET /wp-admin/admin-ajax.php?action=rest-nonce HTTP/1.1" 200 41 "-" "Mozilla/5.0 (Windows NT 10.0; Win64; x64) AppleWebKit/537.36 (KHTML, like Gecko) Chrome/120.0.0.0 Safari/537.36"
178.105.222.151 - - [30/Jul/2026:01:33:04 +0000] "POST /wp-cron.php?doing_wp_cron=1785375184.3574509620666503906250 HTTP/1.1" 200 31 "-" "WordPress/7.0; https://mi-no-ka.studio"
190.5.41.155 - - [30/Jul/2026:01:33:04 +0000] "POST /wp-json/wp/v2/posts HTTP/1.1" 201 16664 "-" "Mozilla/5.0 (Windows NT 10.0; Win64; x64) AppleWebKit/537.36 (KHTML, like Gecko) Chrome/120.0.0.0 Safari/537.36"
190.232.219.246 - - [30/Jul/2026:01:33:04 +0000] "POST /wp-login.php HTTP/1.1" 302 5 "https://mi-no-ka.studio/wp-login.php" "Mozilla/5.0 (Windows NT 10.0; Win64; x64) AppleWebKit/537.36 (KHTML, like Gecko) Chrome/120.0.0.0 Safari/537.36"
190.232.219.246 - - [30/Jul/2026:01:33:06 +0000] "GET /wp-admin/ HTTP/1.1" 200 52331 "https://mi-no-ka.studio/wp-login.php" "Mozilla/5.0 (Windows NT 10.0; Win64; x64) AppleWebKit/537.36 (KHTML, like Gecko) Chrome/120.0.0.0 Safari/537.36"
190.5.41.155 - - [30/Jul/2026:01:33:08 +0000] "GET /2026/07/29/best-new-online-casino-strategies-for-maximizing-your-wins-4/ HTTP/1.1" 200 12031 "-" "Mozilla/5.0 (Windows NT 10.0; Win64; x64) AppleWebKit/537.36 (KHTML, like Gecko) Chrome/120.0.0.0 Safari/537.36"
166.48.202.78 - - [30/Jul/2026:01:33:14 +0000] "GET /wp-admin/ HTTP/1.1" 200 52331 "-" "Mozilla/5.0 (Windows NT 10.0; Win64; x64) AppleWebKit/537.36 (KHTML, like Gecko) Chrome/120.0.0.0 Safari/537.36"
190.5.41.155 - - [30/Jul/2026:01:33:15 +0000] "GET /2026/07/29/best-new-online-casino-strategies-for-maximizing-your-wins-4/ HTTP/1.1" 200 12031 "-" "Mozilla/5.0 (Windows NT 10.0; Win64; x64) AppleWebKit/537.36 (KHTML, like Gecko) Chrome/120.0.0.0 Safari/537.36"
166.48.202.78 - - [30/Jul/2026:01:33:18 +0000] "GET /wp-admin/post-new.php HTTP/1.1" 200 199555 "-" "Mozilla/5.0 (Windows NT 10.0; Win64; x64) AppleWebKit/537.36 (KHTML, like Gecko) Chrome/120.0.0.0 Safari/537.36"
190.5.41.155 - - [30/Jul/2026:01:33:22 +0000] "GET /2026/07/29/best-new-online-casino-strategies-for-maximizing-your-wins-4/ HTTP/1.1" 200 12031 "-" "Mozilla/5.0 (Windows NT 10.0; Win64; x64) AppleWebKit/537.36 (KHTML, like Gecko) Chrome/120.0.0.0 Safari/537.36"
166.48.202.78 - - [30/Jul/2026:01:33:25 +0000] "POST /xmlrpc.php HTTP/1.1" 444 0 "-" "WordPress/5.0; https://mi-no-ka.studio"
178.105.222.151 - - [30/Jul/2026:01:33:31 +0000] "POST /wp-cron.php?doing_wp_cron=1785375211.2616560459136962890625 HTTP/1.1" 200 31 "-" "WordPress/7.0; https://mi-no-ka.studio"
190.5.41.155 - - [30/Jul/2026:01:33:31 +0000] "POST /wp-json/wp/v2/posts HTTP/1.1" 201 16664 "-" "Mozilla/5.0 (Windows NT 10.0; Win64; x64) AppleWebKit/537.36 (KHTML, like Gecko) Chrome/120.0.0.0 Safari/537.36"
113.170.54.222 - - [30/Jul/2026:01:33:42 +0000] "GET /wp-admin/admin-ajax.php?action=rest-nonce HTTP/1.1" 200 41 "-" "Mozilla/5.0 (Windows NT 10.0; Win64; x64) AppleWebKit/537.36 (KHTML, like Gecko) Chrome/120.0.0.0 Safari/537.36"
113.170.54.222 - - [30/Jul/2026:01:33:44 +0000] "GET /wp-json/wp/v2/plugins HTTP/1.1" 200 4569 "-" "Mozilla/5.0 (Windows NT 10.0; Win64; x64) AppleWebKit/537.36 (KHTML, like Gecko) Chrome/120.0.0.0 Safari/537.36"
138.97.132.56 - - [30/Jul/2026:01:33:44 +0000] "GET /wp-admin/post-new.php HTTP/1.1" 200 199564 "-" "Mozilla/5.0 (Windows NT 10.0; Win64; x64) AppleWebKit/537.36 (KHTML, like Gecko) Chrome/120.0.0.0 Safari/537.36"
113.170.54.222 - - [30/Jul/2026:01:33:47 +0000] "GET / HTTP/1.1" 200 14227 "-" "Mozilla/5.0 (Windows NT 10.0; Win64; x64) AppleWebKit/537.36 (KHTML, like Gecko) Chrome/120.0.0.0 Safari/537.36"
113.170.54.222 - - [30/Jul/2026:01:33:50 +0000] "GET /wp-json/wp/v2/settings HTTP/1.1" 200 507 "-" "Mozilla/5.0 (Windows NT 10.0; Win64; x64) AppleWebKit/537.36 (KHTML, like Gecko) Chrome/120.0.0.0 Safari/537.36"
178.105.222.151 - - [30/Jul/2026:01:33:51 +0000] "POST /wp-cron.php?doing_wp_cron=1785375231.7530190944671630859375 HTTP/1.1" 200 31 "-" "WordPress/7.0; https://mi-no-ka.studio"
138.97.132.56 - - [30/Jul/2026:01:33:51 +0000] "POST /wp-admin/post.php HTTP/1.1" 302 5 "-" "Mozilla/5.0 (Windows NT 10.0; Win64; x64) AppleWebKit/537.36 (KHTML, like Gecko) Chrome/120.0.0.0 Safari/537.36"
113.170.54.222 - - [30/Jul/2026:01:33:52 +0000] "GET /wp-json/wp/v2/pages?per_page=100&page=1&orderby=menu_order&order=asc&_fields=id,link,content HTTP/1.1" 200 1064 "-" "Mozilla/5.0 (Windows NT 10.0; Win64; x64) AppleWebKit/537.36 (KHTML, like Gecko) Chrome/120.0.0.0 Safari/537.36"
138.97.132.56 - - [30/Jul/2026:01:33:54 +0000] "GET /wp-admin/post.php?post=1397&action=edit&message=1 HTTP/1.1" 200 203739 "-" "Mozilla/5.0 (Windows NT 10.0; Win64; x64) AppleWebKit/537.36 (KHTML, like Gecko) Chrome/120.0.0.0 Safari/537.36"
179.105.129.108 - - [30/Jul/2026:01:33:59 +0000] "GET / HTTP/1.1" 200 12367 "-" "Mozilla/5.0 (Windows NT 10.0; Win64; x64) AppleWebKit/537.36 (KHTML, like Gecko) Chrome/120.0.0.0 Safari/537.36"
103.100.6.4 - - [30/Jul/2026:01:34:01 +0000] "GET /?p=1397 HTTP/1.1" 301 5 "-" "Mozilla/5.0 (Windows NT 10.0; Win64; x64) AppleWebKit/537.36 (KHTML, like Gecko) Chrome/120.0.0.0 Safari/537.36"
179.105.129.108 - - [30/Jul/2026:01:34:02 +0000] "GET /wp-login.php HTTP/1.1" 200 3117 "-" "Mozilla/5.0 (Windows NT 10.0; Win64; x64) AppleWebKit/537.36 (KHTML, like Gecko) Chrome/120.0.0.0 Safari/537.36"
103.100.6.4 - - [30/Jul/2026:01:34:03 +0000] "GET /2026/07/30/best-new-online-casino-strategies-for-maximizing-your-wins-6/ HTTP/1.1" 200 12029 "-" "Mozilla/5.0 (Windows NT 10.0; Win64; x64) AppleWebKit/537.36 (KHTML, like Gecko) Chrome/120.0.0.0 Safari/537.36"
179.105.129.108 - - [30/Jul/2026:01:34:04 +0000] "POST /wp-login.php HTTP/1.1" 302 5 "https://mi-no-ka.studio/wp-login.php" "Mozilla/5.0 (Windows NT 10.0; Win64; x64) AppleWebKit/537.36 (KHTML, like Gecko) Chrome/120.0.0.0 Safari/537.36"
179.105.129.108 - - [30/Jul/2026:01:34:06 +0000] "GET /wp-admin/ HTTP/1.1" 200 52275 "https://mi-no-ka.studio/wp-login.php" "Mozilla/5.0 (Windows NT 10.0; Win64; x64) AppleWebKit/537.36 (KHTML, like Gecko) Chrome/120.0.0.0 Safari/537.36"
103.100.6.4 - - [30/Jul/2026:01:34:08 +0000] "GET /?p=1397 HTTP/1.1" 301 5 "-" "Mozilla/5.0 (Windows NT 10.0; Win64; x64) AppleWebKit/537.36 (KHTML, like Gecko) Chrome/120.0.0.0 Safari/537.36"
103.100.6.4 - - [30/Jul/2026:01:34:11 +0000] "GET /2026/07/30/best-new-online-casino-strategies-for-maximizing-your-wins-6/ HTTP/1.1" 200 12029 "-" "Mozilla/5.0 (Windows NT 10.0; Win64; x64) AppleWebKit/537.36 (KHTML, like Gecko) Chrome/120.0.0.0 Safari/537.36"
96.22.132.47 - - [30/Jul/2026:01:34:12 +0000] "GET /wp-admin/ HTTP/1.1" 200 52274 "-" "Mozilla/5.0 (Windows NT 10.0; Win64; x64) AppleWebKit/537.36 (KHTML, like Gecko) Chrome/120.0.0.0 Safari/537.36"
103.100.6.4 - - [30/Jul/2026:01:34:16 +0000] "GET /?p=1397 HTTP/1.1" 301 5 "-" "Mozilla/5.0 (Windows NT 10.0; Win64; x64) AppleWebKit/537.36 (KHTML, like Gecko) Chrome/120.0.0.0 Safari/537.36"
96.22.132.47 - - [30/Jul/2026:01:34:16 +0000] "GET /wp-admin/post-new.php HTTP/1.1" 200 199557 "-" "Mozilla/5.0 (Windows NT 10.0; Win64; x64) AppleWebKit/537.36 (KHTML, like Gecko) Chrome/120.0.0.0 Safari/537.36"
103.100.6.4 - - [30/Jul/2026:01:34:18 +0000] "GET /2026/07/30/best-new-online-casino-strategies-for-maximizing-your-wins-6/ HTTP/1.1" 200 12029 "-" "Mozilla/5.0 (Windows NT 10.0; Win64; x64) AppleWebKit/537.36 (KHTML, like Gecko) Chrome/120.0.0.0 Safari/537.36"
96.22.132.47 - - [30/Jul/2026:01:34:23 +0000] "POST /xmlrpc.php HTTP/1.1" 444 0 "-" "WordPress/5.0; https://mi-no-ka.studio"
149.100.152.25 - - [30/Jul/2026:01:34:29 +0000] "GET / HTTP/1.1" 200 12367 "-" "Mozilla/5.0 (Windows NT 10.0; Win64; x64) AppleWebKit/537.36 (KHTML, like Gecko) Chrome/120.0.0.0 Safari/537.36"
151.244.153.43 - - [30/Jul/2026:01:34:38 +0000] "GET / HTTP/1.1" 301 178 "-" "Mozilla/5.0 (Windows NT 10.0; Win64; x64) AppleWebKit/537.36 (KHTML, like Gecko) Chrome/120.0.0.0 Safari/537.36"
187.102.23.145 - - [30/Jul/2026:01:34:38 +0000] "GET /wp-admin/admin-ajax.php?action=rest-nonce HTTP/1.1" 200 41 "-" "Mozilla/5.0 (Windows NT 10.0; Win64; x64) AppleWebKit/537.36 (KHTML, like Gecko) Chrome/120.0.0.0 Safari/537.36"
187.102.23.145 - - [30/Jul/2026:01:34:41 +0000] "GET /wp-json/wp/v2/plugins HTTP/1.1" 200 4575 "-" "Mozilla/5.0 (Windows NT 10.0; Win64; x64) AppleWebKit/537.36 (KHTML, like Gecko) Chrome/120.0.0.0 Safari/537.36"
187.102.23.145 - - [30/Jul/2026:01:34:44 +0000] "GET / HTTP/1.1" 200 14227 "-" "Mozilla/5.0 (Windows NT 10.0; Win64; x64) AppleWebKit/537.36 (KHTML, like Gecko) Chrome/120.0.0.0 Safari/537.36"
154.183.169.220 - - [30/Jul/2026:01:34:45 +0000] "GET / HTTP/1.1" 200 12367 "-" "Mozilla/5.0 (Windows NT 10.0; Win64; x64) AppleWebKit/537.36 (KHTML, like Gecko) Chrome/120.0.0.0 Safari/537.36"
187.102.23.145 - - [30/Jul/2026:01:34:47 +0000] "GET /wp-json/wp/v2/settings HTTP/1.1" 200 507 "-" "Mozilla/5.0 (Windows NT 10.0; Win64; x64) AppleWebKit/537.36 (KHTML, like Gecko) Chrome/120.0.0.0 Safari/537.36"
154.183.169.220 - - [30/Jul/2026:01:34:49 +0000] "GET /wp-login.php HTTP/1.1" 200 3117 "-" "Mozilla/5.0 (Windows NT 10.0; Win64; x64) AppleWebKit/537.36 (KHTML, like Gecko) Chrome/120.0.0.0 Safari/537.36"
187.102.23.145 - - [30/Jul/2026:01:34:49 +0000] "GET /wp-json/wp/v2/pages?per_page=100&page=1&orderby=menu_order&order=asc&_fields=id,link,content HTTP/1.1" 200 1064 "-" "Mozilla/5.0 (Windows NT 10.0; Win64; x64) AppleWebKit/537.36 (KHTML, like Gecko) Chrome/120.0.0.0 Safari/537.36"
154.183.169.220 - - [30/Jul/2026:01:34:54 +0000] "POST /wp-login.php HTTP/1.1" 302 5 "https://mi-no-ka.studio/wp-login.php" "Mozilla/5.0 (Windows NT 10.0; Win64; x64) AppleWebKit/537.36 (KHTML, like Gecko) Chrome/120.0.0.0 Safari/537.36"
45.239.211.229 - - [30/Jul/2026:01:34:56 +0000] "GET / HTTP/1.1" 200 12367 "-" "Mozilla/5.0 (Windows NT 10.0; Win64; x64) AppleWebKit/537.36 (KHTML, like Gecko) Chrome/120.0.0.0 Safari/537.36"
154.183.169.220 - - [30/Jul/2026:01:34:56 +0000] "GET /wp-admin/ HTTP/1.1" 200 52278 "https://mi-no-ka.studio/wp-login.php" "Mozilla/5.0 (Windows NT 10.0; Win64; x64) AppleWebKit/537.36 (KHTML, like Gecko) Chrome/120.0.0.0 Safari/537.36"
45.239.211.229 - - [30/Jul/2026:01:34:59 +0000] "GET /wp-login.php HTTP/1.1" 200 3117 "-" "Mozilla/5.0 (Windows NT 10.0; Win64; x64) AppleWebKit/537.36 (KHTML, like Gecko) Chrome/120.0.0.0 Safari/537.36"
45.239.211.229 - - [30/Jul/2026:01:35:02 +0000] "POST /wp-login.php HTTP/1.1" 302 5 "https://mi-no-ka.studio/wp-login.php" "Mozilla/5.0 (Windows NT 10.0; Win64; x64) AppleWebKit/537.36 (KHTML, like Gecko) Chrome/120.0.0.0 Safari/537.36"
201.17.148.62 - - [30/Jul/2026:01:35:03 +0000] "GET /wp-admin/ HTTP/1.1" 200 52278 "-" "Mozilla/5.0 (Windows NT 10.0; Win64; x64) AppleWebKit/537.36 (KHTML, like Gecko) Chrome/120.0.0.0 Safari/537.36"
45.239.211.229 - - [30/Jul/2026:01:35:04 +0000] "GET /wp-admin/ HTTP/1.1" 200 52278 "https://mi-no-ka.studio/wp-login.php" "Mozilla/5.0 (Windows NT 10.0; Win64; x64) AppleWebKit/537.36 (KHTML, like Gecko) Chrome/120.0.0.0 Safari/537.36"
201.17.148.62 - - [30/Jul/2026:01:35:07 +0000] "GET /wp-admin/post-new.php HTTP/1.1" 200 199554 "-" "Mozilla/5.0 (Windows NT 10.0; Win64; x64) AppleWebKit/537.36 (KHTML, like Gecko) Chrome/120.0.0.0 Safari/537.36"
172.56.242.80 - - [30/Jul/2026:01:35:11 +0000] "GET /wp-admin/ HTTP/1.1" 200 52277 "-" "Mozilla/5.0 (Windows NT 10.0; Win64; x64) AppleWebKit/537.36 (KHTML, like Gecko) Chrome/120.0.0.0 Safari/537.36"
201.17.148.62 - - [30/Jul/2026:01:35:13 +0000] "POST /xmlrpc.php HTTP/1.1" 444 0 "-" "WordPress/5.0; https://mi-no-ka.studio"
172.56.242.80 - - [30/Jul/2026:01:35:15 +0000] "GET /wp-admin/post-new.php HTTP/1.1" 200 199553 "-" "Mozilla/5.0 (Windows NT 10.0; Win64; x64) AppleWebKit/537.36 (KHTML, like Gecko) Chrome/120.0.0.0 Safari/537.36"
172.56.242.80 - - [30/Jul/2026:01:35:21 +0000] "POST /xmlrpc.php HTTP/1.1" 444 0 "-" "WordPress/5.0; https://mi-no-ka.studio"
93.244.174.249 - - [30/Jul/2026:01:35:24 +0000] "GET /wp-admin/admin-ajax.php?action=rest-nonce HTTP/1.1" 200 41 "-" "Mozilla/5.0 (Windows NT 10.0; Win64; x64) AppleWebKit/537.36 (KHTML, like Gecko) Chrome/120.0.0.0 Safari/537.36"
178.105.222.151 - - [30/Jul/2026:01:35:27 +0000] "POST /wp-cron.php?doing_wp_cron=1785375327.8809869289398193359375 HTTP/1.1" 200 31 "-" "WordPress/7.0; https://mi-no-ka.studio"
93.244.174.249 - - [30/Jul/2026:01:35:27 +0000] "POST /wp-json/wp/v2/posts HTTP/1.1" 201 16664 "-" "Mozilla/5.0 (Windows NT 10.0; Win64; x64) AppleWebKit/537.36 (KHTML, like Gecko) Chrome/120.0.0.0 Safari/537.36"
93.244.174.249 - - [30/Jul/2026:01:35:30 +0000] "GET /2026/07/29/best-new-online-casino-strategies-for-maximizing-your-wins-7/ HTTP/1.1" 200 12030 "-" "Mozilla/5.0 (Windows NT 10.0; Win64; x64) AppleWebKit/537.36 (KHTML, like Gecko) Chrome/120.0.0.0 Safari/537.36"
93.244.174.249 - - [30/Jul/2026:01:35:35 +0000] "GET /2026/07/29/best-new-online-casino-strategies-for-maximizing-your-wins-7/ HTTP/1.1" 200 12030 "-" "Mozilla/5.0 (Windows NT 10.0; Win64; x64) AppleWebKit/537.36 (KHTML, like Gecko) Chrome/120.0.0.0 Safari/537.36"
27.73.22.18 - - [30/Jul/2026:01:35:38 +0000] "GET /wp-admin/admin-ajax.php?action=rest-nonce HTTP/1.1" 200 41 "-" "Mozilla/5.0 (Windows NT 10.0; Win64; x64) AppleWebKit/537.36 (KHTML, like Gecko) Chrome/120.0.0.0 Safari/537.36"
93.244.174.249 - - [30/Jul/2026:01:35:40 +0000] "GET /2026/07/29/best-new-online-casino-strategies-for-maximizing-your-wins-7/ HTTP/1.1" 200 12030 "-" "Mozilla/5.0 (Windows NT 10.0; Win64; x64) AppleWebKit/537.36 (KHTML, like Gecko) Chrome/120.0.0.0 Safari/537.36"
27.73.22.18 - - [30/Jul/2026:01:35:40 +0000] "GET /wp-json/wp/v2/plugins HTTP/1.1" 200 4569 "-" "Mozilla/5.0 (Windows NT 10.0; Win64; x64) AppleWebKit/537.36 (KHTML, like Gecko) Chrome/120.0.0.0 Safari/537.36"
27.73.22.18 - - [30/Jul/2026:01:35:43 +0000] "GET / HTTP/1.1" 200 14227 "-" "Mozilla/5.0 (Windows NT 10.0; Win64; x64) AppleWebKit/537.36 (KHTML, like Gecko) Chrome/120.0.0.0 Safari/537.36"
178.105.222.151 - - [30/Jul/2026:01:35:44 +0000] "POST /wp-cron.php?doing_wp_cron=1785375344.0080759525299072265625 HTTP/1.1" 200 31 "-" "WordPress/7.0; https://mi-no-ka.studio"
93.244.174.249 - - [30/Jul/2026:01:35:44 +0000] "POST /wp-json/wp/v2/posts HTTP/1.1" 201 16664 "-" "Mozilla/5.0 (Windows NT 10.0; Win64; x64) AppleWebKit/537.36 (KHTML, like Gecko) Chrome/120.0.0.0 Safari/537.36"
27.73.22.18 - - [30/Jul/2026:01:35:46 +0000] "GET /wp-json/wp/v2/settings HTTP/1.1" 200 507 "-" "Mozilla/5.0 (Windows NT 10.0; Win64; x64) AppleWebKit/537.36 (KHTML, like Gecko) Chrome/120.0.0.0 Safari/537.36"
93.244.174.249 - - [30/Jul/2026:01:35:46 +0000] "GET /2026/07/29/best-new-online-casino-strategies-for-maximizing-your-wins-8/ HTTP/1.1" 200 12031 "-" "Mozilla/5.0 (Windows NT 10.0; Win64; x64) AppleWebKit/537.36 (KHTML, like Gecko) Chrome/120.0.0.0 Safari/537.36"
27.73.22.18 - - [30/Jul/2026:01:35:47 +0000] "GET /wp-json/wp/v2/pages?per_page=100&page=1&orderby=menu_order&order=asc&_fields=id,link,content HTTP/1.1" 200 1064 "-" "Mozilla/5.0 (Windows NT 10.0; Win64; x64) AppleWebKit/537.36 (KHTML, like Gecko) Chrome/120.0.0.0 Safari/537.36"
93.244.174.249 - - [30/Jul/2026:01:35:51 +0000] "GET /2026/07/29/best-new-online-casino-strategies-for-maximizing-your-wins-8/ HTTP/1.1" 200 12031 "-" "Mozilla/5.0 (Windows NT 10.0; Win64; x64) AppleWebKit/537.36 (KHTML, like Gecko) Chrome/120.0.0.0 Safari/537.36"
131.72.49.204 - - [30/Jul/2026:01:35:54 +0000] "GET / HTTP/1.1" 200 12367 "-" "Mozilla/5.0 (Windows NT 10.0; Win64; x64) AppleWebKit/537.36 (KHTML, like Gecko) Chrome/120.0.0.0 Safari/537.36"
93.244.174.249 - - [30/Jul/2026:01:35:56 +0000] "GET /2026/07/29/best-new-online-casino-strategies-for-maximizing-your-wins-8/ HTTP/1.1" 200 12031 "-" "Mozilla/5.0 (Windows NT 10.0; Win64; x64) AppleWebKit/537.36 (KHTML, like Gecko) Chrome/120.0.0.0 Safari/537.36"
131.72.49.204 - - [30/Jul/2026:01:35:57 +0000] "GET /wp-login.php HTTP/1.1" 200 3117 "-" "Mozilla/5.0 (Windows NT 10.0; Win64; x64) AppleWebKit/537.36 (KHTML, like Gecko) Chrome/120.0.0.0 Safari/537.36"
93.244.174.249 - - [30/Jul/2026:01:35:58 +0000] "GET /wp-admin/post-new.php HTTP/1.1" 200 199553 "-" "Mozilla/5.0 (Windows NT 10.0; Win64; x64) AppleWebKit/537.36 (KHTML, like Gecko) Chrome/120.0.0.0 Safari/537.36"
131.72.49.204 - - [30/Jul/2026:01:36:00 +0000] "POST /wp-login.php HTTP/1.1" 302 5 "https://mi-no-ka.studio/wp-login.php" "Mozilla/5.0 (Windows NT 10.0; Win64; x64) AppleWebKit/537.36 (KHTML, like Gecko) Chrome/120.0.0.0 Safari/537.36"
131.72.49.204 - - [30/Jul/2026:01:36:02 +0000] "GET /wp-admin/ HTTP/1.1" 200 52275 "https://mi-no-ka.studio/wp-login.php" "Mozilla/5.0 (Windows NT 10.0; Win64; x64) AppleWebKit/537.36 (KHTML, like Gecko) Chrome/120.0.0.0 Safari/537.36"
178.105.222.151 - - [30/Jul/2026:01:36:06 +0000] "POST /wp-cron.php?doing_wp_cron=1785375366.3352150917053222656250 HTTP/1.1" 200 31 "-" "WordPress/7.0; https://mi-no-ka.studio"
93.244.174.249 - - [30/Jul/2026:01:36:06 +0000] "POST /wp-admin/post.php HTTP/1.1" 302 5 "-" "Mozilla/5.0 (Windows NT 10.0; Win64; x64) AppleWebKit/537.36 (KHTML, like Gecko) Chrome/120.0.0.0 Safari/537.36"
93.244.174.249 - - [30/Jul/2026:01:36:08 +0000] "GET /wp-admin/post.php?post=1404&action=edit&message=1 HTTP/1.1" 200 203740 "-" "Mozilla/5.0 (Windows NT 10.0; Win64; x64) AppleWebKit/537.36 (KHTML, like Gecko) Chrome/120.0.0.0 Safari/537.36"
45.161.75.108 - - [30/Jul/2026:01:36:10 +0000] "GET /wp-admin/ HTTP/1.1" 200 52271 "-" "Mozilla/5.0 (Windows NT 10.0; Win64; x64) AppleWebKit/537.36 (KHTML, like Gecko) Chrome/120.0.0.0 Safari/537.36"
45.161.75.108 - - [30/Jul/2026:01:36:14 +0000] "GET /wp-admin/post-new.php HTTP/1.1" 200 199556 "-" "Mozilla/5.0 (Windows NT 10.0; Win64; x64) AppleWebKit/537.36 (KHTML, like Gecko) Chrome/120.0.0.0 Safari/537.36"
14.186.201.255 - - [30/Jul/2026:01:36:15 +0000] "GET /?p=1404 HTTP/1.1" 301 5 "-" "Mozilla/5.0 (Windows NT 10.0; Win64; x64) AppleWebKit/537.36 (KHTML, like Gecko) Chrome/120.0.0.0 Safari/537.36"
14.186.201.255 - - [30/Jul/2026:01:36:18 +0000] "GET /2026/07/30/best-new-online-casino-strategies-for-maximizing-your-wins-9/ HTTP/1.1" 200 12032 "-" "Mozilla/5.0 (Windows NT 10.0; Win64; x64) AppleWebKit/537.36 (KHTML, like Gecko) Chrome/120.0.0.0 Safari/537.36"
45.161.75.108 - - [30/Jul/2026:01:36:21 +0000] "POST /xmlrpc.php HTTP/1.1" 444 0 "-" "WordPress/5.0; https://mi-no-ka.studio"
14.186.201.255 - - [30/Jul/2026:01:36:23 +0000] "GET /?p=1404 HTTP/1.1" 301 5 "-" "Mozilla/5.0 (Windows NT 10.0; Win64; x64) AppleWebKit/537.36 (KHTML, like Gecko) Chrome/120.0.0.0 Safari/537.36"
14.186.201.255 - - [30/Jul/2026:01:36:25 +0000] "GET /2026/07/30/best-new-online-casino-strategies-for-maximizing-your-wins-9/ HTTP/1.1" 200 12032 "-" "Mozilla/5.0 (Windows NT 10.0; Win64; x64) AppleWebKit/537.36 (KHTML, like Gecko) Chrome/120.0.0.0 Safari/537.36"
14.186.201.255 - - [30/Jul/2026:01:36:30 +0000] "GET /?p=1404 HTTP/1.1" 301 5 "-" "Mozilla/5.0 (Windows NT 10.0; Win64; x64) AppleWebKit/537.36 (KHTML, like Gecko) Chrome/120.0.0.0 Safari/537.36"
14.186.201.255 - - [30/Jul/2026:01:36:32 +0000] "GET /2026/07/30/best-new-online-casino-strategies-for-maximizing-your-wins-9/ HTTP/1.1" 200 12032 "-" "Mozilla/5.0 (Windows NT 10.0; Win64; x64) AppleWebKit/537.36 (KHTML, like Gecko) Chrome/120.0.0.0 Safari/537.36"
167.62.165.254 - - [30/Jul/2026:01:36:36 +0000] "GET /wp-admin/admin-ajax.php?action=rest-nonce HTTP/1.1" 200 41 "-" "Mozilla/5.0 (Windows NT 10.0; Win64; x64) AppleWebKit/537.36 (KHTML, like Gecko) Chrome/120.0.0.0 Safari/537.36"
167.62.165.254 - - [30/Jul/2026:01:36:39 +0000] "GET /wp-json/wp/v2/plugins HTTP/1.1" 200 4569 "-" "Mozilla/5.0 (Windows NT 10.0; Win64; x64) AppleWebKit/537.36 (KHTML, like Gecko) Chrome/120.0.0.0 Safari/537.36"
167.62.165.254 - - [30/Jul/2026:01:36:41 +0000] "GET / HTTP/1.1" 200 14226 "-" "Mozilla/5.0 (Windows NT 10.0; Win64; x64) AppleWebKit/537.36 (KHTML, like Gecko) Chrome/120.0.0.0 Safari/537.36"
167.62.165.254 - - [30/Jul/2026:01:36:44 +0000] "GET /wp-json/wp/v2/settings HTTP/1.1" 200 507 "-" "Mozilla/5.0 (Windows NT 10.0; Win64; x64) AppleWebKit/537.36 (KHTML, like Gecko) Chrome/120.0.0.0 Safari/537.36"
2.91.249.4 - - [30/Jul/2026:01:36:44 +0000] "GET / HTTP/1.1" 301 178 "-" "Mozilla/5.0 (Windows NT 10.0; Win64; x64) AppleWebKit/537.36 (KHTML, like Gecko) Chrome/120.0.0.0 Safari/537.36"
167.62.165.254 - - [30/Jul/2026:01:36:46 +0000] "GET /wp-json/wp/v2/pages?per_page=100&page=1&orderby=menu_order&order=asc&_fields=id,link,content HTTP/1.1" 200 1064 "-" "Mozilla/5.0 (Windows NT 10.0; Win64; x64) AppleWebKit/537.36 (KHTML, like Gecko) Chrome/120.0.0.0 Safari/537.36"
162.4.163.150 - - [30/Jul/2026:01:36:50 +0000] "GET / HTTP/1.1" 200 12367 "-" "Mozilla/5.0 (Windows NT 10.0; Win64; x64) AppleWebKit/537.36 (KHTML, like Gecko) Chrome/120.0.0.0 Safari/537.36"
162.4.163.150 - - [30/Jul/2026:01:36:53 +0000] "GET /wp-login.php HTTP/1.1" 200 3117 "-" "Mozilla/5.0 (Windows NT 10.0; Win64; x64) AppleWebKit/537.36 (KHTML, like Gecko) Chrome/120.0.0.0 Safari/537.36"
162.4.163.150 - - [30/Jul/2026:01:36:56 +0000] "POST /wp-login.php HTTP/1.1" 302 5 "https://mi-no-ka.studio/wp-login.php" "Mozilla/5.0 (Windows NT 10.0; Win64; x64) AppleWebKit/537.36 (KHTML, like Gecko) Chrome/120.0.0.0 Safari/537.36"
162.4.163.150 - - [30/Jul/2026:01:36:59 +0000] "GET /wp-admin/ HTTP/1.1" 200 52293 "https://mi-no-ka.studio/wp-login.php" "Mozilla/5.0 (Windows NT 10.0; Win64; x64) AppleWebKit/537.36 (KHTML, like Gecko) Chrome/120.0.0.0 Safari/537.36"
179.49.254.169 - - [30/Jul/2026:01:37:06 +0000] "GET /wp-admin/ HTTP/1.1" 200 52293 "-" "Mozilla/5.0 (Windows NT 10.0; Win64; x64) AppleWebKit/537.36 (KHTML, like Gecko) Chrome/120.0.0.0 Safari/537.36"
179.49.254.169 - - [30/Jul/2026:01:37:10 +0000] "GET /wp-admin/post-new.php HTTP/1.1" 200 199556 "-" "Mozilla/5.0 (Windows NT 10.0; Win64; x64) AppleWebKit/537.36 (KHTML, like Gecko) Chrome/120.0.0.0 Safari/537.36"
179.49.254.169 - - [30/Jul/2026:01:37:16 +0000] "POST /xmlrpc.php HTTP/1.1" 444 0 "-" "WordPress/5.0; https://mi-no-ka.studio"
190.142.171.106 - - [30/Jul/2026:01:37:27 +0000] "GET /wp-admin/admin-ajax.php?action=rest-nonce HTTP/1.1" 200 41 "-" "Mozilla/5.0 (Windows NT 10.0; Win64; x64) AppleWebKit/537.36 (KHTML, like Gecko) Chrome/120.0.0.0 Safari/537.36"
190.85.65.165 - - [30/Jul/2026:01:37:34 +0000] "GET /wp-admin/ HTTP/1.1" 200 52293 "-" "Mozilla/5.0 (Windows NT 10.0; Win64; x64) AppleWebKit/537.36 (KHTML, like Gecko) Chrome/120.0.0.0 Safari/537.36"
178.105.222.151 - - [30/Jul/2026:01:37:38 +0000] "POST /wp-cron.php?doing_wp_cron=1785375458.0520820617675781250000 HTTP/1.1" 200 31 "-" "WordPress/7.0; https://mi-no-ka.studio"
190.85.65.165 - - [30/Jul/2026:01:37:38 +0000] "POST /wp-json/wp/v2/posts HTTP/1.1" 201 16669 "-" "Mozilla/5.0 (Windows NT 10.0; Win64; x64) AppleWebKit/537.36 (KHTML, like Gecko) Chrome/120.0.0.0 Safari/537.36"
190.85.65.165 - - [30/Jul/2026:01:37:40 +0000] "GET /2026/07/29/best-new-online-casino-strategies-for-maximizing-your-wins-10/ HTTP/1.1" 200 12030 "-" "Mozilla/5.0 (Windows NT 10.0; Win64; x64) AppleWebKit/537.36 (KHTML, like Gecko) Chrome/120.0.0.0 Safari/537.36"
190.85.65.165 - - [30/Jul/2026:01:37:45 +0000] "GET /2026/07/29/best-new-online-casino-strategies-for-maximizing-your-wins-10/ HTTP/1.1" 200 12030 "-" "Mozilla/5.0 (Windows NT 10.0; Win64; x64) AppleWebKit/537.36 (KHTML, like Gecko) Chrome/120.0.0.0 Safari/537.36"
190.85.65.165 - - [30/Jul/2026:01:37:49 +0000] "GET /2026/07/29/best-new-online-casino-strategies-for-maximizing-your-wins-10/ HTTP/1.1" 200 12030 "-" "Mozilla/5.0 (Windows NT 10.0; Win64; x64) AppleWebKit/537.36 (KHTML, like Gecko) Chrome/120.0.0.0 Safari/537.36"
178.105.222.151 - - [30/Jul/2026:01:37:53 +0000] "POST /wp-cron.php?doing_wp_cron=1785375473.5097780227661132812500 HTTP/1.1" 200 31 "-" "WordPress/7.0; https://mi-no-ka.studio"
190.85.65.165 - - [30/Jul/2026:01:37:53 +0000] "POST /wp-json/wp/v2/posts HTTP/1.1" 201 16669 "-" "Mozilla/5.0 (Windows NT 10.0; Win64; x64) AppleWebKit/537.36 (KHTML, like Gecko) Chrome/120.0.0.0 Safari/537.36"
190.85.65.165 - - [30/Jul/2026:01:37:56 +0000] "GET /2026/07/29/best-new-online-casino-strategies-for-maximizing-your-wins-11/ HTTP/1.1" 200 12030 "-" "Mozilla/5.0 (Windows NT 10.0; Win64; x64) AppleWebKit/537.36 (KHTML, like Gecko) Chrome/120.0.0.0 Safari/537.36"
190.85.65.165 - - [30/Jul/2026:01:38:00 +0000] "GET /2026/07/29/best-new-online-casino-strategies-for-maximizing-your-wins-11/ HTTP/1.1" 200 12030 "-" "Mozilla/5.0 (Windows NT 10.0; Win64; x64) AppleWebKit/537.36 (KHTML, like Gecko) Chrome/120.0.0.0 Safari/537.36"
190.85.65.165 - - [30/Jul/2026:01:38:04 +0000] "GET /2026/07/29/best-new-online-casino-strategies-for-maximizing-your-wins-11/ HTTP/1.1" 200 12030 "-" "Mozilla/5.0 (Windows NT 10.0; Win64; x64) AppleWebKit/537.36 (KHTML, like Gecko) Chrome/120.0.0.0 Safari/537.36"
190.85.65.165 - - [30/Jul/2026:01:38:07 +0000] "GET /wp-admin/post-new.php HTTP/1.1" 200 199551 "-" "Mozilla/5.0 (Windows NT 10.0; Win64; x64) AppleWebKit/537.36 (KHTML, like Gecko) Chrome/120.0.0.0 Safari/537.36"
178.105.222.151 - - [30/Jul/2026:01:38:15 +0000] "POST /wp-cron.php?doing_wp_cron=1785375495.2787680625915527343750 HTTP/1.1" 200 31 "-" "WordPress/7.0; https://mi-no-ka.studio"
190.85.65.165 - - [30/Jul/2026:01:38:15 +0000] "POST /wp-admin/post.php HTTP/1.1" 302 5 "-" "Mozilla/5.0 (Windows NT 10.0; Win64; x64) AppleWebKit/537.36 (KHTML, like Gecko) Chrome/120.0.0.0 Safari/537.36"
190.85.65.165 - - [30/Jul/2026:01:38:17 +0000] "GET /wp-admin/post.php?post=1410&action=edit&message=1 HTTP/1.1" 200 203732 "-" "Mozilla/5.0 (Windows NT 10.0; Win64; x64) AppleWebKit/537.36 (KHTML, like Gecko) Chrome/120.0.0.0 Safari/537.36"
179.36.244.121 - - [30/Jul/2026:01:38:24 +0000] "GET /?p=1410 HTTP/1.1" 301 5 "-" "Mozilla/5.0 (Windows NT 10.0; Win64; x64) AppleWebKit/537.36 (KHTML, like Gecko) Chrome/120.0.0.0 Safari/537.36"
179.36.244.121 - - [30/Jul/2026:01:38:26 +0000] "GET /2026/07/30/best-new-online-casino-strategies-for-maximizing-your-wins-12/ HTTP/1.1" 200 12031 "-" "Mozilla/5.0 (Windows NT 10.0; Win64; x64) AppleWebKit/537.36 (KHTML, like Gecko) Chrome/120.0.0.0 Safari/537.36"
179.36.244.121 - - [30/Jul/2026:01:38:31 +0000] "GET /?p=1410 HTTP/1.1" 301 5 "-" "Mozilla/5.0 (Windows NT 10.0; Win64; x64) AppleWebKit/537.36 (KHTML, like Gecko) Chrome/120.0.0.0 Safari/537.36"
179.36.244.121 - - [30/Jul/2026:01:38:33 +0000] "GET /2026/07/30/best-new-online-casino-strategies-for-maximizing-your-wins-12/ HTTP/1.1" 200 12031 "-" "Mozilla/5.0 (Windows NT 10.0; Win64; x64) AppleWebKit/537.36 (KHTML, like Gecko) Chrome/120.0.0.0 Safari/537.36"
179.36.244.121 - - [30/Jul/2026:01:38:38 +0000] "GET /?p=1410 HTTP/1.1" 301 5 "-" "Mozilla/5.0 (Windows NT 10.0; Win64; x64) AppleWebKit/537.36 (KHTML, like Gecko) Chrome/120.0.0.0 Safari/537.36"
179.36.244.121 - - [30/Jul/2026:01:38:40 +0000] "GET /2026/07/30/best-new-online-casino-strategies-for-maximizing-your-wins-12/ HTTP/1.1" 200 12031 "-" "Mozilla/5.0 (Windows NT 10.0; Win64; x64) AppleWebKit/537.36 (KHTML, like Gecko) Chrome/120.0.0.0 Safari/537.36"
176.189.225.175 - - [30/Jul/2026:01:38:47 +0000] "GET / HTTP/1.1" 200 12367 "-" "Mozilla/5.0 (Windows NT 10.0; Win64; x64) AppleWebKit/537.36 (KHTML, like Gecko) Chrome/120.0.0.0 Safari/537.36"
176.189.225.175 - - [30/Jul/2026:01:38:49 +0000] "GET /wp-login.php HTTP/1.1" 200 3117 "-" "Mozilla/5.0 (Windows NT 10.0; Win64; x64) AppleWebKit/537.36 (KHTML, like Gecko) Chrome/120.0.0.0 Safari/537.36"
176.189.225.175 - - [30/Jul/2026:01:38:53 +0000] "POST /wp-login.php HTTP/1.1" 302 5 "https://mi-no-ka.studio/wp-login.php" "Mozilla/5.0 (Windows NT 10.0; Win64; x64) AppleWebKit/537.36 (KHTML, like Gecko) Chrome/120.0.0.0 Safari/537.36"
176.189.225.175 - - [30/Jul/2026:01:38:55 +0000] "GET /wp-admin/ HTTP/1.1" 200 52276 "https://mi-no-ka.studio/wp-login.php" "Mozilla/5.0 (Windows NT 10.0; Win64; x64) AppleWebKit/537.36 (KHTML, like Gecko) Chrome/120.0.0.0 Safari/537.36"
38.25.219.254 - - [30/Jul/2026:01:39:04 +0000] "GET /wp-admin/ HTTP/1.1" 200 52276 "-" "Mozilla/5.0 (Windows NT 10.0; Win64; x64) AppleWebKit/537.36 (KHTML, like Gecko) Chrome/120.0.0.0 Safari/537.36"
38.25.219.254 - - [30/Jul/2026:01:39:07 +0000] "GET /wp-admin/post-new.php HTTP/1.1" 200 199547 "-" "Mozilla/5.0 (Windows NT 10.0; Win64; x64) AppleWebKit/537.36 (KHTML, like Gecko) Chrome/120.0.0.0 Safari/537.36"
38.25.219.254 - - [30/Jul/2026:01:39:14 +0000] "POST /xmlrpc.php HTTP/1.1" 444 0 "-" "WordPress/5.0; https://mi-no-ka.studio"
49.151.174.115 - - [30/Jul/2026:01:39:23 +0000] "GET /wp-admin/admin-ajax.php?action=rest-nonce HTTP/1.1" 200 41 "-" "Mozilla/5.0 (Windows NT 10.0; Win64; x64) AppleWebKit/537.36 (KHTML, like Gecko) Chrome/120.0.0.0 Safari/537.36"
178.105.222.151 - - [30/Jul/2026:01:39:26 +0000] "POST /wp-cron.php?doing_wp_cron=1785375566.2299389839172363281250 HTTP/1.1" 200 31 "-" "WordPress/7.0; https://mi-no-ka.studio"
49.151.174.115 - - [30/Jul/2026:01:39:26 +0000] "POST /wp-json/wp/v2/posts HTTP/1.1" 201 16669 "-" "Mozilla/5.0 (Windows NT 10.0; Win64; x64) AppleWebKit/537.36 (KHTML, like Gecko) Chrome/120.0.0.0 Safari/537.36"
49.151.174.115 - - [30/Jul/2026:01:39:28 +0000] "GET /2026/07/29/best-new-online-casino-strategies-for-maximizing-your-wins-13/ HTTP/1.1" 200 12030 "-" "Mozilla/5.0 (Windows NT 10.0; Win64; x64) AppleWebKit/537.36 (KHTML, like Gecko) Chrome/120.0.0.0 Safari/537.36"
49.151.174.115 - - [30/Jul/2026:01:39:33 +0000] "GET /2026/07/29/best-new-online-casino-strategies-for-maximizing-your-wins-13/ HTTP/1.1" 200 12030 "-" "Mozilla/5.0 (Windows NT 10.0; Win64; x64) AppleWebKit/537.36 (KHTML, like Gecko) Chrome/120.0.0.0 Safari/537.36"
49.151.174.115 - - [30/Jul/2026:01:39:39 +0000] "GET /2026/07/29/best-new-online-casino-strategies-for-maximizing-your-wins-13/ HTTP/1.1" 200 12030 "-" "Mozilla/5.0 (Windows NT 10.0; Win64; x64) AppleWebKit/537.36 (KHTML, like Gecko) Chrome/120.0.0.0 Safari/537.36"
178.105.222.151 - - [30/Jul/2026:01:39:42 +0000] "POST /wp-cron.php?doing_wp_cron=1785375582.9735949039459228515625 HTTP/1.1" 200 31 "-" "WordPress/7.0; https://mi-no-ka.studio"
49.151.174.115 - - [30/Jul/2026:01:39:43 +0000] "POST /wp-json/wp/v2/posts HTTP/1.1" 201 16669 "-" "Mozilla/5.0 (Windows NT 10.0; Win64; x64) AppleWebKit/537.36 (KHTML, like Gecko) Chrome/120.0.0.0 Safari/537.36"
195.40.121.103 - - [30/Jul/2026:01:39:45 +0000] "GET /wp-login.php HTTP/1.1" 200 3117 "-" "Mozilla/5.0 (Windows NT 10.0; Win64; x64) AppleWebKit/537.36 (KHTML, like Gecko) Chrome/145.0.0.0 Safari/537.36"
49.151.174.115 - - [30/Jul/2026:01:39:45 +0000] "GET /2026/07/29/best-new-online-casino-strategies-for-maximizing-your-wins-14/ HTTP/1.1" 200 12031 "-" "Mozilla/5.0 (Windows NT 10.0; Win64; x64) AppleWebKit/537.36 (KHTML, like Gecko) Chrome/120.0.0.0 Safari/537.36"
195.40.121.103 - - [30/Jul/2026:01:39:48 +0000] "POST /wp-login.php HTTP/1.1" 302 5 "https://mi-no-ka.studio/wp-login.php" "Mozilla/5.0 (Windows NT 10.0; Win64; x64) AppleWebKit/537.36 (KHTML, like Gecko) Chrome/145.0.0.0 Safari/537.36"
195.40.121.103 - - [30/Jul/2026:01:39:49 +0000] "GET /wp-admin/ HTTP/1.1" 200 52289 "https://mi-no-ka.studio/wp-login.php" "Mozilla/5.0 (Windows NT 10.0; Win64; x64) AppleWebKit/537.36 (KHTML, like Gecko) Chrome/145.0.0.0 Safari/537.36"
49.151.174.115 - - [30/Jul/2026:01:39:50 +0000] "GET /2026/07/29/best-new-online-casino-strategies-for-maximizing-your-wins-14/ HTTP/1.1" 200 12031 "-" "Mozilla/5.0 (Windows NT 10.0; Win64; x64) AppleWebKit/537.36 (KHTML, like Gecko) Chrome/120.0.0.0 Safari/537.36"
195.40.121.103 - - [30/Jul/2026:01:39:53 +0000] "GET /wp-admin/user-new.php HTTP/1.1" 200 50856 "https://mi-no-ka.studio/wp-login.php" "Mozilla/5.0 (Windows NT 10.0; Win64; x64) AppleWebKit/537.36 (KHTML, like Gecko) Chrome/145.0.0.0 Safari/537.36"
49.151.174.115 - - [30/Jul/2026:01:39:54 +0000] "GET /2026/07/29/best-new-online-casino-strategies-for-maximizing-your-wins-14/ HTTP/1.1" 200 12031 "-" "Mozilla/5.0 (Windows NT 10.0; Win64; x64) AppleWebKit/537.36 (KHTML, like Gecko) Chrome/120.0.0.0 Safari/537.36"
195.40.121.103 - - [30/Jul/2026:01:39:57 +0000] "POST /wp-admin/user-new.php HTTP/1.1" 200 50944 "https://mi-no-ka.studio/wp-login.php" "Mozilla/5.0 (Windows NT 10.0; Win64; x64) AppleWebKit/537.36 (KHTML, like Gecko) Chrome/145.0.0.0 Safari/537.36"
49.151.174.115 - - [30/Jul/2026:01:39:57 +0000] "GET /wp-admin/post-new.php HTTP/1.1" 200 199551 "-" "Mozilla/5.0 (Windows NT 10.0; Win64; x64) AppleWebKit/537.36 (KHTML, like Gecko) Chrome/120.0.0.0 Safari/537.36"
195.40.121.103 - - [30/Jul/2026:01:40:01 +0000] "GET /wp-admin/plugins.php?plugin_status=all&paged=1&s HTTP/1.1" 200 49758 "https://mi-no-ka.studio/wp-login.php" "Mozilla/5.0 (Windows NT 10.0; Win64; x64) AppleWebKit/537.36 (KHTML, like Gecko) Chrome/145.0.0.0 Safari/537.36"
178.105.222.151 - - [30/Jul/2026:01:40:05 +0000] "POST /wp-cron.php?doing_wp_cron=1785375605.0498499870300292968750 HTTP/1.1" 200 31 "-" "WordPress/7.0; https://mi-no-ka.studio"
49.151.174.115 - - [30/Jul/2026:01:40:05 +0000] "POST /wp-admin/post.php HTTP/1.1" 302 5 "-" "Mozilla/5.0 (Windows NT 10.0; Win64; x64) AppleWebKit/537.36 (KHTML, like Gecko) Chrome/120.0.0.0 Safari/537.36"
195.40.121.103 - - [30/Jul/2026:01:40:05 +0000] "GET /wp-admin/plugins.php HTTP/1.1" 200 49673 "https://mi-no-ka.studio/wp-login.php" "Mozilla/5.0 (Windows NT 10.0; Win64; x64) AppleWebKit/537.36 (KHTML, like Gecko) Chrome/145.0.0.0 Safari/537.36"
49.151.174.115 - - [30/Jul/2026:01:40:07 +0000] "GET /wp-admin/post.php?post=1415&action=edit&message=1 HTTP/1.1" 200 203741 "-" "Mozilla/5.0 (Windows NT 10.0; Win64; x64) AppleWebKit/537.36 (KHTML, like Gecko) Chrome/120.0.0.0 Safari/537.36"
195.40.121.103 - - [30/Jul/2026:01:40:09 +0000] "GET /wp-admin/plugin-install.php HTTP/1.1" 200 51687 "https://mi-no-ka.studio/wp-login.php" "Mozilla/5.0 (Windows NT 10.0; Win64; x64) AppleWebKit/537.36 (KHTML, like Gecko) Chrome/145.0.0.0 Safari/537.36"
196.177.108.213 - - [30/Jul/2026:01:40:12 +0000] "GET /?p=1415 HTTP/1.1" 301 5 "-" "Mozilla/5.0 (Windows NT 10.0; Win64; x64) AppleWebKit/537.36 (KHTML, like Gecko) Chrome/120.0.0.0 Safari/537.36"
196.177.108.213 - - [30/Jul/2026:01:40:15 +0000] "GET /2026/07/30/best-new-online-casino-strategies-for-maximizing-your-wins-15/ HTTP/1.1" 200 12030 "-" "Mozilla/5.0 (Windows NT 10.0; Win64; x64) AppleWebKit/537.36 (KHTML, like Gecko) Chrome/120.0.0.0 Safari/537.36"
195.40.121.103 - - [30/Jul/2026:01:40:15 +0000] "POST /wp-admin/admin-ajax.php HTTP/1.1" 200 310 "https://mi-no-ka.studio/wp-login.php" "Mozilla/5.0 (Windows NT 10.0; Win64; x64) AppleWebKit/537.36 (KHTML, like Gecko) Chrome/145.0.0.0 Safari/537.36"
195.40.121.103 - - [30/Jul/2026:01:40:18 +0000] "POST /wp-admin/admin-ajax.php HTTP/1.1" 200 280 "https://mi-no-ka.studio/wp-login.php" "Mozilla/5.0 (Windows NT 10.0; Win64; x64) AppleWebKit/537.36 (KHTML, like Gecko) Chrome/145.0.0.0 Safari/537.36"
196.177.108.213 - - [30/Jul/2026:01:40:19 +0000] "GET /?p=1415 HTTP/1.1" 301 5 "-" "Mozilla/5.0 (Windows NT 10.0; Win64; x64) AppleWebKit/537.36 (KHTML, like Gecko) Chrome/120.0.0.0 Safari/537.36"
