196.177.108.213 - - [30/Jul/2026:01:40:22 +0000] "GET /2026/07/30/best-new-online-casino-strategies-for-maximizing-your-wins-15/ HTTP/1.1" 200 12030 "-" "Mozilla/5.0 (Windows NT 10.0; Win64; x64) AppleWebKit/537.36 (KHTML, like Gecko) Chrome/120.0.0.0 Safari/537.36"
195.40.121.103 - - [30/Jul/2026:01:40:23 +0000] "GET /wp-admin/plugins.php?plugin_status=all&paged=1&s HTTP/1.1" 200 49758 "https://mi-no-ka.studio/wp-login.php" "Mozilla/5.0 (Windows NT 10.0; Win64; x64) AppleWebKit/537.36 (KHTML, like Gecko) Chrome/145.0.0.0 Safari/537.36"
196.177.108.213 - - [30/Jul/2026:01:40:27 +0000] "GET /?p=1415 HTTP/1.1" 301 5 "-" "Mozilla/5.0 (Windows NT 10.0; Win64; x64) AppleWebKit/537.36 (KHTML, like Gecko) Chrome/120.0.0.0 Safari/537.36"
196.177.108.213 - - [30/Jul/2026:01:40:29 +0000] "GET /2026/07/30/best-new-online-casino-strategies-for-maximizing-your-wins-15/ HTTP/1.1" 200 12030 "-" "Mozilla/5.0 (Windows NT 10.0; Win64; x64) AppleWebKit/537.36 (KHTML, like Gecko) Chrome/120.0.0.0 Safari/537.36"
153.67.7.202 - - [30/Jul/2026:01:40:41 +0000] "GET / HTTP/1.1" 200 12367 "-" "Mozilla/5.0 (Windows NT 10.0; Win64; x64) AppleWebKit/537.36 (KHTML, like Gecko) Chrome/120.0.0.0 Safari/537.36"
153.67.7.202 - - [30/Jul/2026:01:40:44 +0000] "GET /wp-login.php HTTP/1.1" 200 3117 "-" "Mozilla/5.0 (Windows NT 10.0; Win64; x64) AppleWebKit/537.36 (KHTML, like Gecko) Chrome/120.0.0.0 Safari/537.36"
153.67.7.202 - - [30/Jul/2026:01:40:47 +0000] "POST /wp-login.php HTTP/1.1" 302 5 "https://mi-no-ka.studio/wp-login.php" "Mozilla/5.0 (Windows NT 10.0; Win64; x64) AppleWebKit/537.36 (KHTML, like Gecko) Chrome/120.0.0.0 Safari/537.36"
153.67.7.202 - - [30/Jul/2026:01:40:49 +0000] "GET /wp-admin/ HTTP/1.1" 200 52201 "https://mi-no-ka.studio/wp-login.php" "Mozilla/5.0 (Windows NT 10.0; Win64; x64) AppleWebKit/537.36 (KHTML, like Gecko) Chrome/120.0.0.0 Safari/537.36"
112.202.229.32 - - [30/Jul/2026:01:40:57 +0000] "GET /wp-admin/ HTTP/1.1" 200 52201 "-" "Mozilla/5.0 (Windows NT 10.0; Win64; x64) AppleWebKit/537.36 (KHTML, like Gecko) Chrome/120.0.0.0 Safari/537.36"
112.202.229.32 - - [30/Jul/2026:01:41:01 +0000] "GET /wp-admin/post-new.php HTTP/1.1" 200 199557 "-" "Mozilla/5.0 (Windows NT 10.0; Win64; x64) AppleWebKit/537.36 (KHTML, like Gecko) Chrome/120.0.0.0 Safari/537.36"
112.202.229.32 - - [30/Jul/2026:01:41:07 +0000] "POST /xmlrpc.php HTTP/1.1" 444 0 "-" "WordPress/5.0; https://mi-no-ka.studio"
160.20.40.245 - - [30/Jul/2026:01:41:23 +0000] "GET /wp-admin/admin-ajax.php?action=rest-nonce HTTP/1.1" 200 41 "-" "Mozilla/5.0 (Windows NT 10.0; Win64; x64) AppleWebKit/537.36 (KHTML, like Gecko) Chrome/120.0.0.0 Safari/537.36"
178.105.222.151 - - [30/Jul/2026:01:41:27 +0000] "POST /wp-cron.php?doing_wp_cron=1785375687.6469509601593017578125 HTTP/1.1" 200 31 "-" "WordPress/7.0; https://mi-no-ka.studio"
160.20.40.245 - - [30/Jul/2026:01:41:27 +0000] "POST /wp-json/wp/v2/posts HTTP/1.1" 201 52324 "-" "Mozilla/5.0 (Windows NT 10.0; Win64; x64) AppleWebKit/537.36 (KHTML, like Gecko) Chrome/120.0.0.0 Safari/537.36"
160.20.40.245 - - [30/Jul/2026:01:41:31 +0000] "GET /2026/07/29/issledovanie-tem-v-populiarnykh-igrakh-na-pinco-casino-zerkalo/ HTTP/1.1" 200 12355 "-" "Mozilla/5.0 (Windows NT 10.0; Win64; x64) AppleWebKit/537.36 (KHTML, like Gecko) Chrome/120.0.0.0 Safari/537.36"
160.20.40.245 - - [30/Jul/2026:01:41:36 +0000] "GET /2026/07/29/issledovanie-tem-v-populiarnykh-igrakh-na-pinco-casino-zerkalo/ HTTP/1.1" 200 12355 "-" "Mozilla/5.0 (Windows NT 10.0; Win64; x64) AppleWebKit/537.36 (KHTML, like Gecko) Chrome/120.0.0.0 Safari/537.36"
160.20.40.245 - - [30/Jul/2026:01:41:41 +0000] "GET /2026/07/29/issledovanie-tem-v-populiarnykh-igrakh-na-pinco-casino-zerkalo/ HTTP/1.1" 200 12355 "-" "Mozilla/5.0 (Windows NT 10.0; Win64; x64) AppleWebKit/537.36 (KHTML, like Gecko) Chrome/120.0.0.0 Safari/537.36"
178.105.222.151 - - [30/Jul/2026:01:41:45 +0000] "POST /wp-cron.php?doing_wp_cron=1785375705.2025620937347412109375 HTTP/1.1" 200 31 "-" "WordPress/7.0; https://mi-no-ka.studio"
160.20.40.245 - - [30/Jul/2026:01:41:45 +0000] "POST /wp-json/wp/v2/posts HTTP/1.1" 201 52332 "-" "Mozilla/5.0 (Windows NT 10.0; Win64; x64) AppleWebKit/537.36 (KHTML, like Gecko) Chrome/120.0.0.0 Safari/537.36"
160.20.40.245 - - [30/Jul/2026:01:41:48 +0000] "GET /2026/07/29/issledovanie-tem-v-populiarnykh-igrakh-na-pinco-casino-zerkalo-2/ HTTP/1.1" 200 12357 "-" "Mozilla/5.0 (Windows NT 10.0; Win64; x64) AppleWebKit/537.36 (KHTML, like Gecko) Chrome/120.0.0.0 Safari/537.36"
160.20.40.245 - - [30/Jul/2026:01:41:53 +0000] "GET /2026/07/29/issledovanie-tem-v-populiarnykh-igrakh-na-pinco-casino-zerkalo-2/ HTTP/1.1" 200 12357 "-" "Mozilla/5.0 (Windows NT 10.0; Win64; x64) AppleWebKit/537.36 (KHTML, like Gecko) Chrome/120.0.0.0 Safari/537.36"
160.20.40.245 - - [30/Jul/2026:01:41:58 +0000] "GET /2026/07/29/issledovanie-tem-v-populiarnykh-igrakh-na-pinco-casino-zerkalo-2/ HTTP/1.1" 200 12357 "-" "Mozilla/5.0 (Windows NT 10.0; Win64; x64) AppleWebKit/537.36 (KHTML, like Gecko) Chrome/120.0.0.0 Safari/537.36"
160.20.40.245 - - [30/Jul/2026:01:42:02 +0000] "GET /wp-admin/post-new.php HTTP/1.1" 200 199560 "-" "Mozilla/5.0 (Windows NT 10.0; Win64; x64) AppleWebKit/537.36 (KHTML, like Gecko) Chrome/120.0.0.0 Safari/537.36"
178.105.222.151 - - [30/Jul/2026:01:42:09 +0000] "POST /wp-cron.php?doing_wp_cron=1785375729.9498820304870605468750 HTTP/1.1" 200 31 "-" "WordPress/7.0; https://mi-no-ka.studio"
160.20.40.245 - - [30/Jul/2026:01:42:09 +0000] "POST /wp-admin/post.php HTTP/1.1" 302 5 "-" "Mozilla/5.0 (Windows NT 10.0; Win64; x64) AppleWebKit/537.36 (KHTML, like Gecko) Chrome/120.0.0.0 Safari/537.36"
160.20.40.245 - - [30/Jul/2026:01:42:12 +0000] "GET /wp-admin/post.php?post=1420&action=edit&message=1 HTTP/1.1" 200 210508 "-" "Mozilla/5.0 (Windows NT 10.0; Win64; x64) AppleWebKit/537.36 (KHTML, like Gecko) Chrome/120.0.0.0 Safari/537.36"
45.219.107.239 - - [30/Jul/2026:01:42:19 +0000] "GET /?p=1420 HTTP/1.1" 301 5 "-" "Mozilla/5.0 (Windows NT 10.0; Win64; x64) AppleWebKit/537.36 (KHTML, like Gecko) Chrome/120.0.0.0 Safari/537.36"
45.219.107.239 - - [30/Jul/2026:01:42:22 +0000] "GET /2026/07/30/issledovanie-tem-v-populiarnykh-igrakh-na-pinco-casino-zerkalo-3/ HTTP/1.1" 200 12357 "-" "Mozilla/5.0 (Windows NT 10.0; Win64; x64) AppleWebKit/537.36 (KHTML, like Gecko) Chrome/120.0.0.0 Safari/537.36"
45.219.107.239 - - [30/Jul/2026:01:42:27 +0000] "GET /?p=1420 HTTP/1.1" 301 5 "-" "Mozilla/5.0 (Windows NT 10.0; Win64; x64) AppleWebKit/537.36 (KHTML, like Gecko) Chrome/120.0.0.0 Safari/537.36"
45.219.107.239 - - [30/Jul/2026:01:42:30 +0000] "GET /2026/07/30/issledovanie-tem-v-populiarnykh-igrakh-na-pinco-casino-zerkalo-3/ HTTP/1.1" 200 12357 "-" "Mozilla/5.0 (Windows NT 10.0; Win64; x64) AppleWebKit/537.36 (KHTML, like Gecko) Chrome/120.0.0.0 Safari/537.36"
45.219.107.239 - - [30/Jul/2026:01:42:34 +0000] "GET /?p=1420 HTTP/1.1" 301 5 "-" "Mozilla/5.0 (Windows NT 10.0; Win64; x64) AppleWebKit/537.36 (KHTML, like Gecko) Chrome/120.0.0.0 Safari/537.36"
45.219.107.239 - - [30/Jul/2026:01:42:36 +0000] "GET /2026/07/30/issledovanie-tem-v-populiarnykh-igrakh-na-pinco-casino-zerkalo-3/ HTTP/1.1" 200 12357 "-" "Mozilla/5.0 (Windows NT 10.0; Win64; x64) AppleWebKit/537.36 (KHTML, like Gecko) Chrome/120.0.0.0 Safari/537.36"
113.182.7.59 - - [30/Jul/2026:01:42:43 +0000] "GET / HTTP/1.1" 200 12367 "-" "Mozilla/5.0 (Windows NT 10.0; Win64; x64) AppleWebKit/537.36 (KHTML, like Gecko) Chrome/120.0.0.0 Safari/537.36"
113.182.7.59 - - [30/Jul/2026:01:42:45 +0000] "GET /wp-login.php HTTP/1.1" 200 3117 "-" "Mozilla/5.0 (Windows NT 10.0; Win64; x64) AppleWebKit/537.36 (KHTML, like Gecko) Chrome/120.0.0.0 Safari/537.36"
113.182.7.59 - - [30/Jul/2026:01:42:49 +0000] "POST /wp-login.php HTTP/1.1" 302 5 "https://mi-no-ka.studio/wp-login.php" "Mozilla/5.0 (Windows NT 10.0; Win64; x64) AppleWebKit/537.36 (KHTML, like Gecko) Chrome/120.0.0.0 Safari/537.36"
113.182.7.59 - - [30/Jul/2026:01:42:51 +0000] "GET /wp-admin/ HTTP/1.1" 200 52349 "https://mi-no-ka.studio/wp-login.php" "Mozilla/5.0 (Windows NT 10.0; Win64; x64) AppleWebKit/537.36 (KHTML, like Gecko) Chrome/120.0.0.0 Safari/537.36"
82.167.208.214 - - [30/Jul/2026:01:42:57 +0000] "GET /wp-admin/ HTTP/1.1" 200 52350 "-" "Mozilla/5.0 (Windows NT 10.0; Win64; x64) AppleWebKit/537.36 (KHTML, like Gecko) Chrome/120.0.0.0 Safari/537.36"
82.167.208.214 - - [30/Jul/2026:01:43:01 +0000] "GET /wp-admin/post-new.php HTTP/1.1" 200 199551 "-" "Mozilla/5.0 (Windows NT 10.0; Win64; x64) AppleWebKit/537.36 (KHTML, like Gecko) Chrome/120.0.0.0 Safari/537.36"
82.167.208.214 - - [30/Jul/2026:01:43:07 +0000] "POST /xmlrpc.php HTTP/1.1" 444 0 "-" "WordPress/5.0; https://mi-no-ka.studio"
196.39.169.109 - - [30/Jul/2026:01:43:19 +0000] "GET /wp-admin/admin-ajax.php?action=rest-nonce HTTP/1.1" 200 41 "-" "Mozilla/5.0 (Windows NT 10.0; Win64; x64) AppleWebKit/537.36 (KHTML, like Gecko) Chrome/120.0.0.0 Safari/537.36"
178.105.222.151 - - [30/Jul/2026:01:43:22 +0000] "POST /wp-cron.php?doing_wp_cron=1785375802.8691461086273193359375 HTTP/1.1" 200 31 "-" "WordPress/7.0; https://mi-no-ka.studio"
196.39.169.109 - - [30/Jul/2026:01:43:22 +0000] "POST /wp-json/wp/v2/posts HTTP/1.1" 201 52332 "-" "Mozilla/5.0 (Windows NT 10.0; Win64; x64) AppleWebKit/537.36 (KHTML, like Gecko) Chrome/120.0.0.0 Safari/537.36"
196.39.169.109 - - [30/Jul/2026:01:43:26 +0000] "GET /2026/07/29/issledovanie-tem-v-populiarnykh-igrakh-na-pinco-casino-zerkalo-4/ HTTP/1.1" 200 12357 "-" "Mozilla/5.0 (Windows NT 10.0; Win64; x64) AppleWebKit/537.36 (KHTML, like Gecko) Chrome/120.0.0.0 Safari/537.36"
196.39.169.109 - - [30/Jul/2026:01:43:31 +0000] "GET /2026/07/29/issledovanie-tem-v-populiarnykh-igrakh-na-pinco-casino-zerkalo-4/ HTTP/1.1" 200 12357 "-" "Mozilla/5.0 (Windows NT 10.0; Win64; x64) AppleWebKit/537.36 (KHTML, like Gecko) Chrome/120.0.0.0 Safari/537.36"
196.39.169.109 - - [30/Jul/2026:01:43:35 +0000] "GET /2026/07/29/issledovanie-tem-v-populiarnykh-igrakh-na-pinco-casino-zerkalo-4/ HTTP/1.1" 200 12357 "-" "Mozilla/5.0 (Windows NT 10.0; Win64; x64) AppleWebKit/537.36 (KHTML, like Gecko) Chrome/120.0.0.0 Safari/537.36"
178.105.222.151 - - [30/Jul/2026:01:43:40 +0000] "POST /wp-cron.php?doing_wp_cron=1785375820.2010579109191894531250 HTTP/1.1" 200 31 "-" "WordPress/7.0; https://mi-no-ka.studio"
196.39.169.109 - - [30/Jul/2026:01:43:40 +0000] "POST /wp-json/wp/v2/posts HTTP/1.1" 201 52332 "-" "Mozilla/5.0 (Windows NT 10.0; Win64; x64) AppleWebKit/537.36 (KHTML, like Gecko) Chrome/120.0.0.0 Safari/537.36"
196.39.169.109 - - [30/Jul/2026:01:43:43 +0000] "GET /2026/07/29/issledovanie-tem-v-populiarnykh-igrakh-na-pinco-casino-zerkalo-5/ HTTP/1.1" 200 12357 "-" "Mozilla/5.0 (Windows NT 10.0; Win64; x64) AppleWebKit/537.36 (KHTML, like Gecko) Chrome/120.0.0.0 Safari/537.36"
196.39.169.109 - - [30/Jul/2026:01:43:48 +0000] "GET /2026/07/29/issledovanie-tem-v-populiarnykh-igrakh-na-pinco-casino-zerkalo-5/ HTTP/1.1" 200 12357 "-" "Mozilla/5.0 (Windows NT 10.0; Win64; x64) AppleWebKit/537.36 (KHTML, like Gecko) Chrome/120.0.0.0 Safari/537.36"
196.39.169.109 - - [30/Jul/2026:01:43:53 +0000] "GET /2026/07/29/issledovanie-tem-v-populiarnykh-igrakh-na-pinco-casino-zerkalo-5/ HTTP/1.1" 200 12357 "-" "Mozilla/5.0 (Windows NT 10.0; Win64; x64) AppleWebKit/537.36 (KHTML, like Gecko) Chrome/120.0.0.0 Safari/537.36"
196.39.169.109 - - [30/Jul/2026:01:43:57 +0000] "GET /wp-admin/post-new.php HTTP/1.1" 200 199552 "-" "Mozilla/5.0 (Windows NT 10.0; Win64; x64) AppleWebKit/537.36 (KHTML, like Gecko) Chrome/120.0.0.0 Safari/537.36"
178.105.222.151 - - [30/Jul/2026:01:44:04 +0000] "POST /wp-cron.php?doing_wp_cron=1785375844.0859439373016357421875 HTTP/1.1" 200 31 "-" "WordPress/7.0; https://mi-no-ka.studio"
196.39.169.109 - - [30/Jul/2026:01:44:04 +0000] "POST /wp-admin/post.php HTTP/1.1" 302 5 "-" "Mozilla/5.0 (Windows NT 10.0; Win64; x64) AppleWebKit/537.36 (KHTML, like Gecko) Chrome/120.0.0.0 Safari/537.36"
196.39.169.109 - - [30/Jul/2026:01:44:06 +0000] "GET /wp-admin/post.php?post=1425&action=edit&message=1 HTTP/1.1" 200 210507 "-" "Mozilla/5.0 (Windows NT 10.0; Win64; x64) AppleWebKit/537.36 (KHTML, like Gecko) Chrome/120.0.0.0 Safari/537.36"
103.122.252.18 - - [30/Jul/2026:01:44:12 +0000] "GET /?p=1425 HTTP/1.1" 301 5 "-" "Mozilla/5.0 (Windows NT 10.0; Win64; x64) AppleWebKit/537.36 (KHTML, like Gecko) Chrome/120.0.0.0 Safari/537.36"
103.122.252.18 - - [30/Jul/2026:01:44:14 +0000] "GET /2026/07/30/issledovanie-tem-v-populiarnykh-igrakh-na-pinco-casino-zerkalo-6/ HTTP/1.1" 200 12356 "-" "Mozilla/5.0 (Windows NT 10.0; Win64; x64) AppleWebKit/537.36 (KHTML, like Gecko) Chrome/120.0.0.0 Safari/537.36"
103.122.252.18 - - [30/Jul/2026:01:44:18 +0000] "GET /?p=1425 HTTP/1.1" 301 5 "-" "Mozilla/5.0 (Windows NT 10.0; Win64; x64) AppleWebKit/537.36 (KHTML, like Gecko) Chrome/120.0.0.0 Safari/537.36"
103.122.252.18 - - [30/Jul/2026:01:44:20 +0000] "GET /2026/07/30/issledovanie-tem-v-populiarnykh-igrakh-na-pinco-casino-zerkalo-6/ HTTP/1.1" 200 12356 "-" "Mozilla/5.0 (Windows NT 10.0; Win64; x64) AppleWebKit/537.36 (KHTML, like Gecko) Chrome/120.0.0.0 Safari/537.36"
103.122.252.18 - - [30/Jul/2026:01:44:25 +0000] "GET /?p=1425 HTTP/1.1" 301 5 "-" "Mozilla/5.0 (Windows NT 10.0; Win64; x64) AppleWebKit/537.36 (KHTML, like Gecko) Chrome/120.0.0.0 Safari/537.36"
103.122.252.18 - - [30/Jul/2026:01:44:27 +0000] "GET /2026/07/30/issledovanie-tem-v-populiarnykh-igrakh-na-pinco-casino-zerkalo-6/ HTTP/1.1" 200 12356 "-" "Mozilla/5.0 (Windows NT 10.0; Win64; x64) AppleWebKit/537.36 (KHTML, like Gecko) Chrome/120.0.0.0 Safari/537.36"
179.94.144.215 - - [30/Jul/2026:01:44:35 +0000] "GET / HTTP/1.1" 200 12367 "-" "Mozilla/5.0 (Windows NT 10.0; Win64; x64) AppleWebKit/537.36 (KHTML, like Gecko) Chrome/120.0.0.0 Safari/537.36"
179.94.144.215 - - [30/Jul/2026:01:44:37 +0000] "GET /wp-login.php HTTP/1.1" 200 3117 "-" "Mozilla/5.0 (Windows NT 10.0; Win64; x64) AppleWebKit/537.36 (KHTML, like Gecko) Chrome/120.0.0.0 Safari/537.36"
179.94.144.215 - - [30/Jul/2026:01:44:41 +0000] "POST /wp-login.php HTTP/1.1" 302 5 "https://mi-no-ka.studio/wp-login.php" "Mozilla/5.0 (Windows NT 10.0; Win64; x64) AppleWebKit/537.36 (KHTML, like Gecko) Chrome/120.0.0.0 Safari/537.36"
179.94.144.215 - - [30/Jul/2026:01:44:44 +0000] "GET /wp-admin/ HTTP/1.1" 200 52355 "https://mi-no-ka.studio/wp-login.php" "Mozilla/5.0 (Windows NT 10.0; Win64; x64) AppleWebKit/537.36 (KHTML, like Gecko) Chrome/120.0.0.0 Safari/537.36"
151.255.14.242 - - [30/Jul/2026:01:44:51 +0000] "GET /wp-admin/ HTTP/1.1" 200 52354 "-" "Mozilla/5.0 (Windows NT 10.0; Win64; x64) AppleWebKit/537.36 (KHTML, like Gecko) Chrome/120.0.0.0 Safari/537.36"
120.92.16.84 - - [30/Jul/2026:01:50:00 +0000] "POST /cgi-bin/ViewLog.asp HTTP/1.1" 404 134 "-" "r00ts3c-owned-you"
120.92.16.84 - - [30/Jul/2026:01:50:00 +0000] "t=Save" 400 166 "-" "-"
103.154.160.11 - - [30/Jul/2026:01:50:22 +0000] "GET / HTTP/1.1" 200 12367 "-" "Python/3.12 aiohttp/3.13.5"
45.79.207.110 - - [30/Jul/2026:01:50:53 +0000] "GET / HTTP/1.1" 400 264 "-" "Mozilla/5.0 zgrab/0.x"
152.32.213.13 - - [30/Jul/2026:01:55:39 +0000] "GET / HTTP/1.1" 400 166 "-" "NTRIP GNSSInternetRadio"
152.32.213.13 - - [30/Jul/2026:01:55:40 +0000] "GET /version HTTP/1.1" 400 264 "-" "-"
152.32.213.13 - - [30/Jul/2026:01:55:40 +0000] "GET / HTTP/1.1" 400 264 "-" "-"
152.32.213.13 - - [30/Jul/2026:01:55:41 +0000] "GET / HTTP/1.1" 400 264 "-" "-"
152.32.213.13 - - [30/Jul/2026:01:55:41 +0000] "GET /v1 HTTP/1.1" 400 264 "-" "-"
152.32.213.13 - - [30/Jul/2026:01:55:42 +0000] "GET / HTTP/1.1" 301 5 "-" "-"
152.32.213.13 - - [30/Jul/2026:01:55:50 +0000] "GET / HTTP/1.1" 301 5 "-" "Mozilla/5.0 (Windows NT 6.1) AppleWebKit/537.36 (KHTML, like Gecko) Chrome/49.0.2623.112 Safari/537.36"
152.32.213.13 - - [30/Jul/2026:01:55:51 +0000] "GET / HTTP/1.1" 200 46300 "https://178.105.222.151:443" "Mozilla/5.0 (Windows NT 6.1) AppleWebKit/537.36 (KHTML, like Gecko) Chrome/49.0.2623.112 Safari/537.36"
152.32.213.13 - - [30/Jul/2026:01:55:54 +0000] "GET /wp-content/themes/mi-no-ka-theme/assets/thumbnail.png HTTP/1.1" 200 128980 "https://178.105.222.151" "Mozilla/5.0 (Windows NT 6.1) AppleWebKit/537.36 (KHTML, like Gecko) Chrome/49.0.2623.112 Safari/537.36"
101.33.66.34 - - [30/Jul/2026:01:56:32 +0000] "GET / HTTP/1.1" 301 178 "-" "Mozilla/5.0 (iPhone; CPU iPhone OS 13_2_3 like Mac OS X) AppleWebKit/605.1.15 (KHTML, like Gecko) Version/13.0.3 Mobile/15E148 Safari/604.1"
101.33.66.34 - - [30/Jul/2026:01:56:34 +0000] "GET / HTTP/1.1" 200 12367 "http://www.mi-no-ka.studio" "Mozilla/5.0 (iPhone; CPU iPhone OS 13_2_3 like Mac OS X) AppleWebKit/605.1.15 (KHTML, like Gecko) Version/13.0.3 Mobile/15E148 Safari/604.1"
173.208.148.34 - - [30/Jul/2026:01:56:41 +0000] "GET / HTTP/1.1" 200 46300 "-" "Mozilla/5.0 (Windows NT 10.0; Win64; x64) AppleWebKit/537.36 (KHTML, like Gecko) Chrome/131.0.0.0 Safari/537.36"
173.208.148.34 - - [30/Jul/2026:01:56:42 +0000] "GET / HTTP/1.1" 200 46293 "-" "Mozilla/5.0 (compatible; Googlebot/2.1; +http://www.google.com/bot.html)"
173.208.148.34 - - [30/Jul/2026:01:56:42 +0000] "GET /index.php?params=1 HTTP/1.1" 301 178 "-" "Mozilla/5.0 (Windows NT 10.0; Win64; x64) AppleWebKit/537.36 (KHTML, like Gecko) Chrome/131.0.0.0 Safari/537.36"
173.208.148.34 - - [30/Jul/2026:01:56:43 +0000] "GET /index.php?params=1 HTTP/1.1" 301 5 "-" "Mozilla/5.0 (Windows NT 10.0; Win64; x64) AppleWebKit/537.36 (KHTML, like Gecko) Chrome/131.0.0.0 Safari/537.36"
173.208.148.34 - - [30/Jul/2026:01:56:43 +0000] "GET /?params=1 HTTP/1.1" 200 46300 "-" "Mozilla/5.0 (Windows NT 10.0; Win64; x64) AppleWebKit/537.36 (KHTML, like Gecko) Chrome/131.0.0.0 Safari/537.36"
172.236.228.197 - - [30/Jul/2026:02:01:24 +0000] "GET / HTTP/1.1" 200 12367 "-" "Mozilla/5.0 (Macintosh; Intel Mac OS X 13_1) AppleWebKit/537.36 (KHTML, like Gecko) Chrome/108.0.0.0 Safari/537.36"
178.105.222.151 - - [30/Jul/2026:02:03:40 +0000] "POST /wp-cron.php?doing_wp_cron=1785377020.0958700180053710937500 HTTP/1.1" 200 31 "-" "WordPress/7.0; https://mi-no-ka.studio"
213.109.190.78 - milan_J4usEI [30/Jul/2026:02:03:40 +0000] "POST /wp-json/wp/v2/posts HTTP/1.1" 201 21493 "-" "Mozilla/5.0 (Macintosh; Intel Mac OS X 10_15_7) AppleWebKit/537.36 (KHTML, like Gecko) Chrome/142.0.0.0 Safari/537.36"
158.46.218.47 - milan_J4usEI [30/Jul/2026:02:03:41 +0000] "GET /wp-json/wp/v2/posts/1427?context=edit HTTP/1.1" 200 21493 "-" "Mozilla/5.0 (Macintosh; Intel Mac OS X 10_15_7) AppleWebKit/537.36 (KHTML, like Gecko) Chrome/142.0.0.0 Safari/537.36"
45.148.10.120 - - [30/Jul/2026:02:05:35 +0000] "GET / HTTP/1.1" 301 5 "-" "Mozilla/5.0 (ZZ; Linux i686) AppleWebKit/537.36 (KHTML, like Gecko) Chrome/140.0.0.0 Safari/537.36"
82.156.88.97 - - [30/Jul/2026:02:06:53 +0000] "GET / HTTP/1.1" 301 178 "-" "Mozilla/5.0 (iPhone; CPU iPhone OS 13_2_3 like Mac OS X) AppleWebKit/605.1.15 (KHTML, like Gecko) Version/13.0.3 Mobile/15E148 Safari/604.1"
40.77.167.24 - - [30/Jul/2026:02:07:45 +0000] "GET /wp-content/uploads/2026/04/UICS_iMac_home.webp HTTP/1.1" 200 224268 "-" "Mozilla/5.0 AppleWebKit/537.36 (KHTML, like Gecko; compatible; bingbot/2.0; +http://www.bing.com/bingbot.htm) Chrome/116.0.1938.76 Safari/537.36"
18.218.118.203 - - [30/Jul/2026:02:08:17 +0000] "GET / HTTP/1.1" 400 666 "-" "visionheight.com/scan Mozilla/5.0 (Macintosh; Intel Mac OS X 10_15_7) Chrome/126.0.0.0 Safari/537.36"
178.105.222.151 - - [30/Jul/2026:02:08:21 +0000] "POST /wp-cron.php?doing_wp_cron=1785377301.7072570323944091796875 HTTP/1.1" 200 31 "-" "WordPress/7.0; https://mi-no-ka.studio"
161.77.45.145 - milan_J4usEI [30/Jul/2026:02:08:21 +0000] "POST /wp-json/wp/v2/posts HTTP/1.1" 201 26630 "-" "Mozilla/5.0 (Macintosh; Intel Mac OS X 10_15_7) AppleWebKit/537.36 (KHTML, like Gecko) Chrome/142.0.0.0 Safari/537.36"
178.171.105.51 - milan_J4usEI [30/Jul/2026:02:08:22 +0000] "GET /wp-json/wp/v2/posts/1428?context=edit HTTP/1.1" 200 26607 "-" "Mozilla/5.0 (Macintosh; Intel Mac OS X 10_15_7) AppleWebKit/537.36 (KHTML, like Gecko) Chrome/142.0.0.0 Safari/537.36"
18.218.118.203 - - [30/Jul/2026:02:09:16 +0000] "" 400 0 "-" "-"
18.218.118.203 - - [30/Jul/2026:02:10:32 +0000] "GET / HTTP/1.1" 400 666 "-" "visionheight.com/scan Mozilla/5.0 (Macintosh; Intel Mac OS X 10_15_7) Chrome/126.0.0.0 Safari/537.36"
71.6.199.87 - - [30/Jul/2026:02:11:16 +0000] "GET / HTTP/1.1" 200 12367 "-" "Mozilla/5.0 zgrab/0.x"
18.218.118.203 - - [30/Jul/2026:02:13:19 +0000] "GET / HTTP/1.1" 200 12367 "-" "visionheight.com/scan Mozilla/5.0 (Macintosh; Intel Mac OS X 10_15_7) Chrome/126.0.0.0 Safari/537.36"
93.174.93.12 - - [30/Jul/2026:02:24:01 +0000] "GET / HTTP/1.0" 301 178 "-" "Mozilla/5.0 (iPhone; CPU iPhone OS 13_0 like Mac OS X) AppleWebKit/605.1.15 (KHTML, like Gecko) Version/13.0 Mobile/15E148 Safari/604.1"
178.105.222.151 - - [30/Jul/2026:02:28:29 +0000] "POST /wp-cron.php?doing_wp_cron=1785378509.1105730533599853515625 HTTP/1.1" 200 31 "-" "WordPress/7.0; https://mi-no-ka.studio"
63.125.92.132 - - [30/Jul/2026:02:28:29 +0000] "GET / HTTP/1.1" 200 12367 "-" "Mozilla/5.0 (Windows NT 10.0; Win64; x64) AppleWebKit/537.36 (KHTML, like Gecko) Chrome/122.0.0.0 Safari/537.36"
5.45.84.175 - - [30/Jul/2026:02:28:29 +0000] "POST /xmlrpc.php HTTP/1.1" 444 0 "-" "Mozilla/5.0 (Macintosh; Intel Mac OS X 10_15_7) AppleWebKit/537.36 (KHTML, like Gecko) Chrome/120.0.0.0 Safari/537.36"
5.45.84.175 - - [30/Jul/2026:02:28:29 +0000] "POST /xmlrpc.php HTTP/1.1" 301 178 "-" "Mozilla/5.0 (X11; Linux x86_64) AppleWebKit/537.36 (KHTML, like Gecko) Chrome/120.0.0.0 Safari/537.36"
5.45.84.175 - - [30/Jul/2026:02:28:29 +0000] "POST /xmlrpc.php HTTP/1.1" 444 0 "-" "Mozilla/5.0 (X11; Linux x86_64) AppleWebKit/537.36 (KHTML, like Gecko) Chrome/120.0.0.0 Safari/537.36"
5.45.84.175 - - [30/Jul/2026:02:28:34 +0000] "POST /xmlrpc.php HTTP/1.1" 444 0 "-" "Mozilla/5.0 (Windows NT 10.0; Win64; x64; rv:121.0) Gecko/20100101 Firefox/121.0"
5.45.84.175 - - [30/Jul/2026:02:28:34 +0000] "POST /xmlrpc.php HTTP/1.1" 301 178 "-" "Mozilla/5.0 (Windows NT 10.0; Win64; x64; rv:121.0) Gecko/20100101 Firefox/121.0"
5.45.84.175 - - [30/Jul/2026:02:28:34 +0000] "POST /xmlrpc.php HTTP/1.1" 444 0 "-" "Mozilla/5.0 (Windows NT 10.0; Win64; x64; rv:121.0) Gecko/20100101 Firefox/121.0"
5.45.84.175 - - [30/Jul/2026:02:28:37 +0000] "POST /xmlrpc.php HTTP/1.1" 444 0 "-" "Mozilla/5.0 (Windows NT 10.0; Win64; x64) AppleWebKit/537.36 (KHTML, like Gecko) Chrome/119.0.0.0 Safari/537.36 Edg/119.0.0.0"
5.45.84.175 - - [30/Jul/2026:02:28:37 +0000] "POST /xmlrpc.php HTTP/1.1" 301 178 "-" "Mozilla/5.0 (Windows NT 10.0; Win64; x64) AppleWebKit/537.36 (KHTML, like Gecko) Chrome/120.0.0.0 Safari/537.36"
5.45.84.175 - - [30/Jul/2026:02:28:37 +0000] "POST /xmlrpc.php HTTP/1.1" 444 0 "-" "Mozilla/5.0 (Windows NT 10.0; Win64; x64) AppleWebKit/537.36 (KHTML, like Gecko) Chrome/120.0.0.0 Safari/537.36"
5.45.84.175 - - [30/Jul/2026:02:28:41 +0000] "POST /xmlrpc.php HTTP/1.1" 444 0 "-" "Mozilla/5.0 (Windows NT 10.0; Win64; x64) AppleWebKit/537.36 (KHTML, like Gecko) Chrome/119.0.0.0 Safari/537.36 Edg/119.0.0.0"
5.45.84.175 - - [30/Jul/2026:02:28:41 +0000] "POST /xmlrpc.php HTTP/1.1" 301 178 "-" "Mozilla/5.0 (Windows NT 10.0; Win64; x64) AppleWebKit/537.36 (KHTML, like Gecko) Chrome/120.0.0.0 Safari/537.36"
5.45.84.175 - - [30/Jul/2026:02:28:42 +0000] "POST /xmlrpc.php HTTP/1.1" 444 0 "-" "Mozilla/5.0 (Windows NT 10.0; Win64; x64) AppleWebKit/537.36 (KHTML, like Gecko) Chrome/120.0.0.0 Safari/537.36"
63.125.92.132 - milan_J4usEI [30/Jul/2026:02:28:42 +0000] "GET /wp-json/wp/v2/settings HTTP/1.1" 401 136 "-" "Mozilla/5.0 (Windows NT 10.0; Win64; x64) AppleWebKit/537.36 (KHTML, like Gecko) Chrome/122.0.0.0 Safari/537.36"
63.125.92.132 - milan_J4usEI [30/Jul/2026:02:28:43 +0000] "GET /?rest_route=/wp/v2/settings HTTP/1.1" 401 136 "-" "Mozilla/5.0 (Windows NT 10.0; Win64; x64; rv:122.0) Gecko/20100101 Firefox/122.0"
63.125.92.132 - - [30/Jul/2026:02:28:44 +0000] "POST /wp-login.php HTTP/1.1" 302 5 "https://mi-no-ka.studio/wp-login.php" "Mozilla/5.0 (Windows NT 10.0; Win64; x64; rv:122.0) Gecko/20100101 Firefox/122.0"
63.125.92.132 - - [30/Jul/2026:02:28:45 +0000] "GET /wp-admin/ HTTP/1.1" 200 44979 "https://mi-no-ka.studio/wp-login.php" "Mozilla/5.0 (Windows NT 10.0; Win64; x64; rv:122.0) Gecko/20100101 Firefox/122.0"
63.125.92.132 - - [30/Jul/2026:02:28:46 +0000] "GET /wp-admin/ HTTP/1.1" 200 44979 "-" "Mozilla/5.0 (Macintosh; Intel Mac OS X 10_15_7) AppleWebKit/537.36 (KHTML, like Gecko) Chrome/121.0.0.0 Safari/537.36"
63.125.92.132 - - [30/Jul/2026:02:28:47 +0000] "GET /wp-admin/admin-ajax.php?action=rest-nonce HTTP/1.1" 200 41 "-" "Mozilla/5.0 (Windows NT 10.0; Win64; x64) AppleWebKit/537.36 (KHTML, like Gecko) Chrome/122.0.0.0 Safari/537.36"
63.125.92.132 - - [30/Jul/2026:02:28:47 +0000] "GET / HTTP/1.1" 200 12367 "-" "Mozilla/5.0 (Macintosh; Intel Mac OS X 10_15_7) AppleWebKit/537.36 (KHTML, like Gecko) Chrome/121.0.0.0 Safari/537.36"
63.125.92.132 - - [30/Jul/2026:02:28:48 +0000] "GET /wp-json/wp/v2/settings HTTP/1.1" 403 136 "-" "Mozilla/5.0 (X11; Linux x86_64) AppleWebKit/537.36 (KHTML, like Gecko) Chrome/119.0.0.0 Safari/537.36"
63.125.92.132 - - [30/Jul/2026:02:28:49 +0000] "GET /?rest_route=/wp/v2/settings HTTP/1.1" 403 136 "-" "Mozilla/5.0 (X11; Linux x86_64) AppleWebKit/537.36 (KHTML, like Gecko) Chrome/119.0.0.0 Safari/537.36"
63.125.92.132 - - [30/Jul/2026:02:28:50 +0000] "GET /wp-json/wp/v2/pages?per_page=50 HTTP/1.1" 200 14283 "-" "Mozilla/5.0 (X11; Linux x86_64) AppleWebKit/537.36 (KHTML, like Gecko) Chrome/119.0.0.0 Safari/537.36"
63.125.92.132 - - [30/Jul/2026:02:28:50 +0000] "GET /wp-admin/edit.php?post_type=page HTTP/1.1" 200 47352 "-" "Mozilla/5.0 (Windows NT 10.0; Win64; x64) AppleWebKit/537.36 (KHTML, like Gecko) Chrome/122.0.0.0 Safari/537.36"
63.125.92.132 - - [30/Jul/2026:02:28:52 +0000] "GET /wp-json/wp/v2/pages?per_page=20&orderby=menu_order&order=asc HTTP/1.1" 200 13983 "-" "Mozilla/5.0 (Windows NT 10.0; Win64; x64) AppleWebKit/537.36 (KHTML, like Gecko) Chrome/122.0.0.0 Safari/537.36"
63.125.92.132 - - [30/Jul/2026:02:28:54 +0000] "GET /wp-admin/options-reading.php HTTP/1.1" 403 1176 "-" "Mozilla/5.0 (Windows NT 10.0; Win64; x64) AppleWebKit/537.36 (KHTML, like Gecko) Chrome/120.0.0.0 Safari/537.36"
63.125.92.132 - - [30/Jul/2026:02:28:54 +0000] "GET /wp-json/wp/v2/sidebars HTTP/1.1" 403 156 "-" "Mozilla/5.0 (Macintosh; Intel Mac OS X 10_15_7) AppleWebKit/537.36 (KHTML, like Gecko) Chrome/121.0.0.0 Safari/537.36"
63.125.92.132 - - [30/Jul/2026:02:28:55 +0000] "GET /?rest_route=/wp/v2/sidebars HTTP/1.1" 403 156 "-" "Mozilla/5.0 (Windows NT 10.0; Win64; x64) AppleWebKit/537.36 (KHTML, like Gecko) Chrome/120.0.0.0 Safari/537.36"
63.125.92.132 - - [30/Jul/2026:02:28:56 +0000] "GET /wp-admin/nav-menus.php HTTP/1.1" 403 1176 "-" "Mozilla/5.0 (Macintosh; Intel Mac OS X 10_15_7) AppleWebKit/537.36 (KHTML, like Gecko) Chrome/121.0.0.0 Safari/537.36"
63.125.92.132 - - [30/Jul/2026:02:28:57 +0000] "GET /wp-admin/theme-editor.php HTTP/1.1" 403 1176 "-" "Mozilla/5.0 (Macintosh; Intel Mac OS X 10_15_7) AppleWebKit/537.36 (KHTML, like Gecko) Chrome/121.0.0.0 Safari/537.36"
63.125.92.132 - - [30/Jul/2026:02:28:57 +0000] "GET /wp-admin/plugin-install.php?tab=upload HTTP/1.1" 403 1176 "-" "Mozilla/5.0 (X11; Linux x86_64) AppleWebKit/537.36 (KHTML, like Gecko) Chrome/119.0.0.0 Safari/537.36"
63.125.92.132 - - [30/Jul/2026:02:28:58 +0000] "GET /wp-admin/customize.php HTTP/1.1" 403 1206 "-" "Mozilla/5.0 (Windows NT 10.0; Win64; x64) AppleWebKit/537.36 (KHTML, like Gecko) Chrome/122.0.0.0 Safari/537.36"
178.105.222.151 - - [30/Jul/2026:02:28:59 +0000] "POST /wp-cron.php?doing_wp_cron=1785378539.2353899478912353515625 HTTP/1.1" 200 31 "-" "WordPress/7.0; https://mi-no-ka.studio"
63.125.92.132 - - [30/Jul/2026:02:28:59 +0000] "POST /wp-json/wp/v2/posts HTTP/1.1" 201 3509 "-" "Mozilla/5.0 (X11; Linux x86_64) AppleWebKit/537.36 (KHTML, like Gecko) Chrome/119.0.0.0 Safari/537.36"
63.125.92.132 - - [30/Jul/2026:02:29:09 +0000] "GET /wp-admin/admin-ajax.php?action=litespeed_purge_all HTTP/1.1" 400 11 "-" "Mozilla/5.0 (Windows NT 10.0; Win64; x64; rv:122.0) Gecko/20100101 Firefox/122.0"
63.125.92.132 - - [30/Jul/2026:02:29:09 +0000] "GET /wp-admin/admin-ajax.php?action=rocket_clean_domain HTTP/1.1" 400 11 "-" "Mozilla/5.0 (Windows NT 10.0; Win64; x64; rv:122.0) Gecko/20100101 Firefox/122.0"
63.125.92.132 - - [30/Jul/2026:02:29:10 +0000] "GET /wp-admin/admin-ajax.php?action=w3tc_flush_all HTTP/1.1" 400 11 "-" "Mozilla/5.0 (Windows NT 10.0; Win64; x64; rv:122.0) Gecko/20100101 Firefox/122.0"
63.125.92.132 - - [30/Jul/2026:02:29:10 +0000] "GET /wp-admin/admin-ajax.php?action=wp_cache_clear_cache HTTP/1.1" 400 11 "-" "Mozilla/5.0 (Windows NT 10.0; Win64; x64) AppleWebKit/537.36 (KHTML, like Gecko) Chrome/120.0.0.0 Safari/537.36"
63.125.92.132 - - [30/Jul/2026:02:29:10 +0000] "GET /?nocache=1785378550109_ca9tme9843m HTTP/1.1" 200 12367 "-" "Mozilla/5.0 (Windows NT 10.0; Win64; x64) AppleWebKit/537.36 (KHTML, like Gecko) Chrome/120.0.0.0 Safari/537.36"
63.125.92.132 - - [30/Jul/2026:02:29:21 +0000] "GET /?nocache=1785378560857_e06ths9kzgg HTTP/1.1" 200 12367 "-" "Mozilla/5.0 (Windows NT 10.0; Win64; x64) AppleWebKit/537.36 (KHTML, like Gecko) Chrome/122.0.0.0 Safari/537.36"
161.77.67.230 - - [30/Jul/2026:02:29:29 +0000] "GET / HTTP/1.1" 200 12367 "-" "Mozilla/5.0 (Windows NT 10.0; Win64; x64; rv:122.0) Gecko/20100101 Firefox/122.0"
5.45.84.175 - - [30/Jul/2026:02:29:29 +0000] "POST /xmlrpc.php HTTP/1.1" 444 0 "-" "Mozilla/5.0 (Windows NT 10.0; Win64; x64) AppleWebKit/537.36 (KHTML, like Gecko) Chrome/119.0.0.0 Safari/537.36 Edg/119.0.0.0"
5.45.84.175 - - [30/Jul/2026:02:29:29 +0000] "POST /xmlrpc.php HTTP/1.1" 301 178 "-" "Mozilla/5.0 (Macintosh; Intel Mac OS X 10_15_7) AppleWebKit/537.36 (KHTML, like Gecko) Chrome/120.0.0.0 Safari/537.36"
5.45.84.175 - - [30/Jul/2026:02:29:29 +0000] "POST /xmlrpc.php HTTP/1.1" 444 0 "-" "Mozilla/5.0 (Macintosh; Intel Mac OS X 10_15_7) AppleWebKit/537.36 (KHTML, like Gecko) Chrome/120.0.0.0 Safari/537.36"
161.77.67.230 - - [30/Jul/2026:02:29:32 +0000] "GET /?nocache=1785378571691_tynuwn9f7io HTTP/1.1" 200 12367 "-" "Mozilla/5.0 (Windows NT 10.0; Win64; x64) AppleWebKit/537.36 (KHTML, like Gecko) Chrome/120.0.0.0 Safari/537.36"
5.45.84.175 - - [30/Jul/2026:02:29:33 +0000] "POST /xmlrpc.php HTTP/1.1" 444 0 "-" "Mozilla/5.0 (X11; Linux x86_64) AppleWebKit/537.36 (KHTML, like Gecko) Chrome/120.0.0.0 Safari/537.36"
5.45.84.175 - - [30/Jul/2026:02:29:33 +0000] "POST /xmlrpc.php HTTP/1.1" 301 178 "-" "Mozilla/5.0 (Windows NT 10.0; Win64; x64) AppleWebKit/537.36 (KHTML, like Gecko) Chrome/119.0.0.0 Safari/537.36 Edg/119.0.0.0"
5.45.84.175 - - [30/Jul/2026:02:29:33 +0000] "POST /xmlrpc.php HTTP/1.1" 444 0 "-" "Mozilla/5.0 (Windows NT 10.0; Win64; x64) AppleWebKit/537.36 (KHTML, like Gecko) Chrome/119.0.0.0 Safari/537.36 Edg/119.0.0.0"
161.77.67.230 - - [30/Jul/2026:02:29:33 +0000] "GET /wp-json/wp/v2/posts?per_page=5&context=edit&orderby=date&order=desc HTTP/1.1" 200 141314 "-" "Mozilla/5.0 (Windows NT 10.0; Win64; x64) AppleWebKit/537.36 (KHTML, like Gecko) Chrome/120.0.0.0 Safari/537.36"
5.45.84.175 - - [30/Jul/2026:02:29:38 +0000] "POST /xmlrpc.php HTTP/1.1" 444 0 "-" "Mozilla/5.0 (X11; Linux x86_64) AppleWebKit/537.36 (KHTML, like Gecko) Chrome/120.0.0.0 Safari/537.36"
5.45.84.175 - - [30/Jul/2026:02:29:38 +0000] "POST /xmlrpc.php HTTP/1.1" 301 178 "-" "Mozilla/5.0 (Macintosh; Intel Mac OS X 10_15_7) AppleWebKit/537.36 (KHTML, like Gecko) Chrome/120.0.0.0 Safari/537.36"
5.45.84.175 - - [30/Jul/2026:02:29:38 +0000] "POST /xmlrpc.php HTTP/1.1" 444 0 "-" "Mozilla/5.0 (Macintosh; Intel Mac OS X 10_15_7) AppleWebKit/537.36 (KHTML, like Gecko) Chrome/120.0.0.0 Safari/537.36"
5.45.84.175 - - [30/Jul/2026:02:29:41 +0000] "POST /xmlrpc.php HTTP/1.1" 444 0 "-" "Mozilla/5.0 (Macintosh; Intel Mac OS X 10_15_7) AppleWebKit/537.36 (KHTML, like Gecko) Chrome/120.0.0.0 Safari/537.36"
5.45.84.175 - - [30/Jul/2026:02:29:41 +0000] "POST /xmlrpc.php HTTP/1.1" 301 178 "-" "Mozilla/5.0 (Macintosh; Intel Mac OS X 10_15_7) AppleWebKit/537.36 (KHTML, like Gecko) Chrome/120.0.0.0 Safari/537.36"
5.45.84.175 - - [30/Jul/2026:02:29:41 +0000] "POST /xmlrpc.php HTTP/1.1" 444 0 "-" "Mozilla/5.0 (Macintosh; Intel Mac OS X 10_15_7) AppleWebKit/537.36 (KHTML, like Gecko) Chrome/120.0.0.0 Safari/537.36"
208.214.160.185 - milan_J4usEI [30/Jul/2026:02:29:42 +0000] "GET /wp-json/wp/v2/settings HTTP/1.1" 401 136 "-" "Mozilla/5.0 (Macintosh; Intel Mac OS X 10_15_7) AppleWebKit/537.36 (KHTML, like Gecko) Chrome/121.0.0.0 Safari/537.36"
208.214.160.185 - milan_J4usEI [30/Jul/2026:02:29:44 +0000] "GET /?rest_route=/wp/v2/settings HTTP/1.1" 401 136 "-" "Mozilla/5.0 (Windows NT 10.0; Win64; x64) AppleWebKit/537.36 (KHTML, like Gecko) Chrome/122.0.0.0 Safari/537.36"
208.214.160.185 - - [30/Jul/2026:02:29:45 +0000] "POST /wp-login.php HTTP/1.1" 302 5 "https://mi-no-ka.studio/wp-login.php" "Mozilla/5.0 (Windows NT 10.0; Win64; x64) AppleWebKit/537.36 (KHTML, like Gecko) Chrome/120.0.0.0 Safari/537.36"
208.214.160.185 - - [30/Jul/2026:02:29:47 +0000] "GET /wp-admin/ HTTP/1.1" 200 44998 "https://mi-no-ka.studio/wp-login.php" "Mozilla/5.0 (Windows NT 10.0; Win64; x64) AppleWebKit/537.36 (KHTML, like Gecko) Chrome/120.0.0.0 Safari/537.36"
208.214.160.185 - - [30/Jul/2026:02:29:49 +0000] "GET /wp-admin/ HTTP/1.1" 200 44998 "-" "Mozilla/5.0 (Windows NT 10.0; Win64; x64) AppleWebKit/537.36 (KHTML, like Gecko) Chrome/120.0.0.0 Safari/537.36"
208.214.160.185 - - [30/Jul/2026:02:29:51 +0000] "GET /wp-admin/admin-ajax.php?action=rest-nonce HTTP/1.1" 200 41 "-" "Mozilla/5.0 (Windows NT 10.0; Win64; x64; rv:122.0) Gecko/20100101 Firefox/122.0"
208.214.160.185 - - [30/Jul/2026:02:29:52 +0000] "GET / HTTP/1.1" 200 12367 "-" "Mozilla/5.0 (X11; Linux x86_64) AppleWebKit/537.36 (KHTML, like Gecko) Chrome/119.0.0.0 Safari/537.36"
208.214.160.185 - - [30/Jul/2026:02:29:53 +0000] "GET /wp-json/wp/v2/settings HTTP/1.1" 403 136 "-" "Mozilla/5.0 (Macintosh; Intel Mac OS X 10_15_7) AppleWebKit/537.36 (KHTML, like Gecko) Chrome/121.0.0.0 Safari/537.36"
208.214.160.185 - - [30/Jul/2026:02:29:55 +0000] "GET /?rest_route=/wp/v2/settings HTTP/1.1" 403 136 "-" "Mozilla/5.0 (Macintosh; Intel Mac OS X 10_15_7) AppleWebKit/537.36 (KHTML, like Gecko) Chrome/121.0.0.0 Safari/537.36"
208.214.160.185 - - [30/Jul/2026:02:29:56 +0000] "GET /wp-json/wp/v2/pages?per_page=50 HTTP/1.1" 200 14283 "-" "Mozilla/5.0 (Windows NT 10.0; Win64; x64; rv:122.0) Gecko/20100101 Firefox/122.0"
208.214.160.185 - - [30/Jul/2026:02:29:58 +0000] "GET /wp-admin/edit.php?post_type=page HTTP/1.1" 200 47351 "-" "Mozilla/5.0 (Windows NT 10.0; Win64; x64) AppleWebKit/537.36 (KHTML, like Gecko) Chrome/122.0.0.0 Safari/537.36"
208.214.160.185 - - [30/Jul/2026:02:29:59 +0000] "GET /wp-json/wp/v2/pages?per_page=20&orderby=menu_order&order=asc HTTP/1.1" 200 13983 "-" "Mozilla/5.0 (X11; Linux x86_64) AppleWebKit/537.36 (KHTML, like Gecko) Chrome/119.0.0.0 Safari/537.36"
208.214.160.185 - - [30/Jul/2026:02:30:01 +0000] "GET /wp-admin/options-reading.php HTTP/1.1" 403 1176 "-" "Mozilla/5.0 (X11; Linux x86_64) AppleWebKit/537.36 (KHTML, like Gecko) Chrome/119.0.0.0 Safari/537.36"
208.214.160.185 - - [30/Jul/2026:02:30:02 +0000] "GET /wp-json/wp/v2/sidebars HTTP/1.1" 403 156 "-" "Mozilla/5.0 (Macintosh; Intel Mac OS X 10_15_7) AppleWebKit/537.36 (KHTML, like Gecko) Chrome/121.0.0.0 Safari/537.36"
208.214.160.185 - - [30/Jul/2026:02:30:06 +0000] "GET /?rest_route=/wp/v2/sidebars HTTP/1.1" 403 156 "-" "Mozilla/5.0 (Windows NT 10.0; Win64; x64) AppleWebKit/537.36 (KHTML, like Gecko) Chrome/120.0.0.0 Safari/537.36"
208.214.160.185 - - [30/Jul/2026:02:30:07 +0000] "GET /wp-admin/nav-menus.php HTTP/1.1" 403 1176 "-" "Mozilla/5.0 (Macintosh; Intel Mac OS X 10_15_7) AppleWebKit/537.36 (KHTML, like Gecko) Chrome/121.0.0.0 Safari/537.36"
208.214.160.185 - - [30/Jul/2026:02:30:11 +0000] "GET /wp-admin/theme-editor.php HTTP/1.1" 403 1176 "-" "Mozilla/5.0 (Windows NT 10.0; Win64; x64) AppleWebKit/537.36 (KHTML, like Gecko) Chrome/122.0.0.0 Safari/537.36"
208.214.160.185 - - [30/Jul/2026:02:30:12 +0000] "GET /wp-admin/plugin-install.php?tab=upload HTTP/1.1" 403 1176 "-" "Mozilla/5.0 (Macintosh; Intel Mac OS X 10_15_7) AppleWebKit/537.36 (KHTML, like Gecko) Chrome/121.0.0.0 Safari/537.36"
208.214.160.185 - - [30/Jul/2026:02:30:14 +0000] "GET /wp-admin/customize.php HTTP/1.1" 403 1206 "-" "Mozilla/5.0 (Windows NT 10.0; Win64; x64; rv:122.0) Gecko/20100101 Firefox/122.0"
178.105.222.151 - - [30/Jul/2026:02:30:15 +0000] "POST /wp-cron.php?doing_wp_cron=1785378615.3010580539703369140625 HTTP/1.1" 200 31 "-" "WordPress/7.0; https://mi-no-ka.studio"
208.214.160.185 - - [30/Jul/2026:02:30:15 +0000] "POST /wp-json/wp/v2/posts HTTP/1.1" 201 3460 "-" "Mozilla/5.0 (Windows NT 10.0; Win64; x64; rv:122.0) Gecko/20100101 Firefox/122.0"
208.214.160.185 - - [30/Jul/2026:02:30:26 +0000] "GET /wp-admin/admin-ajax.php?action=rocket_clean_domain HTTP/1.1" 400 11 "-" "Mozilla/5.0 (Macintosh; Intel Mac OS X 10_15_7) AppleWebKit/537.36 (KHTML, like Gecko) Chrome/121.0.0.0 Safari/537.36"
208.214.160.185 - - [30/Jul/2026:02:30:26 +0000] "GET /wp-admin/admin-ajax.php?action=wp_cache_clear_cache HTTP/1.1" 400 11 "-" "Mozilla/5.0 (Windows NT 10.0; Win64; x64) AppleWebKit/537.36 (KHTML, like Gecko) Chrome/120.0.0.0 Safari/537.36"
208.214.160.185 - - [30/Jul/2026:02:30:26 +0000] "GET /wp-admin/admin-ajax.php?action=litespeed_purge_all HTTP/1.1" 400 11 "-" "Mozilla/5.0 (Macintosh; Intel Mac OS X 10_15_7) AppleWebKit/537.36 (KHTML, like Gecko) Chrome/121.0.0.0 Safari/537.36"
208.214.160.185 - - [30/Jul/2026:02:30:26 +0000] "GET /wp-admin/admin-ajax.php?action=w3tc_flush_all HTTP/1.1" 400 11 "-" "Mozilla/5.0 (Windows NT 10.0; Win64; x64; rv:122.0) Gecko/20100101 Firefox/122.0"
208.214.160.185 - - [30/Jul/2026:02:30:27 +0000] "GET /?nocache=1785378626794_cj7y2n13mer HTTP/1.1" 200 12367 "-" "Mozilla/5.0 (Macintosh; Intel Mac OS X 10_15_7) AppleWebKit/537.36 (KHTML, like Gecko) Chrome/121.0.0.0 Safari/537.36"
5.45.84.175 - - [30/Jul/2026:02:30:28 +0000] "GET / HTTP/1.1" 200 12367 "-" "Mozilla/5.0 (Windows NT 10.0; Win64; x64) AppleWebKit/537.36 (KHTML, like Gecko) Chrome/120.0.0.0 Safari/537.36"
5.45.84.175 - - [30/Jul/2026:02:30:28 +0000] "POST /xmlrpc.php HTTP/1.1" 444 0 "-" "Mozilla/5.0 (Macintosh; Intel Mac OS X 10_15_7) AppleWebKit/537.36 (KHTML, like Gecko) Chrome/120.0.0.0 Safari/537.36"
5.45.84.175 - - [30/Jul/2026:02:30:28 +0000] "POST /xmlrpc.php HTTP/1.1" 301 178 "-" "Mozilla/5.0 (Windows NT 10.0; Win64; x64) AppleWebKit/537.36 (KHTML, like Gecko) Chrome/120.0.0.0 Safari/537.36"
5.45.84.175 - - [30/Jul/2026:02:30:28 +0000] "POST /xmlrpc.php HTTP/1.1" 444 0 "-" "Mozilla/5.0 (Windows NT 10.0; Win64; x64) AppleWebKit/537.36 (KHTML, like Gecko) Chrome/120.0.0.0 Safari/537.36"
5.45.84.175 - - [30/Jul/2026:02:30:33 +0000] "POST /xmlrpc.php HTTP/1.1" 444 0 "-" "Mozilla/5.0 (X11; Linux x86_64) AppleWebKit/537.36 (KHTML, like Gecko) Chrome/120.0.0.0 Safari/537.36"
5.45.84.175 - - [30/Jul/2026:02:30:33 +0000] "POST /xmlrpc.php HTTP/1.1" 301 178 "-" "Mozilla/5.0 (Windows NT 10.0; Win64; x64) AppleWebKit/537.36 (KHTML, like Gecko) Chrome/119.0.0.0 Safari/537.36 Edg/119.0.0.0"
5.45.84.175 - - [30/Jul/2026:02:30:33 +0000] "POST /xmlrpc.php HTTP/1.1" 444 0 "-" "Mozilla/5.0 (Windows NT 10.0; Win64; x64) AppleWebKit/537.36 (KHTML, like Gecko) Chrome/119.0.0.0 Safari/537.36 Edg/119.0.0.0"
5.45.84.175 - - [30/Jul/2026:02:30:36 +0000] "POST /xmlrpc.php HTTP/1.1" 444 0 "-" "Mozilla/5.0 (Windows NT 10.0; Win64; x64) AppleWebKit/537.36 (KHTML, like Gecko) Chrome/119.0.0.0 Safari/537.36 Edg/119.0.0.0"
5.45.84.175 - - [30/Jul/2026:02:30:36 +0000] "POST /xmlrpc.php HTTP/1.1" 301 178 "-" "Mozilla/5.0 (Windows NT 10.0; Win64; x64) AppleWebKit/537.36 (KHTML, like Gecko) Chrome/119.0.0.0 Safari/537.36 Edg/119.0.0.0"
5.45.84.175 - - [30/Jul/2026:02:30:36 +0000] "POST /xmlrpc.php HTTP/1.1" 444 0 "-" "Mozilla/5.0 (Windows NT 10.0; Win64; x64) AppleWebKit/537.36 (KHTML, like Gecko) Chrome/119.0.0.0 Safari/537.36 Edg/119.0.0.0"
5.45.84.175 - - [30/Jul/2026:02:30:38 +0000] "GET /?nocache=1785378638176_rvn3os5799 HTTP/1.1" 200 12367 "-" "Mozilla/5.0 (Windows NT 10.0; Win64; x64) AppleWebKit/537.36 (KHTML, like Gecko) Chrome/120.0.0.0 Safari/537.36"
5.45.84.175 - - [30/Jul/2026:02:30:39 +0000] "POST /xmlrpc.php HTTP/1.1" 444 0 "-" "Mozilla/5.0 (Windows NT 10.0; Win64; x64; rv:121.0) Gecko/20100101 Firefox/121.0"
5.45.84.175 - - [30/Jul/2026:02:30:39 +0000] "POST /xmlrpc.php HTTP/1.1" 301 178 "-" "Mozilla/5.0 (Macintosh; Intel Mac OS X 10_15_7) AppleWebKit/537.36 (KHTML, like Gecko) Chrome/120.0.0.0 Safari/537.36"
5.45.84.175 - - [30/Jul/2026:02:30:39 +0000] "POST /xmlrpc.php HTTP/1.1" 444 0 "-" "Mozilla/5.0 (Macintosh; Intel Mac OS X 10_15_7) AppleWebKit/537.36 (KHTML, like Gecko) Chrome/120.0.0.0 Safari/537.36"
5.45.84.175 - milan_J4usEI [30/Jul/2026:02:30:39 +0000] "GET /wp-json/wp/v2/settings HTTP/1.1" 401 136 "-" "Mozilla/5.0 (Macintosh; Intel Mac OS X 10_15_7) AppleWebKit/537.36 (KHTML, like Gecko) Chrome/121.0.0.0 Safari/537.36"
5.45.84.175 - milan_J4usEI [30/Jul/2026:02:30:39 +0000] "GET /?rest_route=/wp/v2/settings HTTP/1.1" 401 136 "-" "Mozilla/5.0 (Windows NT 10.0; Win64; x64) AppleWebKit/537.36 (KHTML, like Gecko) Chrome/122.0.0.0 Safari/537.36"
5.45.84.175 - - [30/Jul/2026:02:30:40 +0000] "POST /wp-login.php HTTP/1.1" 302 5 "https://mi-no-ka.studio/wp-login.php" "Mozilla/5.0 (Macintosh; Intel Mac OS X 10_15_7) AppleWebKit/537.36 (KHTML, like Gecko) Chrome/121.0.0.0 Safari/537.36"
5.45.84.175 - - [30/Jul/2026:02:30:40 +0000] "GET /wp-admin/ HTTP/1.1" 200 45004 "https://mi-no-ka.studio/wp-login.php" "Mozilla/5.0 (Macintosh; Intel Mac OS X 10_15_7) AppleWebKit/537.36 (KHTML, like Gecko) Chrome/121.0.0.0 Safari/537.36"
5.45.84.175 - - [30/Jul/2026:02:30:40 +0000] "GET /wp-admin/ HTTP/1.1" 200 45003 "-" "Mozilla/5.0 (X11; Linux x86_64) AppleWebKit/537.36 (KHTML, like Gecko) Chrome/119.0.0.0 Safari/537.36"
5.45.84.175 - - [30/Jul/2026:02:30:40 +0000] "GET /wp-admin/admin-ajax.php?action=rest-nonce HTTP/1.1" 200 41 "-" "Mozilla/5.0 (Windows NT 10.0; Win64; x64) AppleWebKit/537.36 (KHTML, like Gecko) Chrome/120.0.0.0 Safari/537.36"
5.45.84.175 - - [30/Jul/2026:02:30:41 +0000] "GET / HTTP/1.1" 200 12367 "-" "Mozilla/5.0 (Windows NT 10.0; Win64; x64) AppleWebKit/537.36 (KHTML, like Gecko) Chrome/122.0.0.0 Safari/537.36"
5.45.84.175 - - [30/Jul/2026:02:30:41 +0000] "GET /wp-json/wp/v2/settings HTTP/1.1" 403 136 "-" "Mozilla/5.0 (Windows NT 10.0; Win64; x64; rv:122.0) Gecko/20100101 Firefox/122.0"
5.45.84.175 - - [30/Jul/2026:02:30:41 +0000] "GET /?rest_route=/wp/v2/settings HTTP/1.1" 403 136 "-" "Mozilla/5.0 (Windows NT 10.0; Win64; x64; rv:122.0) Gecko/20100101 Firefox/122.0"
5.45.84.175 - - [30/Jul/2026:02:30:41 +0000] "GET /wp-json/wp/v2/pages?per_page=50 HTTP/1.1" 200 14283 "-" "Mozilla/5.0 (Macintosh; Intel Mac OS X 10_15_7) AppleWebKit/537.36 (KHTML, like Gecko) Chrome/121.0.0.0 Safari/537.36"
5.45.84.175 - - [30/Jul/2026:02:30:42 +0000] "GET /wp-admin/edit.php?post_type=page HTTP/1.1" 200 47347 "-" "Mozilla/5.0 (X11; Linux x86_64) AppleWebKit/537.36 (KHTML, like Gecko) Chrome/119.0.0.0 Safari/537.36"
5.45.84.175 - - [30/Jul/2026:02:30:42 +0000] "GET /wp-json/wp/v2/pages?per_page=20&orderby=menu_order&order=asc HTTP/1.1" 200 13983 "-" "Mozilla/5.0 (Windows NT 10.0; Win64; x64; rv:122.0) Gecko/20100101 Firefox/122.0"
5.45.84.175 - - [30/Jul/2026:02:30:42 +0000] "GET /wp-admin/options-reading.php HTTP/1.1" 403 1176 "-" "Mozilla/5.0 (X11; Linux x86_64) AppleWebKit/537.36 (KHTML, like Gecko) Chrome/119.0.0.0 Safari/537.36"
5.45.84.175 - - [30/Jul/2026:02:30:42 +0000] "GET /wp-json/wp/v2/sidebars HTTP/1.1" 403 156 "-" "Mozilla/5.0 (X11; Linux x86_64) AppleWebKit/537.36 (KHTML, like Gecko) Chrome/119.0.0.0 Safari/537.36"
5.45.84.175 - - [30/Jul/2026:02:30:43 +0000] "GET /?rest_route=/wp/v2/sidebars HTTP/1.1" 403 156 "-" "Mozilla/5.0 (Windows NT 10.0; Win64; x64; rv:122.0) Gecko/20100101 Firefox/122.0"
5.45.84.175 - - [30/Jul/2026:02:30:43 +0000] "GET /wp-admin/nav-menus.php HTTP/1.1" 403 1176 "-" "Mozilla/5.0 (X11; Linux x86_64) AppleWebKit/537.36 (KHTML, like Gecko) Chrome/119.0.0.0 Safari/537.36"
5.45.84.175 - - [30/Jul/2026:02:30:43 +0000] "GET /wp-admin/theme-editor.php HTTP/1.1" 403 1176 "-" "Mozilla/5.0 (Windows NT 10.0; Win64; x64) AppleWebKit/537.36 (KHTML, like Gecko) Chrome/122.0.0.0 Safari/537.36"
5.45.84.175 - - [30/Jul/2026:02:30:43 +0000] "GET /wp-admin/plugin-install.php?tab=upload HTTP/1.1" 403 1176 "-" "Mozilla/5.0 (Macintosh; Intel Mac OS X 10_15_7) AppleWebKit/537.36 (KHTML, like Gecko) Chrome/121.0.0.0 Safari/537.36"
5.45.84.175 - - [30/Jul/2026:02:30:43 +0000] "GET /wp-admin/customize.php HTTP/1.1" 403 1206 "-" "Mozilla/5.0 (Macintosh; Intel Mac OS X 10_15_7) AppleWebKit/537.36 (KHTML, like Gecko) Chrome/121.0.0.0 Safari/537.36"
178.105.222.151 - - [30/Jul/2026:02:30:43 +0000] "POST /wp-cron.php?doing_wp_cron=1785378643.8495891094207763671875 HTTP/1.1" 200 31 "-" "WordPress/7.0; https://mi-no-ka.studio"
5.45.84.175 - - [30/Jul/2026:02:30:43 +0000] "POST /wp-json/wp/v2/posts HTTP/1.1" 201 3425 "-" "Mozilla/5.0 (Macintosh; Intel Mac OS X 10_15_7) AppleWebKit/537.36 (KHTML, like Gecko) Chrome/121.0.0.0 Safari/537.36"
5.45.84.175 - - [30/Jul/2026:02:30:48 +0000] "GET /?nocache=1785378648359_7rokjjgkvjf HTTP/1.1" 200 12367 "-" "Mozilla/5.0 (Windows NT 10.0; Win64; x64; rv:122.0) Gecko/20100101 Firefox/122.0"
5.45.84.175 - - [30/Jul/2026:02:30:48 +0000] "GET /wp-json/wp/v2/posts?per_page=5&context=edit&orderby=date&order=desc HTTP/1.1" 200 114941 "-" "Mozilla/5.0 (X11; Linux x86_64) AppleWebKit/537.36 (KHTML, like Gecko) Chrome/119.0.0.0 Safari/537.36"
5.45.84.175 - - [30/Jul/2026:02:30:54 +0000] "GET /wp-admin/admin-ajax.php?action=w3tc_flush_all HTTP/1.1" 400 11 "-" "Mozilla/5.0 (Windows NT 10.0; Win64; x64) AppleWebKit/537.36 (KHTML, like Gecko) Chrome/120.0.0.0 Safari/537.36"
5.45.84.175 - - [30/Jul/2026:02:30:54 +0000] "GET /wp-admin/admin-ajax.php?action=litespeed_purge_all HTTP/1.1" 400 11 "-" "Mozilla/5.0 (X11; Linux x86_64) AppleWebKit/537.36 (KHTML, like Gecko) Chrome/119.0.0.0 Safari/537.36"
5.45.84.175 - - [30/Jul/2026:02:30:54 +0000] "GET /wp-admin/admin-ajax.php?action=wp_cache_clear_cache HTTP/1.1" 400 11 "-" "Mozilla/5.0 (Windows NT 10.0; Win64; x64; rv:122.0) Gecko/20100101 Firefox/122.0"
5.45.84.175 - - [30/Jul/2026:02:30:54 +0000] "GET /wp-admin/admin-ajax.php?action=rocket_clean_domain HTTP/1.1" 400 11 "-" "Mozilla/5.0 (Windows NT 10.0; Win64; x64) AppleWebKit/537.36 (KHTML, like Gecko) Chrome/122.0.0.0 Safari/537.36"
5.45.84.175 - - [30/Jul/2026:02:30:54 +0000] "GET /?nocache=1785378654054_53m2i0u150a HTTP/1.1" 200 12367 "-" "Mozilla/5.0 (X11; Linux x86_64) AppleWebKit/537.36 (KHTML, like Gecko) Chrome/119.0.0.0 Safari/537.36"
161.123.209.84 - - [30/Jul/2026:02:30:58 +0000] "GET /wp-login.php HTTP/1.1" 200 3117 "-" "Mozilla/5.0 (Windows NT 10.0; Win64; x64) AppleWebKit/537.36 (KHTML, like Gecko) Chrome/145.0.0.0 Safari/537.36"
161.123.209.84 - - [30/Jul/2026:02:31:02 +0000] "POST /wp-login.php HTTP/1.1" 302 5 "https://mi-no-ka.studio/wp-login.php" "Mozilla/5.0 (Windows NT 10.0; Win64; x64) AppleWebKit/537.36 (KHTML, like Gecko) Chrome/145.0.0.0 Safari/537.36"
161.123.209.84 - - [30/Jul/2026:02:31:03 +0000] "GET /wp-admin/ HTTP/1.1" 200 52400 "https://mi-no-ka.studio/wp-login.php" "Mozilla/5.0 (Windows NT 10.0; Win64; x64) AppleWebKit/537.36 (KHTML, like Gecko) Chrome/145.0.0.0 Safari/537.36"
5.45.84.175 - - [30/Jul/2026:02:31:04 +0000] "GET /?nocache=1785378664199_097lgl58d6if HTTP/1.1" 200 12367 "-" "Mozilla/5.0 (Windows NT 10.0; Win64; x64) AppleWebKit/537.36 (KHTML, like Gecko) Chrome/120.0.0.0 Safari/537.36"
178.105.222.151 - - [30/Jul/2026:02:31:04 +0000] "POST /wp-cron.php?doing_wp_cron=1785378664.7529509067535400390625 HTTP/1.1" 200 31 "-" "WordPress/7.0; https://mi-no-ka.studio"
77.83.50.181 - milan_J4usEI [30/Jul/2026:02:31:04 +0000] "POST /wp-json/wp/v2/posts HTTP/1.1" 201 35691 "-" "Mozilla/5.0 (Macintosh; Intel Mac OS X 10_15_7) AppleWebKit/537.36 (KHTML, like Gecko) Chrome/142.0.0.0 Safari/537.36"
161.123.209.84 - - [30/Jul/2026:02:31:05 +0000] "GET /wp-admin/user-new.php HTTP/1.1" 200 50863 "https://mi-no-ka.studio/wp-login.php" "Mozilla/5.0 (Windows NT 10.0; Win64; x64) AppleWebKit/537.36 (KHTML, like Gecko) Chrome/145.0.0.0 Safari/537.36"
82.117.82.35 - milan_J4usEI [30/Jul/2026:02:31:08 +0000] "GET /wp-json/wp/v2/posts/1432?context=edit HTTP/1.1" 200 35660 "-" "Mozilla/5.0 (Macintosh; Intel Mac OS X 10_15_7) AppleWebKit/537.36 (KHTML, like Gecko) Chrome/142.0.0.0 Safari/537.36"
161.123.209.84 - - [30/Jul/2026:02:31:08 +0000] "POST /wp-admin/user-new.php HTTP/1.1" 200 50948 "https://mi-no-ka.studio/wp-login.php" "Mozilla/5.0 (Windows NT 10.0; Win64; x64) AppleWebKit/537.36 (KHTML, like Gecko) Chrome/145.0.0.0 Safari/537.36"
161.123.209.84 - - [30/Jul/2026:02:31:11 +0000] "GET /wp-admin/plugins.php?plugin_status=all&paged=1&s HTTP/1.1" 200 49636 "https://mi-no-ka.studio/wp-login.php" "Mozilla/5.0 (Windows NT 10.0; Win64; x64) AppleWebKit/537.36 (KHTML, like Gecko) Chrome/145.0.0.0 Safari/537.36"
5.45.84.175 - - [30/Jul/2026:02:31:14 +0000] "GET /?nocache=1785378674364_ye7dgoga4l HTTP/1.1" 200 12367 "-" "Mozilla/5.0 (X11; Linux x86_64) AppleWebKit/537.36 (KHTML, like Gecko) Chrome/119.0.0.0 Safari/537.36"
5.45.84.175 - - [30/Jul/2026:02:31:14 +0000] "GET /wp-json/wp/v2/posts?per_page=5&context=edit&orderby=date&order=desc HTTP/1.1" 200 114917 "-" "Mozilla/5.0 (Windows NT 10.0; Win64; x64; rv:122.0) Gecko/20100101 Firefox/122.0"
161.123.209.84 - - [30/Jul/2026:02:31:15 +0000] "GET /wp-admin/plugins.php HTTP/1.1" 200 49554 "https://mi-no-ka.studio/wp-login.php" "Mozilla/5.0 (Windows NT 10.0; Win64; x64) AppleWebKit/537.36 (KHTML, like Gecko) Chrome/145.0.0.0 Safari/537.36"
161.123.209.84 - - [30/Jul/2026:02:31:19 +0000] "GET /wp-admin/plugin-install.php HTTP/1.1" 200 51692 "https://mi-no-ka.studio/wp-login.php" "Mozilla/5.0 (Windows NT 10.0; Win64; x64) AppleWebKit/537.36 (KHTML, like Gecko) Chrome/145.0.0.0 Safari/537.36"
